128.199.81.70 - - [23/Nov/2023:11:21:59 +0000] (0 s) "POST /xmlrpc.php HTTP/1.1" 200 410 "-" "Mozilla/5.0 (Windows NT 10.0; Win64; x64) AppleWebKit/537.36 (KHTML, like Gecko) Chrome/78.0.3904.108 Safari/537.36" lestoilesdesabine.fr
128.199.81.70 - - [23/Nov/2023:11:21:59 +0000] (0 s) "POST /xmlrpc.php HTTP/1.1" 200 410 "-" "Mozilla/5.0 (Windows NT 10.0; Win64; x64) AppleWebKit/537.36 (KHTML, like Gecko) Chrome/78.0.3904.108 Safari/537.36" lestoilesdesabine.fr
128.199.81.70 - - [23/Nov/2023:11:21:59 +0000] (0 s) "POST /xmlrpc.php HTTP/1.1" 200 410 "-" "Mozilla/5.0 (Windows NT 10.0; Win64; x64) AppleWebKit/537.36 (KHTML, like Gecko) Chrome/78.0.3904.108 Safari/537.36" lestoilesdesabine.fr
128.199.81.70 - - [23/Nov/2023:11:22:00 +0000] (0 s) "POST /xmlrpc.php HTTP/1.1" 200 410 "-" "Mozilla/5.0 (Windows NT 10.0; Win64; x64) AppleWebKit/537.36 (KHTML, like Gecko) Chrome/78.0.3904.108 Safari/537.36" lestoilesdesabine.fr
128.199.81.70 - - [23/Nov/2023:11:22:00 +0000] (0 s) "POST /xmlrpc.php HTTP/1.1" 200 410 "-" "Mozilla/5.0 (Windows NT 10.0; Win64; x64) AppleWebKit/537.36 (KHTML, like Gecko) Chrome/78.0.3904.108 Safari/537.36" lestoilesdesabine.fr
128.199.81.70 - - [23/Nov/2023:11:22:00 +0000] (0 s) "POST /xmlrpc.php HTTP/1.1" 200 410 "-" "Mozilla/5.0 (Windows NT 10.0; Win64; x64) AppleWebKit/537.36 (KHTML, like Gecko) Chrome/78.0.3904.108 Safari/537.36" lestoilesdesabine.fr
128.199.81.70 - - [23/Nov/2023:11:22:01 +0000] (0 s) "POST /xmlrpc.php HTTP/1.1" 200 410 "-" "Mozilla/5.0 (Windows NT 10.0; Win64; x64) AppleWebKit/537.36 (KHTML, like Gecko) Chrome/78.0.3904.108 Safari/537.36" lestoilesdesabine.fr
128.199.81.70 - - [23/Nov/2023:11:22:02 +0000] (0 s) "POST /xmlrpc.php HTTP/1.1" 200 410 "-" "Mozilla/5.0 (Windows NT 10.0; Win64; x64) AppleWebKit/537.36 (KHTML, like Gecko) Chrome/78.0.3904.108 Safari/537.36" lestoilesdesabine.fr
128.199.81.70 - - [23/Nov/2023:11:22:02 +0000] (0 s) "POST /xmlrpc.php HTTP/1.1" 200 410 "-" "Mozilla/5.0 (Windows NT 10.0; Win64; x64) AppleWebKit/537.36 (KHTML, like Gecko) Chrome/78.0.3904.108 Safari/537.36" lestoilesdesabine.fr
128.199.81.70 - - [23/Nov/2023:11:22:02 +0000] (0 s) "POST /xmlrpc.php HTTP/1.1" 200 410 "-" "Mozilla/5.0 (Windows NT 10.0; Win64; x64) AppleWebKit/537.36 (KHTML, like Gecko) Chrome/78.0.3904.108 Safari/537.36" lestoilesdesabine.fr
128.199.81.70 - - [23/Nov/2023:11:22:03 +0000] (0 s) "POST /xmlrpc.php HTTP/1.1" 200 410 "-" "Mozilla/5.0 (Windows NT 10.0; Win64; x64) AppleWebKit/537.36 (KHTML, like Gecko) Chrome/78.0.3904.108 Safari/537.36" lestoilesdesabine.fr
128.199.81.70 - - [23/Nov/2023:11:22:03 +0000] (0 s) "POST /xmlrpc.php HTTP/1.1" 200 410 "-" "Mozilla/5.0 (Windows NT 10.0; Win64; x64) AppleWebKit/537.36 (KHTML, like Gecko) Chrome/78.0.3904.108 Safari/537.36" lestoilesdesabine.fr
128.199.81.70 - - [23/Nov/2023:11:22:03 +0000] (0 s) "POST /xmlrpc.php HTTP/1.1" 200 410 "-" "Mozilla/5.0 (Windows NT 10.0; Win64; x64) AppleWebKit/537.36 (KHTML, like Gecko) Chrome/78.0.3904.108 Safari/537.36" lestoilesdesabine.fr
128.199.81.70 - - [23/Nov/2023:11:22:04 +0000] (0 s) "POST /xmlrpc.php HTTP/1.1" 200 410 "-" "Mozilla/5.0 (Windows NT 10.0; Win64; x64) AppleWebKit/537.36 (KHTML, like Gecko) Chrome/78.0.3904.108 Safari/537.36" lestoilesdesabine.fr
128.199.81.70 - - [23/Nov/2023:11:22:04 +0000] (0 s) "POST /xmlrpc.php HTTP/1.1" 200 410 "-" "Mozilla/5.0 (Windows NT 10.0; Win64; x64) AppleWebKit/537.36 (KHTML, like Gecko) Chrome/78.0.3904.108 Safari/537.36" lestoilesdesabine.fr
128.199.81.70 - - [23/Nov/2023:11:22:05 +0000] (0 s) "POST /xmlrpc.php HTTP/1.1" 200 410 "-" "Mozilla/5.0 (Windows NT 10.0; Win64; x64) AppleWebKit/537.36 (KHTML, like Gecko) Chrome/78.0.3904.108 Safari/537.36" lestoilesdesabine.fr
128.199.81.70 - - [23/Nov/2023:11:22:06 +0000] (0 s) "POST /xmlrpc.php HTTP/1.1" 200 410 "-" "Mozilla/5.0 (Windows NT 10.0; Win64; x64) AppleWebKit/537.36 (KHTML, like Gecko) Chrome/78.0.3904.108 Safari/537.36" lestoilesdesabine.fr
128.199.81.70 - - [23/Nov/2023:11:22:06 +0000] (0 s) "POST /xmlrpc.php HTTP/1.1" 200 410 "-" "Mozilla/5.0 (Windows NT 10.0; Win64; x64) AppleWebKit/537.36 (KHTML, like Gecko) Chrome/78.0.3904.108 Safari/537.36" lestoilesdesabine.fr
128.199.81.70 - - [23/Nov/2023:11:22:07 +0000] (0 s) "POST /xmlrpc.php HTTP/1.1" 200 410 "-" "Mozilla/5.0 (Windows NT 10.0; Win64; x64) AppleWebKit/537.36 (KHTML, like Gecko) Chrome/78.0.3904.108 Safari/537.36" lestoilesdesabine.fr
128.199.81.70 - - [23/Nov/2023:11:22:07 +0000] (0 s) "POST /xmlrpc.php HTTP/1.1" 200 410 "-" "Mozilla/5.0 (Windows NT 10.0; Win64; x64) AppleWebKit/537.36 (KHTML, like Gecko) Chrome/78.0.3904.108 Safari/537.36" lestoilesdesabine.fr
128.199.81.70 - - [23/Nov/2023:11:22:08 +0000] (0 s) "POST /xmlrpc.php HTTP/1.1" 200 410 "-" "Mozilla/5.0 (Windows NT 10.0; Win64; x64) AppleWebKit/537.36 (KHTML, like Gecko) Chrome/78.0.3904.108 Safari/537.36" lestoilesdesabine.fr
128.199.81.70 - - [23/Nov/2023:11:22:08 +0000] (0 s) "POST /xmlrpc.php HTTP/1.1" 200 410 "-" "Mozilla/5.0 (Windows NT 10.0; Win64; x64) AppleWebKit/537.36 (KHTML, like Gecko) Chrome/78.0.3904.108 Safari/537.36" lestoilesdesabine.fr
128.199.81.70 - - [23/Nov/2023:11:22:09 +0000] (0 s) "POST /xmlrpc.php HTTP/1.1" 200 410 "-" "Mozilla/5.0 (Windows NT 10.0; Win64; x64) AppleWebKit/537.36 (KHTML, like Gecko) Chrome/78.0.3904.108 Safari/537.36" lestoilesdesabine.fr
128.199.81.70 - - [23/Nov/2023:11:22:09 +0000] (0 s) "POST /xmlrpc.php HTTP/1.1" 200 410 "-" "Mozilla/5.0 (Windows NT 10.0; Win64; x64) AppleWebKit/537.36 (KHTML, like Gecko) Chrome/78.0.3904.108 Safari/537.36" lestoilesdesabine.fr
128.199.81.70 - - [23/Nov/2023:11:22:10 +0000] (0 s) "POST /xmlrpc.php HTTP/1.1" 200 410 "-" "Mozilla/5.0 (Windows NT 10.0; Win64; x64) AppleWebKit/537.36 (KHTML, like Gecko) Chrome/78.0.3904.108 Safari/537.36" lestoilesdesabine.fr
128.199.81.70 - - [23/Nov/2023:11:22:10 +0000] (0 s) "POST /xmlrpc.php HTTP/1.1" 200 410 "-" "Mozilla/5.0 (Windows NT 10.0; Win64; x64) AppleWebKit/537.36 (KHTML, like Gecko) Chrome/78.0.3904.108 Safari/537.36" lestoilesdesabine.fr
128.199.81.70 - - [23/Nov/2023:11:22:11 +0000] (0 s) "POST /xmlrpc.php HTTP/1.1" 200 410 "-" "Mozilla/5.0 (Windows NT 10.0; Win64; x64) AppleWebKit/537.36 (KHTML, like Gecko) Chrome/78.0.3904.108 Safari/537.36" lestoilesdesabine.fr
128.199.81.70 - - [23/Nov/2023:11:22:11 +0000] (0 s) "POST /xmlrpc.php HTTP/1.1" 200 410 "-" "Mozilla/5.0 (Windows NT 10.0; Win64; x64) AppleWebKit/537.36 (KHTML, like Gecko) Chrome/78.0.3904.108 Safari/537.36" lestoilesdesabine.fr
128.199.81.70 - - [23/Nov/2023:11:22:11 +0000] (0 s) "POST /xmlrpc.php HTTP/1.1" 200 410 "-" "Mozilla/5.0 (Windows NT 10.0; Win64; x64) AppleWebKit/537.36 (KHTML, like Gecko) Chrome/78.0.3904.108 Safari/537.36" lestoilesdesabine.fr
185.107.44.218 - - [23/Nov/2023:11:22:23 +0000] (0 s) "GET /contact/ HTTP/1.1" 200 4651 "http://lestoilesdesabine.fr/contact/" "Mozilla/5.0 (Windows NT 6.1; Win64; x64) AppleWebKit/537.36 (KHTML, like Gecko) Chrome/103.0.0.0 Safari/537.36" lestoilesdesabine.fr
185.107.44.218 - - [23/Nov/2023:11:22:23 +0000] (0 s) "POST /contact/ HTTP/1.1" 200 170 "http://lestoilesdesabine.fr/contact/" "Mozilla/5.0 (Windows NT 6.1; Win64; x64) AppleWebKit/537.36 (KHTML, like Gecko) Chrome/103.0.0.0 Safari/537.36" lestoilesdesabine.fr
82.147.85.158 - - [23/Nov/2023:11:23:18 +0000] (0 s) "POST /contact/ HTTP/1.1" 200 170 "http://lestoilesdesabine.fr/contact/" "Mozilla/5.0 (Windows NT 6.3) AppleWebKit/537.36 (KHTML, like Gecko) Chrome/103.0.0.0 Safari/537.36" lestoilesdesabine.fr
146.70.86.121 - - [23/Nov/2023:11:23:36 +0000] (1 s) "POST /contact/ HTTP/1.1" 200 130 "http://lestoilesdesabine.fr/contact/" "Mozilla/5.0 (Windows NT 6.3; Win64; x64) AppleWebKit/537.36 (KHTML, like Gecko) Chrome/103.0.0.0 Safari/537.36" lestoilesdesabine.fr
159.203.2.200 - - [23/Nov/2023:11:24:57 +0000] (0 s) "GET /wp-login.php HTTP/1.1" 200 1196 "-" "Mozilla/5.0 (X11; Ubuntu; Linux x86_64; rv:62.0) Gecko/20100101 Firefox/62.0" lestoilesdesabine.fr
159.203.2.200 - - [23/Nov/2023:11:24:57 +0000] (0 s) "POST /wp-login.php HTTP/1.1" 200 1598 "-" "Mozilla/5.0 (X11; Ubuntu; Linux x86_64; rv:62.0) Gecko/20100101 Firefox/62.0" lestoilesdesabine.fr
159.203.2.200 - - [23/Nov/2023:11:24:57 +0000] (0 s) "POST /xmlrpc.php HTTP/1.1" 200 232 "-" "Mozilla/5.0 (X11; Ubuntu; Linux x86_64; rv:62.0) Gecko/20100101 Firefox/62.0" lestoilesdesabine.fr
185.107.44.120 - - [23/Nov/2023:11:24:58 +0000] (0 s) "GET /contact/ HTTP/1.1" 200 4651 "http://lestoilesdesabine.fr/contact/" "Mozilla/5.0 (Windows NT 10.0; Win64; x64) AppleWebKit/537.36 (KHTML, like Gecko) Chrome/103.0.5060.134 Safari/537.36" lestoilesdesabine.fr
185.107.44.120 - - [23/Nov/2023:11:24:59 +0000] (1 s) "POST /contact/ HTTP/1.1" 200 130 "http://lestoilesdesabine.fr/contact/" "Mozilla/5.0 (Windows NT 10.0; Win64; x64) AppleWebKit/537.36 (KHTML, like Gecko) Chrome/103.0.5060.134 Safari/537.36" lestoilesdesabine.fr
82.147.85.158 - - [23/Nov/2023:11:25:17 +0000] (0 s) "POST /contact/ HTTP/1.1" 200 170 "http://lestoilesdesabine.fr/contact/" "Mozilla/5.0 (Windows NT 6.1; Win64; x64) AppleWebKit/537.36 (KHTML, like Gecko) Chrome/103.0.0.0 Safari/537.36" lestoilesdesabine.fr
185.107.56.93 - - [23/Nov/2023:11:26:47 +0000] (1 s) "POST /contact/ HTTP/1.1" 200 130 "http://lestoilesdesabine.fr/contact/" "Mozilla/5.0 (Windows NT 6.1) AppleWebKit/537.36 (KHTML, like Gecko) Chrome/103.0.5060.114 Safari/537.36" lestoilesdesabine.fr
185.107.80.192 - - [23/Nov/2023:11:27:03 +0000] (0 s) "GET /contact/ HTTP/1.1" 200 4651 "http://lestoilesdesabine.fr/contact/" "Mozilla/5.0 (Windows NT 6.1) AppleWebKit/537.36 (KHTML, like Gecko) Chrome/103.0.5060.114 Safari/537.36" lestoilesdesabine.fr
185.107.80.192 - - [23/Nov/2023:11:27:03 +0000] (0 s) "POST /contact/ HTTP/1.1" 200 170 "http://lestoilesdesabine.fr/contact/" "Mozilla/5.0 (Windows NT 6.1) AppleWebKit/537.36 (KHTML, like Gecko) Chrome/103.0.5060.114 Safari/537.36" lestoilesdesabine.fr
82.147.85.158 - - [23/Nov/2023:11:27:15 +0000] (0 s) "POST /contact/ HTTP/1.1" 200 270 "http://lestoilesdesabine.fr/contact/" "Mozilla/5.0 (Windows NT 6.1; Win64; x64) AppleWebKit/537.36 (KHTML, like Gecko) Chrome/103.0.0.0 Safari/537.36" lestoilesdesabine.fr
138.199.7.131 - - [23/Nov/2023:11:27:47 +0000] (0 s) "POST /contact/ HTTP/1.1" 200 170 "http://lestoilesdesabine.fr/contact/" "Mozilla/5.0 (Windows NT 10.0; Win64; x64) AppleWebKit/537.36 (KHTML, like Gecko) Chrome/103.0.0.0 Safari/537.36 OpenWave/97.4.2043.44" lestoilesdesabine.fr
82.147.85.158 - - [23/Nov/2023:11:29:13 +0000] (0 s) "GET /contact/ HTTP/1.1" 200 4651 "http://lestoilesdesabine.fr/contact/" "Mozilla/5.0 (Windows NT 6.3) AppleWebKit/537.36 (KHTML, like Gecko) Chrome/103.0.0.0 Safari/537.36" lestoilesdesabine.fr
82.147.85.158 - - [23/Nov/2023:11:29:13 +0000] (0 s) "POST /contact/ HTTP/1.1" 200 170 "http://lestoilesdesabine.fr/contact/" "Mozilla/5.0 (Windows NT 6.3) AppleWebKit/537.36 (KHTML, like Gecko) Chrome/103.0.0.0 Safari/537.36" lestoilesdesabine.fr
185.107.44.218 - - [23/Nov/2023:11:29:43 +0000] (1 s) "POST /contact/ HTTP/1.1" 200 130 "http://lestoilesdesabine.fr/contact/" "Mozilla/5.0 (Windows NT 10.0) AppleWebKit/537.36 (KHTML, like Gecko) Chrome/103.0.0.0 Safari/537.36" lestoilesdesabine.fr
82.147.85.158 - - [23/Nov/2023:11:31:09 +0000] (0 s) "POST /contact/ HTTP/1.1" 200 170 "http://lestoilesdesabine.fr/contact/" "Mozilla/5.0 (Windows NT 6.3; Win64; x64) AppleWebKit/537.36 (KHTML, like Gecko) Chrome/103.0.5060.114 Safari/537.36" lestoilesdesabine.fr
185.107.44.120 - - [23/Nov/2023:11:32:31 +0000] (0 s) "GET /contact/ HTTP/1.1" 200 4651 "http://lestoilesdesabine.fr/contact/" "Mozilla/5.0 (Windows NT 6.1; Win64; x64) AppleWebKit/537.36 (KHTML, like Gecko) Chrome/103.0.0.0 Safari/537.36" lestoilesdesabine.fr
185.107.44.120 - - [23/Nov/2023:11:32:31 +0000] (1 s) "POST /contact/ HTTP/1.1" 200 130 "http://lestoilesdesabine.fr/contact/" "Mozilla/5.0 (Windows NT 6.1; Win64; x64) AppleWebKit/537.36 (KHTML, like Gecko) Chrome/103.0.0.0 Safari/537.36" lestoilesdesabine.fr
82.147.85.158 - - [23/Nov/2023:11:33:07 +0000] (0 s) "POST /contact/ HTTP/1.1" 200 170 "http://lestoilesdesabine.fr/contact/" "Mozilla/5.0 (Windows NT 10.0; Win64; x64) AppleWebKit/537.36 (KHTML, like Gecko) Chrome/103.0.5042.0 Safari/537.36" lestoilesdesabine.fr
146.70.86.121 - - [23/Nov/2023:11:33:08 +0000] (1 s) "POST /contact/ HTTP/1.1" 200 130 "http://lestoilesdesabine.fr/contact/" "Mozilla/5.0 (Windows NT 10.0; Win64; x64) AppleWebKit/537.36 (KHTML, like Gecko) Chrome/103.0.5042.0 Safari/537.36" lestoilesdesabine.fr
185.107.80.192 - - [23/Nov/2023:11:34:05 +0000] (0 s) "POST /contact/ HTTP/1.1" 200 170 "http://lestoilesdesabine.fr/contact/" "Mozilla/5.0 (Windows NT 6.3; Win64; x64) AppleWebKit/537.36 (KHTML, like Gecko) Chrome/103.0.5060.66 Safari/537.36" lestoilesdesabine.fr
185.107.56.93 - - [23/Nov/2023:11:34:29 +0000] (0 s) "POST /contact/ HTTP/1.1" 200 170 "http://lestoilesdesabine.fr/contact/" "Mozilla/5.0 (Windows NT 6.3; WOW64) AppleWebKit/537.36 (KHTML, like Gecko) Chrome/103.0.5060.114 Safari/537.36" lestoilesdesabine.fr
82.147.85.158 - - [23/Nov/2023:11:35:06 +0000] (0 s) "GET /contact/ HTTP/1.1" 200 4651 "http://lestoilesdesabine.fr/contact/" "Mozilla/5.0 (Windows NT 6.3; Win64; x64) AppleWebKit/537.36 (KHTML, like Gecko) Chrome/103.0.5060.53 Safari/537.36" lestoilesdesabine.fr
82.147.85.158 - - [23/Nov/2023:11:35:06 +0000] (0 s) "POST /contact/ HTTP/1.1" 200 170 "http://lestoilesdesabine.fr/contact/" "Mozilla/5.0 (Windows NT 6.3; Win64; x64) AppleWebKit/537.36 (KHTML, like Gecko) Chrome/103.0.5060.53 Safari/537.36" lestoilesdesabine.fr
138.199.7.131 - - [23/Nov/2023:11:36:14 +0000] (1 s) "POST /contact/ HTTP/1.1" 200 130 "http://lestoilesdesabine.fr/contact/" "Mozilla/5.0 (Windows NT 6.3; Win64; x64) AppleWebKit/537.36 (KHTML, like Gecko) Chrome/103.0.5060.53 Safari/537.36" lestoilesdesabine.fr
185.107.44.218 - - [23/Nov/2023:11:36:40 +0000] (1 s) "POST /contact/ HTTP/1.1" 200 130 "http://lestoilesdesabine.fr/contact/" "Mozilla/5.0 (Windows NT 10.0) AppleWebKit/537.36 (KHTML, like Gecko) Chrome/103.0.0.0 Safari/537.36" lestoilesdesabine.fr
82.147.85.158 - - [23/Nov/2023:11:37:04 +0000] (0 s) "POST /contact/ HTTP/1.1" 200 170 "http://lestoilesdesabine.fr/contact/" "Mozilla/5.0 (Windows NT 10.0; WOW64) AppleWebKit/537.36 (KHTML, like Gecko) Chrome/103.0.5060.114 Safari/537.36" lestoilesdesabine.fr
82.147.85.158 - - [23/Nov/2023:11:39:03 +0000] (0 s) "GET /contact/ HTTP/1.1" 200 4651 "http://lestoilesdesabine.fr/contact/" "Mozilla/5.0 (Windows NT 10.0; Win64; x64) AppleWebKit/537.36 (KHTML, like Gecko) Chrome/103.0.0.0 Safari/537.36 Herring/95.1.8810.11" lestoilesdesabine.fr
82.147.85.158 - - [23/Nov/2023:11:39:04 +0000] (0 s) "POST /contact/ HTTP/1.1" 200 170 "http://lestoilesdesabine.fr/contact/" "Mozilla/5.0 (Windows NT 10.0; Win64; x64) AppleWebKit/537.36 (KHTML, like Gecko) Chrome/103.0.0.0 Safari/537.36 Herring/95.1.8810.11" lestoilesdesabine.fr
185.107.44.120 - - [23/Nov/2023:11:40:27 +0000] (1 s) "POST /contact/ HTTP/1.1" 200 130 "http://lestoilesdesabine.fr/contact/" "Mozilla/5.0 (Windows NT 10.0; Win64; x64) AppleWebKit/537.36 (KHTML, like Gecko) Chrome/103.0.5060.114 Safari/537.36" lestoilesdesabine.fr
185.107.80.192 - - [23/Nov/2023:11:40:45 +0000] (1 s) "POST /contact/ HTTP/1.1" 200 130 "http://lestoilesdesabine.fr/contact/" "Mozilla/5.0 (Windows NT 10.0; Win64; x64) AppleWebKit/537.36 (KHTML, like Gecko) Chrome/103.0.0.0 Safari/537.36 OpenWave/97.4.2043.44" lestoilesdesabine.fr
82.147.85.158 - - [23/Nov/2023:11:41:02 +0000] (1 s) "POST /contact/ HTTP/1.1" 200 130 "http://lestoilesdesabine.fr/contact/" "Mozilla/5.0 (Windows NT 6.3; Win64; x64) AppleWebKit/537.36 (KHTML, like Gecko) Chrome/103.0.5060.66 Safari/537.36" lestoilesdesabine.fr
185.107.56.93 - - [23/Nov/2023:11:42:36 +0000] (0 s) "GET /contact/ HTTP/1.1" 200 4651 "http://lestoilesdesabine.fr/contact/" "Mozilla/5.0 (Windows NT 10.0; Win64; x64) AppleWebKit/537.36 (KHTML, like Gecko) Chrome/103.0.5060.53 Safari/537.36" lestoilesdesabine.fr
185.107.56.93 - - [23/Nov/2023:11:42:37 +0000] (1 s) "POST /contact/ HTTP/1.1" 200 130 "http://lestoilesdesabine.fr/contact/" "Mozilla/5.0 (Windows NT 10.0; Win64; x64) AppleWebKit/537.36 (KHTML, like Gecko) Chrome/103.0.5060.53 Safari/537.36" lestoilesdesabine.fr
146.70.86.121 - - [23/Nov/2023:11:42:48 +0000] (1 s) "POST /contact/ HTTP/1.1" 200 130 "http://lestoilesdesabine.fr/contact/" "Mozilla/5.0 (Windows NT 6.1; WOW64) AppleWebKit/537.36 (KHTML, like Gecko) Chrome/103.0.0.0 Safari/537.36" lestoilesdesabine.fr
82.147.85.158 - - [23/Nov/2023:11:43:00 +0000] (1 s) "POST /contact/ HTTP/1.1" 200 130 "http://lestoilesdesabine.fr/contact/" "Mozilla/5.0 (Windows NT 10.0; Win64; x64) AppleWebKit/537.36 (KHTML, like Gecko) Chrome/103.0.5060.66 Safari/537.36" lestoilesdesabine.fr
185.107.44.218 - - [23/Nov/2023:11:44:04 +0000] (1 s) "POST /contact/ HTTP/1.1" 200 130 "http://lestoilesdesabine.fr/contact/" "Mozilla/5.0 (Windows NT 6.3; Win64; x64) AppleWebKit/537.36 (KHTML, like Gecko) Chrome/103.0.5060.66 Safari/537.36" lestoilesdesabine.fr
138.199.7.131 - - [23/Nov/2023:11:44:34 +0000] (1 s) "POST /contact/ HTTP/1.1" 200 130 "http://lestoilesdesabine.fr/contact/" "Mozilla/5.0 (Windows NT 6.3; Win64; x64) AppleWebKit/537.36 (KHTML, like Gecko) Chrome/103.0.5060.53 Safari/537.36" lestoilesdesabine.fr
82.147.85.158 - - [23/Nov/2023:11:44:57 +0000] (0 s) "GET /contact/ HTTP/1.1" 200 4651 "http://lestoilesdesabine.fr/contact/" "Mozilla/5.0 (Windows NT 6.1; WOW64) AppleWebKit/537.36 (KHTML, like Gecko) Chrome/103.0.0.0 Safari/537.36" lestoilesdesabine.fr
82.147.85.158 - - [23/Nov/2023:11:44:58 +0000] (0 s) "POST /contact/ HTTP/1.1" 200 170 "http://lestoilesdesabine.fr/contact/" "Mozilla/5.0 (Windows NT 6.1; WOW64) AppleWebKit/537.36 (KHTML, like Gecko) Chrome/103.0.0.0 Safari/537.36" lestoilesdesabine.fr
54.223.69.29 - - [23/Nov/2023:11:45:48 +0000] (0 s) "GET /wp-login.php HTTP/1.1" 200 1196 "-" "Mozilla/5.0 (X11; Ubuntu; Linux x86_64; rv:62.0) Gecko/20100101 Firefox/62.0" lestoilesdesabine.fr
54.223.69.29 - - [23/Nov/2023:11:45:48 +0000] (0 s) "POST /wp-login.php HTTP/1.1" 200 1595 "-" "Mozilla/5.0 (X11; Ubuntu; Linux x86_64; rv:62.0) Gecko/20100101 Firefox/62.0" lestoilesdesabine.fr
54.223.69.29 - - [23/Nov/2023:11:45:49 +0000] (0 s) "POST /xmlrpc.php HTTP/1.1" 200 232 "-" "Mozilla/5.0 (X11; Ubuntu; Linux x86_64; rv:62.0) Gecko/20100101 Firefox/62.0" lestoilesdesabine.fr
82.147.85.158 - - [23/Nov/2023:11:46:56 +0000] (0 s) "POST /contact/ HTTP/1.1" 200 170 "http://lestoilesdesabine.fr/contact/" "Mozilla/5.0 (Windows NT 6.3; Win64; x64) AppleWebKit/537.36 (KHTML, like Gecko) Chrome/103.0.5060.53 Safari/537.36" lestoilesdesabine.fr
185.107.80.192 - - [23/Nov/2023:11:47:57 +0000] (0 s) "GET /contact/ HTTP/1.1" 200 4651 "http://lestoilesdesabine.fr/contact/" "Mozilla/5.0 (Windows NT 10.0; Win64; x64) AppleWebKit/537.36 (KHTML, like Gecko) Chrome/103.0.0.0 Safari/537.36 Herring/95.1.8810.11" lestoilesdesabine.fr
185.107.80.192 - - [23/Nov/2023:11:47:57 +0000] (1 s) "POST /contact/ HTTP/1.1" 200 130 "http://lestoilesdesabine.fr/contact/" "Mozilla/5.0 (Windows NT 10.0; Win64; x64) AppleWebKit/537.36 (KHTML, like Gecko) Chrome/103.0.0.0 Safari/537.36 Herring/95.1.8810.11" lestoilesdesabine.fr
185.107.44.120 - - [23/Nov/2023:11:48:10 +0000] (1 s) "POST /contact/ HTTP/1.1" 200 130 "http://lestoilesdesabine.fr/contact/" "Mozilla/5.0 (Windows NT 6.1; WOW64) AppleWebKit/537.36 (KHTML, like Gecko) Chrome/103.0.0.0 Safari/537.36" lestoilesdesabine.fr
82.147.85.158 - - [23/Nov/2023:11:48:54 +0000] (0 s) "POST /contact/ HTTP/1.1" 200 170 "http://lestoilesdesabine.fr/contact/" "Mozilla/5.0 (Windows NT 6.1; WOW64) AppleWebKit/537.36 (KHTML, like Gecko) Chrome/103.0.0.0 Safari/537.36" lestoilesdesabine.fr
188.134.80.97 - - [23/Nov/2023:11:49:53 +0000] (0 s) "GET / HTTP/1.1" 200 5322 "-" "Mozilla/5.0 (Windows NT 10.0; WOW64; rv:45.0) Gecko/20100101 Firefox/45.0" lestoilesdesabine.fr
185.107.56.93 - - [23/Nov/2023:11:50:20 +0000] (0 s) "GET /contact/ HTTP/1.1" 200 4651 "http://lestoilesdesabine.fr/contact/" "Mozilla/5.0 (Windows NT 6.1; Win64; x64) AppleWebKit/537.36 (KHTML, like Gecko) Chrome/103.0.5060.66 Safari/537.36" lestoilesdesabine.fr
185.107.56.93 - - [23/Nov/2023:11:50:20 +0000] (0 s) "POST /contact/ HTTP/1.1" 200 170 "http://lestoilesdesabine.fr/contact/" "Mozilla/5.0 (Windows NT 6.1; Win64; x64) AppleWebKit/537.36 (KHTML, like Gecko) Chrome/103.0.5060.66 Safari/537.36" lestoilesdesabine.fr
82.147.85.158 - - [23/Nov/2023:11:50:53 +0000] (0 s) "POST /contact/ HTTP/1.1" 200 170 "http://lestoilesdesabine.fr/contact/" "Mozilla/5.0 (Windows NT 6.1; WOW64) AppleWebKit/537.36 (KHTML, like Gecko) Chrome/103.0.0.0 Safari/537.36" lestoilesdesabine.fr
185.107.44.218 - - [23/Nov/2023:11:50:58 +0000] (1 s) "POST /contact/ HTTP/1.1" 200 130 "http://lestoilesdesabine.fr/contact/" "Mozilla/5.0 (Windows NT 6.3; Win64; x64) AppleWebKit/537.36 (KHTML, like Gecko) Chrome/103.0.5060.53 Safari/537.36" lestoilesdesabine.fr
146.70.86.121 - - [23/Nov/2023:11:52:30 +0000] (0 s) "GET /contact/ HTTP/1.1" 200 4651 "http://lestoilesdesabine.fr/contact/" "Mozilla/5.0 (Windows NT 6.1) AppleWebKit/537.36 (KHTML, like Gecko) Chrome/103.0.5060.114 Safari/537.36" lestoilesdesabine.fr
146.70.86.121 - - [23/Nov/2023:11:52:31 +0000] (1 s) "POST /contact/ HTTP/1.1" 200 130 "http://lestoilesdesabine.fr/contact/" "Mozilla/5.0 (Windows NT 6.1) AppleWebKit/537.36 (KHTML, like Gecko) Chrome/103.0.5060.114 Safari/537.36" lestoilesdesabine.fr
82.147.85.158 - - [23/Nov/2023:11:52:51 +0000] (0 s) "POST /contact/ HTTP/1.1" 200 170 "http://lestoilesdesabine.fr/contact/" "Mozilla/5.0 (Windows NT 6.1; WOW64) AppleWebKit/537.36 (KHTML, like Gecko) Chrome/103.0.0.0 Safari/537.36" lestoilesdesabine.fr
138.199.7.131 - - [23/Nov/2023:11:53:18 +0000] (1 s) "POST /contact/ HTTP/1.1" 200 130 "http://lestoilesdesabine.fr/contact/" "Mozilla/5.0 (Windows NT 10.0; Win64; x64) AppleWebKit/537.36 (KHTML, like Gecko) Chrome/103.0.5060.66 Safari/537.36" lestoilesdesabine.fr
185.107.80.192 - - [23/Nov/2023:11:54:42 +0000] (0 s) "GET /contact/ HTTP/1.1" 200 4651 "http://lestoilesdesabine.fr/contact/" "Mozilla/5.0 (Windows NT 6.1; WOW64) AppleWebKit/537.36 (KHTML, like Gecko) Chrome/103.0.0.0 Safari/537.36" lestoilesdesabine.fr
185.107.80.192 - - [23/Nov/2023:11:54:42 +0000] (1 s) "POST /contact/ HTTP/1.1" 200 130 "http://lestoilesdesabine.fr/contact/" "Mozilla/5.0 (Windows NT 6.1; WOW64) AppleWebKit/537.36 (KHTML, like Gecko) Chrome/103.0.0.0 Safari/537.36" lestoilesdesabine.fr
82.147.85.158 - - [23/Nov/2023:11:54:48 +0000] (0 s) "POST /contact/ HTTP/1.1" 200 170 "http://lestoilesdesabine.fr/contact/" "Mozilla/5.0 (Windows NT 6.1; Win64; x64) AppleWebKit/537.36 (KHTML, like Gecko) Chrome/103.0.0.0 Safari/537.36" lestoilesdesabine.fr
185.107.44.120 - - [23/Nov/2023:11:55:57 +0000] (1 s) "POST /contact/ HTTP/1.1" 200 130 "http://lestoilesdesabine.fr/contact/" "Mozilla/5.0 (Windows NT 10.0) AppleWebKit/537.36 (KHTML, like Gecko) Chrome/103.0.0.0 Safari/537.36" lestoilesdesabine.fr
82.147.85.158 - - [23/Nov/2023:11:56:44 +0000] (0 s) "GET /contact/ HTTP/1.1" 200 4651 "http://lestoilesdesabine.fr/contact/" "Mozilla/5.0 (Windows NT 6.3) AppleWebKit/537.36 (KHTML, like Gecko) Chrome/103.0.0.0 Safari/537.36" lestoilesdesabine.fr
82.147.85.158 - - [23/Nov/2023:11:56:44 +0000] (0 s) "POST /contact/ HTTP/1.1" 200 170 "http://lestoilesdesabine.fr/contact/" "Mozilla/5.0 (Windows NT 6.3) AppleWebKit/537.36 (KHTML, like Gecko) Chrome/103.0.0.0 Safari/537.36" lestoilesdesabine.fr
185.107.56.93 - - [23/Nov/2023:11:58:21 +0000] (1 s) "POST /contact/ HTTP/1.1" 200 130 "http://lestoilesdesabine.fr/contact/" "Mozilla/5.0 (Windows NT 6.3) AppleWebKit/537.36 (KHTML, like Gecko) Chrome/103.0.0.0 Safari/537.36" lestoilesdesabine.fr
185.107.44.218 - - [23/Nov/2023:11:58:24 +0000] (1 s) "POST /contact/ HTTP/1.1" 200 130 "http://lestoilesdesabine.fr/contact/" "Mozilla/5.0 (Windows NT 6.3; Win64; x64) AppleWebKit/537.36 (KHTML, like Gecko) Chrome/103.0.5060.114 Safari/537.36" lestoilesdesabine.fr
82.147.85.158 - - [23/Nov/2023:11:58:43 +0000] (0 s) "POST /contact/ HTTP/1.1" 200 170 "http://lestoilesdesabine.fr/contact/" "Mozilla/5.0 (Windows NT 6.3; WOW64) AppleWebKit/537.36 (KHTML, like Gecko) Chrome/103.0.5060.114 Safari/537.36" lestoilesdesabine.fr
82.147.85.158 - - [23/Nov/2023:12:00:38 +0000] (0 s) "GET /contact/ HTTP/1.1" 200 4651 "http://lestoilesdesabine.fr/contact/" "Mozilla/5.0 (Windows NT 6.2; Win64; x64) AppleWebKit/537.36 (KHTML, like Gecko) Chrome/103.0.0.0 Safari/537.36" lestoilesdesabine.fr
82.147.85.158 - - [23/Nov/2023:12:00:39 +0000] (0 s) "POST /contact/ HTTP/1.1" 200 170 "http://lestoilesdesabine.fr/contact/" "Mozilla/5.0 (Windows NT 6.2; Win64; x64) AppleWebKit/537.36 (KHTML, like Gecko) Chrome/103.0.0.0 Safari/537.36" lestoilesdesabine.fr
138.199.7.131 - - [23/Nov/2023:12:01:41 +0000] (0 s) "POST /contact/ HTTP/1.1" 200 170 "http://lestoilesdesabine.fr/contact/" "Mozilla/5.0 (Windows NT 6.3; Win64; x64) AppleWebKit/537.36 (KHTML, like Gecko) Chrome/103.0.5060.53 Safari/537.36" lestoilesdesabine.fr
185.107.80.192 - - [23/Nov/2023:12:02:12 +0000] (0 s) "POST /contact/ HTTP/1.1" 200 170 "http://lestoilesdesabine.fr/contact/" "Mozilla/5.0 (Windows NT 6.3) AppleWebKit/537.36 (KHTML, like Gecko) Chrome/103.0.0.0 Safari/537.36" lestoilesdesabine.fr
82.147.85.158 - - [23/Nov/2023:12:02:35 +0000] (1 s) "POST /contact/ HTTP/1.1" 200 130 "http://lestoilesdesabine.fr/contact/" "Mozilla/5.0 (Windows NT 10.0; WOW64) AppleWebKit/537.36 (KHTML, like Gecko) Chrome/103.0.5060.114 Safari/537.36" lestoilesdesabine.fr
146.70.86.121 - - [23/Nov/2023:12:02:36 +0000] (1 s) "POST /contact/ HTTP/1.1" 200 130 "http://lestoilesdesabine.fr/contact/" "Mozilla/5.0 (Windows NT 10.0; Win64; x64) AppleWebKit/537.36 (KHTML, like Gecko) Chrome/103.0.5060.134 Safari/537.36" lestoilesdesabine.fr
185.107.44.120 - - [23/Nov/2023:12:03:58 +0000] (0 s) "GET /contact/ HTTP/1.1" 200 4651 "http://lestoilesdesabine.fr/contact/" "Mozilla/5.0 (Windows NT 10.0; Win64; x64) AppleWebKit/537.36 (KHTML, like Gecko) Chrome/103.0.5060.66 Safari/537.36" lestoilesdesabine.fr
185.107.44.120 - - [23/Nov/2023:12:03:58 +0000] (0 s) "POST /contact/ HTTP/1.1" 200 170 "http://lestoilesdesabine.fr/contact/" "Mozilla/5.0 (Windows NT 10.0; Win64; x64) AppleWebKit/537.36 (KHTML, like Gecko) Chrome/103.0.5060.66 Safari/537.36" lestoilesdesabine.fr
82.147.85.158 - - [23/Nov/2023:12:04:31 +0000] (0 s) "POST /contact/ HTTP/1.1" 200 270 "http://lestoilesdesabine.fr/contact/" "Mozilla/5.0 (Windows NT 10.0; Win64; x64) AppleWebKit/537.36 (KHTML, like Gecko) Chrome/103.0.0.0 Safari/537.36 Herring/95.1.8810.11" lestoilesdesabine.fr
185.107.44.218 - - [23/Nov/2023:12:05:29 +0000] (1 s) "POST /contact/ HTTP/1.1" 200 130 "http://lestoilesdesabine.fr/contact/" "Mozilla/5.0 (Windows NT 10.0) AppleWebKit/537.36 (KHTML, like Gecko) Chrome/103.0.0.0 Safari/537.36" lestoilesdesabine.fr
185.107.56.93 - - [23/Nov/2023:12:05:55 +0000] (1 s) "POST /contact/ HTTP/1.1" 200 130 "http://lestoilesdesabine.fr/contact/" "Mozilla/5.0 (Windows NT 6.3; WOW64) AppleWebKit/537.36 (KHTML, like Gecko) Chrome/103.0.5060.114 Safari/537.36" lestoilesdesabine.fr
82.147.85.158 - - [23/Nov/2023:12:06:28 +0000] (0 s) "GET /contact/ HTTP/1.1" 200 4651 "http://lestoilesdesabine.fr/contact/" "Mozilla/5.0 (Windows NT 6.3; Win64; x64) AppleWebKit/537.36 (KHTML, like Gecko) Chrome/103.0.0.0 Safari/537.36" lestoilesdesabine.fr
82.147.85.158 - - [23/Nov/2023:12:06:28 +0000] (0 s) "POST /contact/ HTTP/1.1" 200 270 "http://lestoilesdesabine.fr/contact/" "Mozilla/5.0 (Windows NT 6.3; Win64; x64) AppleWebKit/537.36 (KHTML, like Gecko) Chrome/103.0.0.0 Safari/537.36" lestoilesdesabine.fr
82.147.85.158 - - [23/Nov/2023:12:08:29 +0000] (0 s) "GET /contact/ HTTP/1.1" 200 4651 "http://lestoilesdesabine.fr/contact/" "Mozilla/5.0 (Windows NT 6.1; WOW64) AppleWebKit/537.36 (KHTML, like Gecko) Chrome/103.0.0.0 Safari/537.36" lestoilesdesabine.fr
82.147.85.158 - - [23/Nov/2023:12:08:30 +0000] (0 s) "POST /contact/ HTTP/1.1" 200 170 "http://lestoilesdesabine.fr/contact/" "Mozilla/5.0 (Windows NT 6.1; WOW64) AppleWebKit/537.36 (KHTML, like Gecko) Chrome/103.0.0.0 Safari/537.36" lestoilesdesabine.fr
185.107.80.192 - - [23/Nov/2023:12:09:08 +0000] (1 s) "POST /contact/ HTTP/1.1" 200 130 "http://lestoilesdesabine.fr/contact/" "Mozilla/5.0 (Windows NT 6.3; Win64; x64) AppleWebKit/537.36 (KHTML, like Gecko) Chrome/103.0.5060.66 Safari/537.36" lestoilesdesabine.fr
138.199.7.131 - - [23/Nov/2023:12:10:01 +0000] (1 s) "POST /contact/ HTTP/1.1" 200 130 "http://lestoilesdesabine.fr/contact/" "Mozilla/5.0 (Windows NT 10.0; Win64; x64) AppleWebKit/537.36 (KHTML, like Gecko) Chrome/103.0.0.0 Safari/537.36 Herring/95.1.8810.11" lestoilesdesabine.fr
82.147.85.158 - - [23/Nov/2023:12:10:28 +0000] (0 s) "POST /contact/ HTTP/1.1" 200 170 "http://lestoilesdesabine.fr/contact/" "Mozilla/5.0 (Windows NT 10.0; Win64; x64) AppleWebKit/537.36 (KHTML, like Gecko) Chrome/103.0.5060.53 Safari/537.36" lestoilesdesabine.fr
185.107.44.120 - - [23/Nov/2023:12:11:42 +0000] (0 s) "GET /contact/ HTTP/1.1" 200 4651 "http://lestoilesdesabine.fr/contact/" "Mozilla/5.0 (Windows NT 6.3; Win64; x64) AppleWebKit/537.36 (KHTML, like Gecko) Chrome/103.0.5060.53 Safari/537.36" lestoilesdesabine.fr
185.107.44.120 - - [23/Nov/2023:12:11:43 +0000] (1 s) "POST /contact/ HTTP/1.1" 200 130 "http://lestoilesdesabine.fr/contact/" "Mozilla/5.0 (Windows NT 6.3; Win64; x64) AppleWebKit/537.36 (KHTML, like Gecko) Chrome/103.0.5060.53 Safari/537.36" lestoilesdesabine.fr
82.147.85.158 - - [23/Nov/2023:12:12:24 +0000] (0 s) "POST /contact/ HTTP/1.1" 200 170 "http://lestoilesdesabine.fr/contact/" "Mozilla/5.0 (Windows NT 10.0; Win64; x64) AppleWebKit/537.36 (KHTML, like Gecko) Chrome/103.0.5060.53 Safari/537.36" lestoilesdesabine.fr
146.70.86.121 - - [23/Nov/2023:12:12:27 +0000] (0 s) "POST /contact/ HTTP/1.1" 200 170 "http://lestoilesdesabine.fr/contact/" "Mozilla/5.0 (Windows NT 10.0; Win64; x64) AppleWebKit/537.36 (KHTML, like Gecko) Chrome/103.0.5060.66 Safari/537.36" lestoilesdesabine.fr
185.107.44.218 - - [23/Nov/2023:12:12:49 +0000] (1 s) "POST /contact/ HTTP/1.1" 200 130 "http://lestoilesdesabine.fr/contact/" "Mozilla/5.0 (Windows NT 10.0; Win64; x64) AppleWebKit/537.36 (KHTML, like Gecko) Chrome/103.0.5060.66 Safari/537.36" lestoilesdesabine.fr
185.107.56.93 - - [23/Nov/2023:12:14:13 +0000] (0 s) "GET /contact/ HTTP/1.1" 200 4651 "http://lestoilesdesabine.fr/contact/" "Mozilla/5.0 (Windows NT 6.3; Win64; x64) AppleWebKit/537.36 (KHTML, like Gecko) Chrome/103.0.5060.66 Safari/537.36" lestoilesdesabine.fr
185.107.56.93 - - [23/Nov/2023:12:14:13 +0000] (1 s) "POST /contact/ HTTP/1.1" 200 130 "http://lestoilesdesabine.fr/contact/" "Mozilla/5.0 (Windows NT 6.3; Win64; x64) AppleWebKit/537.36 (KHTML, like Gecko) Chrome/103.0.5060.66 Safari/537.36" lestoilesdesabine.fr
82.147.85.158 - - [23/Nov/2023:12:14:22 +0000] (0 s) "POST /contact/ HTTP/1.1" 200 170 "http://lestoilesdesabine.fr/contact/" "Mozilla/5.0 (Windows NT 10.0) AppleWebKit/537.36 (KHTML, like Gecko) Chrome/103.0.0.0 Safari/537.36" lestoilesdesabine.fr
185.107.80.192 - - [23/Nov/2023:12:16:18 +0000] (0 s) "GET /contact/ HTTP/1.1" 200 4651 "http://lestoilesdesabine.fr/contact/" "Mozilla/5.0 (Windows NT 6.3; WOW64) AppleWebKit/537.36 (KHTML, like Gecko) Chrome/103.0.0.0 Safari/537.36" lestoilesdesabine.fr
185.107.80.192 - - [23/Nov/2023:12:16:18 +0000] (1 s) "POST /contact/ HTTP/1.1" 200 130 "http://lestoilesdesabine.fr/contact/" "Mozilla/5.0 (Windows NT 6.3; WOW64) AppleWebKit/537.36 (KHTML, like Gecko) Chrome/103.0.0.0 Safari/537.36" lestoilesdesabine.fr
82.147.85.158 - - [23/Nov/2023:12:16:19 +0000] (0 s) "POST /contact/ HTTP/1.1" 200 270 "http://lestoilesdesabine.fr/contact/" "Mozilla/5.0 (Windows NT 10.0; Win64; x64) AppleWebKit/537.36 (KHTML, like Gecko) Chrome/103.0.5060.66 Safari/537.36" lestoilesdesabine.fr
82.147.85.158 - - [23/Nov/2023:12:18:16 +0000] (0 s) "POST /contact/ HTTP/1.1" 200 270 "http://lestoilesdesabine.fr/contact/" "Mozilla/5.0 (Windows NT 6.1; Win64; x64) AppleWebKit/537.36 (KHTML, like Gecko) Chrome/103.0.5060.66 Safari/537.36" lestoilesdesabine.fr
138.199.7.131 - - [23/Nov/2023:12:18:53 +0000] (0 s) "GET /contact/ HTTP/1.1" 200 4651 "http://lestoilesdesabine.fr/contact/" "Mozilla/5.0 (Windows NT 6.3; Win64; x64) AppleWebKit/537.36 (KHTML, like Gecko) Chrome/103.0.5060.114 Safari/537.36" lestoilesdesabine.fr
138.199.7.131 - - [23/Nov/2023:12:18:53 +0000] (0 s) "POST /contact/ HTTP/1.1" 200 170 "http://lestoilesdesabine.fr/contact/" "Mozilla/5.0 (Windows NT 6.3; Win64; x64) AppleWebKit/537.36 (KHTML, like Gecko) Chrome/103.0.5060.114 Safari/537.36" lestoilesdesabine.fr
185.107.44.218 - - [23/Nov/2023:12:19:47 +0000] (1 s) "POST /contact/ HTTP/1.1" 200 130 "http://lestoilesdesabine.fr/contact/" "Mozilla/5.0 (Windows NT 6.3; WOW64) AppleWebKit/537.36 (KHTML, like Gecko) Chrome/103.0.5060.114 Safari/537.36" lestoilesdesabine.fr
185.107.44.120 - - [23/Nov/2023:12:19:56 +0000] (0 s) "POST /contact/ HTTP/1.1" 200 170 "http://lestoilesdesabine.fr/contact/" "Mozilla/5.0 (Windows NT 6.3; Win64; x64) AppleWebKit/537.36 (KHTML, like Gecko) Chrome/103.0.5060.66 Safari/537.36" lestoilesdesabine.fr
82.147.85.158 - - [23/Nov/2023:12:20:15 +0000] (0 s) "POST /contact/ HTTP/1.1" 200 170 "http://lestoilesdesabine.fr/contact/" "Mozilla/5.0 (Windows NT 6.1; Win64; x64) AppleWebKit/537.36 (KHTML, like Gecko) Chrome/103.0.5060.66 Safari/537.36" lestoilesdesabine.fr
23.111.202.243 - - [23/Nov/2023:12:20:58 +0000] (0 s) "GET /wp-login.php HTTP/1.1" 200 1196 "-" "Mozilla/5.0 (X11; Ubuntu; Linux x86_64; rv:62.0) Gecko/20100101 Firefox/62.0" lestoilesdesabine.fr
23.111.202.243 - - [23/Nov/2023:12:20:58 +0000] (0 s) "POST /wp-login.php HTTP/1.1" 200 1598 "-" "Mozilla/5.0 (X11; Ubuntu; Linux x86_64; rv:62.0) Gecko/20100101 Firefox/62.0" lestoilesdesabine.fr
23.111.202.243 - - [23/Nov/2023:12:20:58 +0000] (0 s) "POST /xmlrpc.php HTTP/1.1" 200 232 "-" "Mozilla/5.0 (X11; Ubuntu; Linux x86_64; rv:62.0) Gecko/20100101 Firefox/62.0" lestoilesdesabine.fr
40.94.36.13 - - [23/Nov/2023:12:22:00 +0000] (0 s) "GET / HTTP/1.1" 200 5322 "-" "Mozilla/5.0 (Windows NT 10.0; Win64; x64) AppleWebKit/537.36 (KHTML, like Gecko) Chrome/100.0.4896.127 Safari/537.36" lestoilesdesabine.fr
40.94.36.13 - - [23/Nov/2023:12:22:01 +0000] (0 s) "GET /wp-content/plugins/contact-form-7/includes/css/styles.css?ver=3.3.2 HTTP/1.1" 200 393 "http://lestoilesdesabine.fr/" "Mozilla/5.0 (Windows NT 10.0; Win64; x64) AppleWebKit/537.36 (KHTML, like Gecko) Chrome/100.0.4896.127 Safari/537.36" lestoilesdesabine.fr
40.94.36.55 - - [23/Nov/2023:12:22:01 +0000] (0 s) "GET /wp-content/themes/headstart/stylesheets/theme.css?ver=3.5 HTTP/1.1" 200 36186 "http://lestoilesdesabine.fr/" "Mozilla/5.0 (Windows NT 10.0; Win64; x64) AppleWebKit/537.36 (KHTML, like Gecko) Chrome/100.0.4896.127 Safari/537.36" lestoilesdesabine.fr
40.94.36.98 - - [23/Nov/2023:12:22:01 +0000] (0 s) "GET /wp-content/plugins/wp-views/res/css/wpv-views-sorting.css?ver=3.5 HTTP/1.1" 200 229 "http://lestoilesdesabine.fr/" "Mozilla/5.0 (Windows NT 10.0; Win64; x64) AppleWebKit/537.36 (KHTML, like Gecko) Chrome/100.0.4896.127 Safari/537.36" lestoilesdesabine.fr
40.94.36.59 - - [23/Nov/2023:12:22:01 +0000] (0 s) "GET /wp-content/uploads/2017/10/la-voliere-150x150.jpg HTTP/1.1" 200 21109 "http://lestoilesdesabine.fr/" "Mozilla/5.0 (Windows NT 10.0; Win64; x64) AppleWebKit/537.36 (KHTML, like Gecko) Chrome/100.0.4896.127 Safari/537.36" lestoilesdesabine.fr
40.94.36.36 - - [23/Nov/2023:12:22:01 +0000] (0 s) "GET /wp-content/uploads/2012/12/sabine-peint-5.jpg HTTP/1.1" 200 318403 "http://lestoilesdesabine.fr/" "Mozilla/5.0 (Windows NT 10.0; Win64; x64) AppleWebKit/537.36 (KHTML, like Gecko) Chrome/100.0.4896.127 Safari/537.36" lestoilesdesabine.fr
40.94.36.42 - - [23/Nov/2023:12:22:01 +0000] (0 s) "GET /wp-includes/js/jquery/jquery.js?ver=1.8.3 HTTP/1.1" 200 33444 "http://lestoilesdesabine.fr/" "Mozilla/5.0 (Windows NT 10.0; Win64; x64) AppleWebKit/537.36 (KHTML, like Gecko) Chrome/100.0.4896.127 Safari/537.36" lestoilesdesabine.fr
40.94.36.42 - - [23/Nov/2023:12:22:02 +0000] (0 s) "GET /wp-includes/js/jquery/ui/jquery.ui.core.min.js?ver=1.9.2 HTTP/1.1" 200 2070 "http://lestoilesdesabine.fr/" "Mozilla/5.0 (Windows NT 10.0; Win64; x64) AppleWebKit/537.36 (KHTML, like Gecko) Chrome/100.0.4896.127 Safari/537.36" lestoilesdesabine.fr
40.94.36.36 - - [23/Nov/2023:12:22:02 +0000] (0 s) "GET /wp-includes/js/jquery/ui/jquery.ui.datepicker.min.js?ver=1.9.2 HTTP/1.1" 200 11060 "http://lestoilesdesabine.fr/" "Mozilla/5.0 (Windows NT 10.0; Win64; x64) AppleWebKit/537.36 (KHTML, like Gecko) Chrome/100.0.4896.127 Safari/537.36" lestoilesdesabine.fr
40.94.36.36 - - [23/Nov/2023:12:22:02 +0000] (0 s) "GET /wp-content/plugins/contact-form-7/includes/js/jquery.form.min.js?ver=3.23 HTTP/1.1" 200 5807 "http://lestoilesdesabine.fr/" "Mozilla/5.0 (Windows NT 10.0; Win64; x64) AppleWebKit/537.36 (KHTML, like Gecko) Chrome/100.0.4896.127 Safari/537.36" lestoilesdesabine.fr
40.94.36.3 - - [23/Nov/2023:12:22:02 +0000] (0 s) "GET /wp-content/plugins/contact-form-7/includes/js/scripts.js?ver=3.3.2 HTTP/1.1" 200 1803 "http://lestoilesdesabine.fr/" "Mozilla/5.0 (Windows NT 10.0; Win64; x64) AppleWebKit/537.36 (KHTML, like Gecko) Chrome/100.0.4896.127 Safari/537.36" lestoilesdesabine.fr
40.94.36.83 - - [23/Nov/2023:12:22:02 +0000] (0 s) "GET /wp-content/themes/headstart/javascripts/affix.js?ver=20120206 HTTP/1.1" 200 865 "http://lestoilesdesabine.fr/" "Mozilla/5.0 (Windows NT 10.0; Win64; x64) AppleWebKit/537.36 (KHTML, like Gecko) Chrome/100.0.4896.127 Safari/537.36" lestoilesdesabine.fr
40.94.36.54 - - [23/Nov/2023:12:22:02 +0000] (0 s) "GET /wp-content/themes/headstart/javascripts/foundation/app.js?ver=20120206 HTTP/1.1" 200 1137 "http://lestoilesdesabine.fr/" "Mozilla/5.0 (Windows NT 10.0; Win64; x64) AppleWebKit/537.36 (KHTML, like Gecko) Chrome/100.0.4896.127 Safari/537.36" lestoilesdesabine.fr
40.94.36.56 - - [23/Nov/2023:12:22:02 +0000] (0 s) "GET /wp-content/themes/headstart/javascripts/foundation/jquery.foundation.navigation.js?ver=20120206 HTTP/1.1" 200 615 "http://lestoilesdesabine.fr/" "Mozilla/5.0 (Windows NT 10.0; Win64; x64) AppleWebKit/537.36 (KHTML, like Gecko) Chrome/100.0.4896.127 Safari/537.36" lestoilesdesabine.fr
40.94.36.7 - - [23/Nov/2023:12:22:02 +0000] (0 s) "GET /wp-content/themes/headstart/javascripts/foundation/modernizr.foundation.js?ver=20120206 HTTP/1.1" 200 4092 "http://lestoilesdesabine.fr/" "Mozilla/5.0 (Windows NT 10.0; Win64; x64) AppleWebKit/537.36 (KHTML, like Gecko) Chrome/100.0.4896.127 Safari/537.36" lestoilesdesabine.fr
40.94.36.36 - - [23/Nov/2023:12:22:02 +0000] (0 s) "GET /wp-content/themes/headstart/javascripts/foundation/jquery.foundation.mediaQueryToggle.js?ver=20120206 HTTP/1.1" 200 585 "http://lestoilesdesabine.fr/" "Mozilla/5.0 (Windows NT 10.0; Win64; x64) AppleWebKit/537.36 (KHTML, like Gecko) Chrome/100.0.4896.127 Safari/537.36" lestoilesdesabine.fr
40.94.36.3 - - [23/Nov/2023:12:22:02 +0000] (0 s) "GET /wp-content/themes/headstart/images/background.jpg HTTP/1.1" 200 1127277 "http://lestoilesdesabine.fr/wp-content/themes/headstart/stylesheets/theme.css?ver=3.5" "Mozilla/5.0 (Windows NT 10.0; Win64; x64) AppleWebKit/537.36 (KHTML, like Gecko) Chrome/100.0.4896.127 Safari/537.36" lestoilesdesabine.fr
40.94.36.7 - - [23/Nov/2023:12:22:02 +0000] (0 s) "GET /wp-content/themes/headstart/javascripts/foundation/jquery.placeholder.js?ver=20120206 HTTP/1.1" 200 1490 "http://lestoilesdesabine.fr/" "Mozilla/5.0 (Windows NT 10.0; Win64; x64) AppleWebKit/537.36 (KHTML, like Gecko) Chrome/100.0.4896.127 Safari/537.36" lestoilesdesabine.fr
40.94.36.83 - - [23/Nov/2023:12:22:02 +0000] (0 s) "GET /wp-content/themes/headstart/javascripts/foundation/jquery.foundation.topbar.js?ver=20120206 HTTP/1.1" 200 1509 "http://lestoilesdesabine.fr/" "Mozilla/5.0 (Windows NT 10.0; Win64; x64) AppleWebKit/537.36 (KHTML, like Gecko) Chrome/100.0.4896.127 Safari/537.36" lestoilesdesabine.fr
40.94.36.56 - - [23/Nov/2023:12:22:02 +0000] (0 s) "GET /wp-content/themes/headstart/fonts/MarckScript.woff HTTP/1.1" 200 19496 "http://lestoilesdesabine.fr/wp-content/themes/headstart/stylesheets/theme.css?ver=3.5" "Mozilla/5.0 (Windows NT 10.0; Win64; x64) AppleWebKit/537.36 (KHTML, like Gecko) Chrome/100.0.4896.127 Safari/537.36" lestoilesdesabine.fr
185.107.56.93 - - [23/Nov/2023:12:22:03 +0000] (0 s) "GET /contact/ HTTP/1.1" 200 4651 "http://lestoilesdesabine.fr/contact/" "Mozilla/5.0 (Windows NT 6.1) AppleWebKit/537.36 (KHTML, like Gecko) Chrome/103.0.5060.114 Safari/537.36" lestoilesdesabine.fr
185.107.56.93 - - [23/Nov/2023:12:22:03 +0000] (1 s) "POST /contact/ HTTP/1.1" 200 130 "http://lestoilesdesabine.fr/contact/" "Mozilla/5.0 (Windows NT 6.1) AppleWebKit/537.36 (KHTML, like Gecko) Chrome/103.0.5060.114 Safari/537.36" lestoilesdesabine.fr
40.94.36.15 - - [23/Nov/2023:12:22:09 +0000] (0 s) "GET /favicon.ico HTTP/1.1" 200 - "http://lestoilesdesabine.fr/" "Mozilla/5.0 (Windows NT 10.0; Win64; x64) AppleWebKit/537.36 (KHTML, like Gecko) Chrome/100.0.4896.127 Safari/537.36" lestoilesdesabine.fr
82.147.85.158 - - [23/Nov/2023:12:22:12 +0000] (0 s) "POST /contact/ HTTP/1.1" 200 170 "http://lestoilesdesabine.fr/contact/" "Mozilla/5.0 (Windows NT 6.3; Win64; x64) AppleWebKit/537.36 (KHTML, like Gecko) Chrome/103.0.5060.53 Safari/537.36" lestoilesdesabine.fr
146.70.86.121 - - [23/Nov/2023:12:22:24 +0000] (1 s) "POST /contact/ HTTP/1.1" 200 130 "http://lestoilesdesabine.fr/contact/" "Mozilla/5.0 (Windows NT 6.2; Win64; x64) AppleWebKit/537.36 (KHTML, like Gecko) Chrome/103.0.0.0 Safari/537.36" lestoilesdesabine.fr
185.107.80.192 - - [23/Nov/2023:12:23:22 +0000] (1 s) "POST /contact/ HTTP/1.1" 200 130 "http://lestoilesdesabine.fr/contact/" "Mozilla/5.0 (Windows NT 6.1; Win64; x64) AppleWebKit/537.36 (KHTML, like Gecko) Chrome/103.0.0.0 Safari/537.36" lestoilesdesabine.fr
82.147.85.158 - - [23/Nov/2023:12:24:09 +0000] (0 s) "GET /contact/ HTTP/1.1" 200 4651 "http://lestoilesdesabine.fr/contact/" "Mozilla/5.0 (Windows NT 6.3; Win64; x64) AppleWebKit/537.36 (KHTML, like Gecko) Chrome/103.0.5060.66 Safari/537.36" lestoilesdesabine.fr
82.147.85.158 - - [23/Nov/2023:12:24:10 +0000] (0 s) "POST /contact/ HTTP/1.1" 200 170 "http://lestoilesdesabine.fr/contact/" "Mozilla/5.0 (Windows NT 6.3; Win64; x64) AppleWebKit/537.36 (KHTML, like Gecko) Chrome/103.0.5060.66 Safari/537.36" lestoilesdesabine.fr
82.147.85.158 - - [23/Nov/2023:12:26:05 +0000] (0 s) "POST /contact/ HTTP/1.1" 200 170 "http://lestoilesdesabine.fr/contact/" "Mozilla/5.0 (Windows NT 6.3; Win64; x64) AppleWebKit/537.36 (KHTML, like Gecko) Chrome/103.0.5060.53 Safari/537.36" lestoilesdesabine.fr
185.107.44.218 - - [23/Nov/2023:12:27:18 +0000] (0 s) "GET /contact/ HTTP/1.1" 200 4651 "http://lestoilesdesabine.fr/contact/" "Mozilla/5.0 (Windows NT 10.0; Win64; x64) AppleWebKit/537.36 (KHTML, like Gecko) Chrome/103.0.5060.134 Safari/537.36" lestoilesdesabine.fr
185.107.44.218 - - [23/Nov/2023:12:27:18 +0000] (1 s) "POST /contact/ HTTP/1.1" 200 130 "http://lestoilesdesabine.fr/contact/" "Mozilla/5.0 (Windows NT 10.0; Win64; x64) AppleWebKit/537.36 (KHTML, like Gecko) Chrome/103.0.5060.134 Safari/537.36" lestoilesdesabine.fr
138.199.7.131 - - [23/Nov/2023:12:27:25 +0000] (1 s) "POST /contact/ HTTP/1.1" 200 130 "http://lestoilesdesabine.fr/contact/" "Mozilla/5.0 (Windows NT 6.3; Win64; x64) AppleWebKit/537.36 (KHTML, like Gecko) Chrome/103.0.0.0 Safari/537.36" lestoilesdesabine.fr
185.107.44.120 - - [23/Nov/2023:12:27:41 +0000] (1 s) "POST /contact/ HTTP/1.1" 200 130 "http://lestoilesdesabine.fr/contact/" "Mozilla/5.0 (Windows NT 6.1; Win64; x64) AppleWebKit/537.36 (KHTML, like Gecko) Chrome/103.0.5060.66 Safari/537.36" lestoilesdesabine.fr
82.147.85.158 - - [23/Nov/2023:12:27:59 +0000] (0 s) "POST /contact/ HTTP/1.1" 200 170 "http://lestoilesdesabine.fr/contact/" "Mozilla/5.0 (Windows NT 6.3) AppleWebKit/537.36 (KHTML, like Gecko) Chrome/103.0.0.0 Safari/537.36" lestoilesdesabine.fr
82.147.85.158 - - [23/Nov/2023:12:29:56 +0000] (0 s) "GET /contact/ HTTP/1.1" 200 4651 "http://lestoilesdesabine.fr/contact/" "Mozilla/5.0 (Windows NT 10.0; Win64; x64) AppleWebKit/537.36 (KHTML, like Gecko) Chrome/103.0.5060.134 Safari/537.36" lestoilesdesabine.fr
82.147.85.158 - - [23/Nov/2023:12:29:56 +0000] (0 s) "POST /contact/ HTTP/1.1" 200 270 "http://lestoilesdesabine.fr/contact/" "Mozilla/5.0 (Windows NT 10.0; Win64; x64) AppleWebKit/537.36 (KHTML, like Gecko) Chrome/103.0.5060.134 Safari/537.36" lestoilesdesabine.fr
185.107.56.93 - - [23/Nov/2023:12:30:01 +0000] (1 s) "POST /contact/ HTTP/1.1" 200 130 "http://lestoilesdesabine.fr/contact/" "Mozilla/5.0 (Windows NT 6.1; Win64; x64) AppleWebKit/537.36 (KHTML, like Gecko) Chrome/103.0.0.0 Safari/537.36" lestoilesdesabine.fr
185.107.80.192 - - [23/Nov/2023:12:30:07 +0000] (1 s) "POST /contact/ HTTP/1.1" 200 130 "http://lestoilesdesabine.fr/contact/" "Mozilla/5.0 (Windows NT 10.0; Win64; x64) AppleWebKit/537.36 (KHTML, like Gecko) Chrome/103.0.0.0 Safari/537.36" lestoilesdesabine.fr
20.109.112.126 - - [23/Nov/2023:12:31:36 +0000] (0 s) "GET / HTTP/1.1" 200 5322 "-" "Mozilla/5.0 (Windows NT 10.0; Win64; x64) AppleWebKit/537.36 (KHTML, like Gecko) Chrome/100.0.4896.127 Safari/537.36" lestoilesdesabine.fr
20.109.112.126 - - [23/Nov/2023:12:31:37 +0000] (0 s) "GET /wp-content/plugins/contact-form-7/includes/css/styles.css?ver=3.3.2 HTTP/1.1" 200 393 "http://lestoilesdesabine.fr/" "Mozilla/5.0 (Windows NT 10.0; Win64; x64) AppleWebKit/537.36 (KHTML, like Gecko) Chrome/100.0.4896.127 Safari/537.36" lestoilesdesabine.fr
20.109.112.126 - - [23/Nov/2023:12:31:37 +0000] (0 s) "GET /wp-content/plugins/wp-views/res/css/wpv-views-sorting.css?ver=3.5 HTTP/1.1" 200 229 "http://lestoilesdesabine.fr/" "Mozilla/5.0 (Windows NT 10.0; Win64; x64) AppleWebKit/537.36 (KHTML, like Gecko) Chrome/100.0.4896.127 Safari/537.36" lestoilesdesabine.fr
20.109.112.126 - - [23/Nov/2023:12:31:37 +0000] (0 s) "GET /wp-includes/js/jquery/jquery.js?ver=1.8.3 HTTP/1.1" 200 33444 "http://lestoilesdesabine.fr/" "Mozilla/5.0 (Windows NT 10.0; Win64; x64) AppleWebKit/537.36 (KHTML, like Gecko) Chrome/100.0.4896.127 Safari/537.36" lestoilesdesabine.fr
20.109.112.126 - - [23/Nov/2023:12:31:37 +0000] (0 s) "GET /wp-content/themes/headstart/stylesheets/theme.css?ver=3.5 HTTP/1.1" 200 36186 "http://lestoilesdesabine.fr/" "Mozilla/5.0 (Windows NT 10.0; Win64; x64) AppleWebKit/537.36 (KHTML, like Gecko) Chrome/100.0.4896.127 Safari/537.36" lestoilesdesabine.fr
20.109.112.126 - - [23/Nov/2023:12:31:37 +0000] (0 s) "GET /wp-content/uploads/2017/10/la-voliere-150x150.jpg HTTP/1.1" 200 21109 "http://lestoilesdesabine.fr/" "Mozilla/5.0 (Windows NT 10.0; Win64; x64) AppleWebKit/537.36 (KHTML, like Gecko) Chrome/100.0.4896.127 Safari/537.36" lestoilesdesabine.fr
20.109.112.126 - - [23/Nov/2023:12:31:37 +0000] (0 s) "GET /wp-content/uploads/2012/12/sabine-peint-5.jpg HTTP/1.1" 200 318403 "http://lestoilesdesabine.fr/" "Mozilla/5.0 (Windows NT 10.0; Win64; x64) AppleWebKit/537.36 (KHTML, like Gecko) Chrome/100.0.4896.127 Safari/537.36" lestoilesdesabine.fr
20.109.112.126 - - [23/Nov/2023:12:31:37 +0000] (0 s) "GET /wp-includes/js/jquery/ui/jquery.ui.core.min.js?ver=1.9.2 HTTP/1.1" 200 2070 "http://lestoilesdesabine.fr/" "Mozilla/5.0 (Windows NT 10.0; Win64; x64) AppleWebKit/537.36 (KHTML, like Gecko) Chrome/100.0.4896.127 Safari/537.36" lestoilesdesabine.fr
20.109.112.126 - - [23/Nov/2023:12:31:37 +0000] (0 s) "GET /wp-content/plugins/contact-form-7/includes/js/scripts.js?ver=3.3.2 HTTP/1.1" 200 1803 "http://lestoilesdesabine.fr/" "Mozilla/5.0 (Windows NT 10.0; Win64; x64) AppleWebKit/537.36 (KHTML, like Gecko) Chrome/100.0.4896.127 Safari/537.36" lestoilesdesabine.fr
20.109.112.126 - - [23/Nov/2023:12:31:37 +0000] (0 s) "GET /wp-includes/js/jquery/ui/jquery.ui.datepicker.min.js?ver=1.9.2 HTTP/1.1" 200 11060 "http://lestoilesdesabine.fr/" "Mozilla/5.0 (Windows NT 10.0; Win64; x64) AppleWebKit/537.36 (KHTML, like Gecko) Chrome/100.0.4896.127 Safari/537.36" lestoilesdesabine.fr
20.109.112.126 - - [23/Nov/2023:12:31:37 +0000] (0 s) "GET /wp-content/themes/headstart/javascripts/affix.js?ver=20120206 HTTP/1.1" 200 865 "http://lestoilesdesabine.fr/" "Mozilla/5.0 (Windows NT 10.0; Win64; x64) AppleWebKit/537.36 (KHTML, like Gecko) Chrome/100.0.4896.127 Safari/537.36" lestoilesdesabine.fr
20.109.112.126 - - [23/Nov/2023:12:31:37 +0000] (0 s) "GET /wp-content/plugins/contact-form-7/includes/js/jquery.form.min.js?ver=3.23 HTTP/1.1" 200 5807 "http://lestoilesdesabine.fr/" "Mozilla/5.0 (Windows NT 10.0; Win64; x64) AppleWebKit/537.36 (KHTML, like Gecko) Chrome/100.0.4896.127 Safari/537.36" lestoilesdesabine.fr
20.109.112.126 - - [23/Nov/2023:12:31:37 +0000] (0 s) "GET /wp-content/themes/headstart/javascripts/foundation/modernizr.foundation.js?ver=20120206 HTTP/1.1" 200 4092 "http://lestoilesdesabine.fr/" "Mozilla/5.0 (Windows NT 10.0; Win64; x64) AppleWebKit/537.36 (KHTML, like Gecko) Chrome/100.0.4896.127 Safari/537.36" lestoilesdesabine.fr
20.109.112.126 - - [23/Nov/2023:12:31:37 +0000] (0 s) "GET /wp-content/themes/headstart/javascripts/foundation/app.js?ver=20120206 HTTP/1.1" 200 1137 "http://lestoilesdesabine.fr/" "Mozilla/5.0 (Windows NT 10.0; Win64; x64) AppleWebKit/537.36 (KHTML, like Gecko) Chrome/100.0.4896.127 Safari/537.36" lestoilesdesabine.fr
20.109.112.126 - - [23/Nov/2023:12:31:37 +0000] (0 s) "GET /wp-content/themes/headstart/fonts/MarckScript.woff HTTP/1.1" 200 19496 "http://lestoilesdesabine.fr/wp-content/themes/headstart/stylesheets/theme.css?ver=3.5" "Mozilla/5.0 (Windows NT 10.0; Win64; x64) AppleWebKit/537.36 (KHTML, like Gecko) Chrome/100.0.4896.127 Safari/537.36" lestoilesdesabine.fr
