lestoilesdesabine.fr
185.107.80.104 - - [21/Nov/2023:16:57:48 +0000] (0 s) "POST /contact/ HTTP/1.1" 200 170 "http://lestoilesdesabine.fr/contact/" "Mozilla/5.0 (Windows NT 10.0; Win64; x64) AppleWebKit/537.36 (KHTML, like Gecko) Chrome/103.0.0.0 Safari/537.36" lestoilesdesabine.fr
185.107.44.117 - - [21/Nov/2023:16:58:48 +0000] (1 s) "POST /contact/ HTTP/1.1" 200 130 "http://lestoilesdesabine.fr/contact/" "Mozilla/5.0 (Windows NT 10.0; Win64; x64) AppleWebKit/537.36 (KHTML, like Gecko) Chrome/103.0.0.0 Safari/537.36 OpenWave/97.4.2043.44" lestoilesdesabine.fr
82.147.85.158 - - [21/Nov/2023:16:58:52 +0000] (0 s) "POST /contact/ HTTP/1.1" 200 170 "http://lestoilesdesabine.fr/contact/" "Mozilla/5.0 (Windows NT 10.0) AppleWebKit/537.36 (KHTML, like Gecko) Chrome/103.0.0.0 Safari/537.36" lestoilesdesabine.fr
185.107.80.170 - - [21/Nov/2023:16:59:49 +0000] (0 s) "GET /contact/ HTTP/1.1" 200 4651 "http://lestoilesdesabine.fr/contact/" "Mozilla/5.0 (Windows NT 6.3; Win64; x64) AppleWebKit/537.36 (KHTML, like Gecko) Chrome/103.0.5060.66 Safari/537.36" lestoilesdesabine.fr
185.107.80.170 - - [21/Nov/2023:16:59:49 +0000] (1 s) "POST /contact/ HTTP/1.1" 200 130 "http://lestoilesdesabine.fr/contact/" "Mozilla/5.0 (Windows NT 6.3; Win64; x64) AppleWebKit/537.36 (KHTML, like Gecko) Chrome/103.0.5060.66 Safari/537.36" lestoilesdesabine.fr
185.107.44.94 - - [21/Nov/2023:17:00:49 +0000] (0 s) "POST /contact/ HTTP/1.1" 200 170 "http://lestoilesdesabine.fr/contact/" "Mozilla/5.0 (Windows NT 10.0; Win64; x64) AppleWebKit/537.36 (KHTML, like Gecko) Chrome/103.0.0.0 Safari/537.36 Herring/95.1.8810.11" lestoilesdesabine.fr
82.147.85.158 - - [21/Nov/2023:17:00:50 +0000] (0 s) "POST /contact/ HTTP/1.1" 200 170 "http://lestoilesdesabine.fr/contact/" "Mozilla/5.0 (Windows NT 6.1) AppleWebKit/537.36 (KHTML, like Gecko) Chrome/103.0.0.0 Safari/537.36" lestoilesdesabine.fr
82.147.85.158 - - [21/Nov/2023:17:02:48 +0000] (0 s) "GET /contact/ HTTP/1.1" 200 4651 "http://lestoilesdesabine.fr/contact/" "Mozilla/5.0 (Windows NT 10.0; Win64; x64) AppleWebKit/537.36 (KHTML, like Gecko) Chrome/103.0.5060.114 Safari/537.36" lestoilesdesabine.fr
82.147.85.158 - - [21/Nov/2023:17:02:48 +0000] (0 s) "POST /contact/ HTTP/1.1" 200 170 "http://lestoilesdesabine.fr/contact/" "Mozilla/5.0 (Windows NT 10.0; Win64; x64) AppleWebKit/537.36 (KHTML, like Gecko) Chrome/103.0.5060.114 Safari/537.36" lestoilesdesabine.fr
82.147.85.158 - - [21/Nov/2023:17:04:46 +0000] (1 s) "POST /contact/ HTTP/1.1" 200 130 "http://lestoilesdesabine.fr/contact/" "Mozilla/5.0 (Windows NT 6.3; Win64; x64) AppleWebKit/537.36 (KHTML, like Gecko) Chrome/103.0.5060.53 Safari/537.36" lestoilesdesabine.fr
185.107.83.2 - - [21/Nov/2023:17:05:46 +0000] (0 s) "GET /contact/ HTTP/1.1" 200 4651 "http://lestoilesdesabine.fr/contact/" "Mozilla/5.0 (Windows NT 6.3; Win64; x64) AppleWebKit/537.36 (KHTML, like Gecko) Chrome/103.0.5060.53 Safari/537.36" lestoilesdesabine.fr
185.107.83.2 - - [21/Nov/2023:17:05:46 +0000] (0 s) "POST /contact/ HTTP/1.1" 200 170 "http://lestoilesdesabine.fr/contact/" "Mozilla/5.0 (Windows NT 6.3; Win64; x64) AppleWebKit/537.36 (KHTML, like Gecko) Chrome/103.0.5060.53 Safari/537.36" lestoilesdesabine.fr
185.107.80.104 - - [21/Nov/2023:17:05:47 +0000] (0 s) "POST /contact/ HTTP/1.1" 200 170 "http://lestoilesdesabine.fr/contact/" "Mozilla/5.0 (Windows NT 10.0; Win64; x64) AppleWebKit/537.36 (KHTML, like Gecko) Chrome/103.0.5060.134 Safari/537.36" lestoilesdesabine.fr
146.70.86.125 - - [21/Nov/2023:17:06:18 +0000] (1 s) "POST /contact/ HTTP/1.1" 200 130 "http://lestoilesdesabine.fr/contact/" "Mozilla/5.0 (Windows NT 10.0; Win64; x64) AppleWebKit/537.36 (KHTML, like Gecko) Chrome/103.0.5060.66 Safari/537.36" lestoilesdesabine.fr
82.147.85.158 - - [21/Nov/2023:17:06:42 +0000] (0 s) "POST /contact/ HTTP/1.1" 200 170 "http://lestoilesdesabine.fr/contact/" "Mozilla/5.0 (Windows NT 6.1; Win64; x64) AppleWebKit/537.36 (KHTML, like Gecko) Chrome/103.0.5060.114 Safari/537.36" lestoilesdesabine.fr
185.107.44.117 - - [21/Nov/2023:17:07:00 +0000] (1 s) "POST /contact/ HTTP/1.1" 200 130 "http://lestoilesdesabine.fr/contact/" "Mozilla/5.0 (Windows NT 6.3) AppleWebKit/537.36 (KHTML, like Gecko) Chrome/103.0.0.0 Safari/537.36" lestoilesdesabine.fr
185.107.80.170 - - [21/Nov/2023:17:07:55 +0000] (0 s) "GET /contact/ HTTP/1.1" 200 4651 "http://lestoilesdesabine.fr/contact/" "Mozilla/5.0 (Windows NT 10.0; WOW64) AppleWebKit/537.36 (KHTML, like Gecko) Chrome/103.0.0.0 Safari/537.36" lestoilesdesabine.fr
185.107.80.170 - - [21/Nov/2023:17:07:55 +0000] (1 s) "POST /contact/ HTTP/1.1" 200 130 "http://lestoilesdesabine.fr/contact/" "Mozilla/5.0 (Windows NT 10.0; WOW64) AppleWebKit/537.36 (KHTML, like Gecko) Chrome/103.0.0.0 Safari/537.36" lestoilesdesabine.fr
82.147.85.158 - - [21/Nov/2023:17:08:37 +0000] (0 s) "POST /contact/ HTTP/1.1" 200 170 "http://lestoilesdesabine.fr/contact/" "Mozilla/5.0 (Windows NT 6.1; Win64; x64) AppleWebKit/537.36 (KHTML, like Gecko) Chrome/103.0.5060.114 Safari/537.36" lestoilesdesabine.fr
185.107.44.94 - - [21/Nov/2023:17:09:07 +0000] (1 s) "POST /contact/ HTTP/1.1" 200 130 "http://lestoilesdesabine.fr/contact/" "Mozilla/5.0 (Windows NT 6.1; Win64; x64) AppleWebKit/537.36 (KHTML, like Gecko) Chrome/103.0.0.0 Safari/537.36" lestoilesdesabine.fr
82.147.85.158 - - [21/Nov/2023:17:10:32 +0000] (0 s) "GET /contact/ HTTP/1.1" 200 4651 "http://lestoilesdesabine.fr/contact/" "Mozilla/5.0 (Windows NT 6.3; Win64; x64) AppleWebKit/537.36 (KHTML, like Gecko) Chrome/103.0.5060.114 Safari/537.36" lestoilesdesabine.fr
82.147.85.158 - - [21/Nov/2023:17:10:32 +0000] (0 s) "POST /contact/ HTTP/1.1" 200 170 "http://lestoilesdesabine.fr/contact/" "Mozilla/5.0 (Windows NT 6.3; Win64; x64) AppleWebKit/537.36 (KHTML, like Gecko) Chrome/103.0.5060.114 Safari/537.36" lestoilesdesabine.fr
82.147.85.158 - - [21/Nov/2023:17:12:29 +0000] (0 s) "POST /contact/ HTTP/1.1" 200 170 "http://lestoilesdesabine.fr/contact/" "Mozilla/5.0 (Windows NT 6.1; WOW64) AppleWebKit/537.36 (KHTML, like Gecko) Chrome/103.0.0.0 Safari/537.36" lestoilesdesabine.fr
185.107.83.2 - - [21/Nov/2023:17:13:16 +0000] (0 s) "GET /contact/ HTTP/1.1" 200 4651 "http://lestoilesdesabine.fr/contact/" "Mozilla/5.0 (Windows NT 10.0; Win64; x64) AppleWebKit/537.36 (KHTML, like Gecko) Chrome/103.0.5060.134 Safari/537.36" lestoilesdesabine.fr
185.107.83.2 - - [21/Nov/2023:17:13:16 +0000] (1 s) "POST /contact/ HTTP/1.1" 200 130 "http://lestoilesdesabine.fr/contact/" "Mozilla/5.0 (Windows NT 10.0; Win64; x64) AppleWebKit/537.36 (KHTML, like Gecko) Chrome/103.0.5060.134 Safari/537.36" lestoilesdesabine.fr
189.203.8.121 - - [21/Nov/2023:17:13:35 +0000] (0 s) "GET /wp-content/plugins/wp-fastest-cache/readme.txt HTTP/1.1" 404 28056 "-" "Mozilla/5.0 (compatible; MSIE 8.0; Windows NT 10.0; WOW64; Trident/4.0)" lestoilesdesabine.fr
185.107.80.104 - - [21/Nov/2023:17:13:40 +0000] (1 s) "POST /contact/ HTTP/1.1" 200 130 "http://lestoilesdesabine.fr/contact/" "Mozilla/5.0 (Windows NT 10.0; Win64; x64) AppleWebKit/537.36 (KHTML, like Gecko) Chrome/103.0.5042.0 Safari/537.36" lestoilesdesabine.fr
44.197.235.167 - - [21/Nov/2023:17:14:10 +0000] (0 s) "GET /serie/geishas/ HTTP/1.1" 200 6537 "-" "CCBot/2.0 (https://commoncrawl.org/faq/)" lestoilesdesabine.fr
82.147.85.158 - - [21/Nov/2023:17:14:27 +0000] (1 s) "POST /contact/ HTTP/1.1" 200 130 "http://lestoilesdesabine.fr/contact/" "Mozilla/5.0 (Windows NT 6.3; WOW64) AppleWebKit/537.36 (KHTML, like Gecko) Chrome/103.0.5060.114 Safari/537.36" lestoilesdesabine.fr
185.107.44.117 - - [21/Nov/2023:17:15:26 +0000] (0 s) "GET /contact/ HTTP/1.1" 200 4651 "http://lestoilesdesabine.fr/contact/" "Mozilla/5.0 (Windows NT 10.0; Win64; x64) AppleWebKit/537.36 (KHTML, like Gecko) Chrome/103.0.5060.66 Safari/537.36" lestoilesdesabine.fr
185.107.44.117 - - [21/Nov/2023:17:15:26 +0000] (1 s) "POST /contact/ HTTP/1.1" 200 130 "http://lestoilesdesabine.fr/contact/" "Mozilla/5.0 (Windows NT 10.0; Win64; x64) AppleWebKit/537.36 (KHTML, like Gecko) Chrome/103.0.5060.66 Safari/537.36" lestoilesdesabine.fr
146.70.86.125 - - [21/Nov/2023:17:15:44 +0000] (1 s) "POST /contact/ HTTP/1.1" 200 130 "http://lestoilesdesabine.fr/contact/" "Mozilla/5.0 (Windows NT 10.0; Win64; x64) AppleWebKit/537.36 (KHTML, like Gecko) Chrome/103.0.5042.0 Safari/537.36" lestoilesdesabine.fr
185.107.80.170 - - [21/Nov/2023:17:16:01 +0000] (0 s) "POST /contact/ HTTP/1.1" 200 170 "http://lestoilesdesabine.fr/contact/" "Mozilla/5.0 (Windows NT 6.3; Win64; x64) AppleWebKit/537.36 (KHTML, like Gecko) Chrome/103.0.5060.114 Safari/537.36" lestoilesdesabine.fr
82.147.85.158 - - [21/Nov/2023:17:16:24 +0000] (0 s) "POST /contact/ HTTP/1.1" 200 170 "http://lestoilesdesabine.fr/contact/" "Mozilla/5.0 (Windows NT 6.1; WOW64) AppleWebKit/537.36 (KHTML, like Gecko) Chrome/103.0.0.0 Safari/537.36" lestoilesdesabine.fr
185.107.44.94 - - [21/Nov/2023:17:17:20 +0000] (1 s) "POST /contact/ HTTP/1.1" 200 130 "http://lestoilesdesabine.fr/contact/" "Mozilla/5.0 (Windows NT 10.0; WOW64) AppleWebKit/537.36 (KHTML, like Gecko) Chrome/103.0.0.0 Safari/537.36" lestoilesdesabine.fr
82.147.85.158 - - [21/Nov/2023:17:18:20 +0000] (0 s) "GET /contact/ HTTP/1.1" 200 4651 "http://lestoilesdesabine.fr/contact/" "Mozilla/5.0 (Windows NT 6.3; Win64; x64) AppleWebKit/537.36 (KHTML, like Gecko) Chrome/103.0.5060.53 Safari/537.36" lestoilesdesabine.fr
82.147.85.158 - - [21/Nov/2023:17:18:20 +0000] (0 s) "POST /contact/ HTTP/1.1" 200 170 "http://lestoilesdesabine.fr/contact/" "Mozilla/5.0 (Windows NT 6.3; Win64; x64) AppleWebKit/537.36 (KHTML, like Gecko) Chrome/103.0.5060.53 Safari/537.36" lestoilesdesabine.fr
82.147.85.158 - - [21/Nov/2023:17:20:17 +0000] (0 s) "POST /contact/ HTTP/1.1" 200 170 "http://lestoilesdesabine.fr/contact/" "Mozilla/5.0 (Windows NT 6.1) AppleWebKit/537.36 (KHTML, like Gecko) Chrome/103.0.5060.114 Safari/537.36" lestoilesdesabine.fr
185.107.83.2 - - [21/Nov/2023:17:20:53 +0000] (0 s) "GET /contact/ HTTP/1.1" 200 4651 "http://lestoilesdesabine.fr/contact/" "Mozilla/5.0 (Windows NT 10.0; WOW64) AppleWebKit/537.36 (KHTML, like Gecko) Chrome/103.0.5060.114 Safari/537.36" lestoilesdesabine.fr
185.107.83.2 - - [21/Nov/2023:17:20:53 +0000] (1 s) "POST /contact/ HTTP/1.1" 200 130 "http://lestoilesdesabine.fr/contact/" "Mozilla/5.0 (Windows NT 10.0; WOW64) AppleWebKit/537.36 (KHTML, like Gecko) Chrome/103.0.5060.114 Safari/537.36" lestoilesdesabine.fr
185.107.80.104 - - [21/Nov/2023:17:21:37 +0000] (1 s) "POST /contact/ HTTP/1.1" 200 130 "http://lestoilesdesabine.fr/contact/" "Mozilla/5.0 (Windows NT 10.0; Win64; x64) AppleWebKit/537.36 (KHTML, like Gecko) Chrome/103.0.5060.53 Safari/537.36" lestoilesdesabine.fr
82.147.85.158 - - [21/Nov/2023:17:22:13 +0000] (0 s) "POST /contact/ HTTP/1.1" 200 270 "http://lestoilesdesabine.fr/contact/" "Mozilla/5.0 (Windows NT 6.3; Win64; x64) AppleWebKit/537.36 (KHTML, like Gecko) Chrome/103.0.5060.66 Safari/537.36" lestoilesdesabine.fr
185.107.44.117 - - [21/Nov/2023:17:23:37 +0000] (0 s) "GET /contact/ HTTP/1.1" 200 4651 "http://lestoilesdesabine.fr/contact/" "Mozilla/5.0 (Windows NT 6.3; WOW64) AppleWebKit/537.36 (KHTML, like Gecko) Chrome/103.0.0.0 Safari/537.36" lestoilesdesabine.fr
185.107.44.117 - - [21/Nov/2023:17:23:37 +0000] (1 s) "POST /contact/ HTTP/1.1" 200 130 "http://lestoilesdesabine.fr/contact/" "Mozilla/5.0 (Windows NT 6.3; WOW64) AppleWebKit/537.36 (KHTML, like Gecko) Chrome/103.0.0.0 Safari/537.36" lestoilesdesabine.fr
185.107.80.170 - - [21/Nov/2023:17:23:57 +0000] (0 s) "POST /contact/ HTTP/1.1" 200 170 "http://lestoilesdesabine.fr/contact/" "Mozilla/5.0 (Windows NT 6.1; Win64; x64) AppleWebKit/537.36 (KHTML, like Gecko) Chrome/103.0.5060.114 Safari/537.36" lestoilesdesabine.fr
82.147.85.158 - - [21/Nov/2023:17:24:10 +0000] (0 s) "POST /contact/ HTTP/1.1" 200 170 "http://lestoilesdesabine.fr/contact/" "Mozilla/5.0 (Windows NT 10.0; WOW64) AppleWebKit/537.36 (KHTML, like Gecko) Chrome/103.0.5060.114 Safari/537.36" lestoilesdesabine.fr
146.70.86.125 - - [21/Nov/2023:17:24:56 +0000] (0 s) "POST /contact/ HTTP/1.1" 200 170 "http://lestoilesdesabine.fr/contact/" "Mozilla/5.0 (Windows NT 6.1; Win64; x64) AppleWebKit/537.36 (KHTML, like Gecko) Chrome/103.0.5060.114 Safari/537.36" lestoilesdesabine.fr
2a01:7c8:fffd:418:5054:ff:fe80:65b2 - - [21/Nov/2023:17:25:28 +0000] (0 s) "POST /wp-login.php HTTP/1.1" 200 1575 "-" "Mozilla/5.0 (Windows NT 10.0; Win64; x64) AppleWebKit/537.36 (KHTML, like Gecko) Chrome/78.0.3904.70 Safari/537.36" lestoilesdesabine.fr
185.107.44.94 - - [21/Nov/2023:17:25:44 +0000] (0 s) "GET /contact/ HTTP/1.1" 200 4651 "http://lestoilesdesabine.fr/contact/" "Mozilla/5.0 (Windows NT 10.0; Win64; x64) AppleWebKit/537.36 (KHTML, like Gecko) Chrome/103.0.0.0 Safari/537.36" lestoilesdesabine.fr
185.107.44.94 - - [21/Nov/2023:17:25:44 +0000] (1 s) "POST /contact/ HTTP/1.1" 200 130 "http://lestoilesdesabine.fr/contact/" "Mozilla/5.0 (Windows NT 10.0; Win64; x64) AppleWebKit/537.36 (KHTML, like Gecko) Chrome/103.0.0.0 Safari/537.36" lestoilesdesabine.fr
82.147.85.158 - - [21/Nov/2023:17:26:09 +0000] (0 s) "POST /contact/ HTTP/1.1" 200 170 "http://lestoilesdesabine.fr/contact/" "Mozilla/5.0 (Windows NT 6.1; Win64; x64) AppleWebKit/537.36 (KHTML, like Gecko) Chrome/103.0.0.0 Safari/537.36" lestoilesdesabine.fr
82.147.85.158 - - [21/Nov/2023:17:28:07 +0000] (0 s) "GET /contact/ HTTP/1.1" 200 4651 "http://lestoilesdesabine.fr/contact/" "Mozilla/5.0 (Windows NT 6.1; Win64; x64) AppleWebKit/537.36 (KHTML, like Gecko) Chrome/103.0.0.0 Safari/537.36" lestoilesdesabine.fr
82.147.85.158 - - [21/Nov/2023:17:28:07 +0000] (0 s) "POST /contact/ HTTP/1.1" 200 170 "http://lestoilesdesabine.fr/contact/" "Mozilla/5.0 (Windows NT 6.1; Win64; x64) AppleWebKit/537.36 (KHTML, like Gecko) Chrome/103.0.0.0 Safari/537.36" lestoilesdesabine.fr
185.107.83.2 - - [21/Nov/2023:17:29:02 +0000] (1 s) "POST /contact/ HTTP/1.1" 200 130 "http://lestoilesdesabine.fr/contact/" "Mozilla/5.0 (Windows NT 6.3; Win64; x64) AppleWebKit/537.36 (KHTML, like Gecko) Chrome/103.0.5060.66 Safari/537.36" lestoilesdesabine.fr
185.107.80.104 - - [21/Nov/2023:17:29:25 +0000] (0 s) "POST /contact/ HTTP/1.1" 200 170 "http://lestoilesdesabine.fr/contact/" "Mozilla/5.0 (Windows NT 6.1; Win64; x64) AppleWebKit/537.36 (KHTML, like Gecko) Chrome/103.0.0.0 Safari/537.36" lestoilesdesabine.fr
82.147.85.158 - - [21/Nov/2023:17:30:05 +0000] (1 s) "POST /contact/ HTTP/1.1" 200 130 "http://lestoilesdesabine.fr/contact/" "Mozilla/5.0 (Windows NT 6.3; Win64; x64) AppleWebKit/537.36 (KHTML, like Gecko) Chrome/103.0.0.0 Safari/537.36" lestoilesdesabine.fr
185.107.80.170 - - [21/Nov/2023:17:31:58 +0000] (0 s) "GET /contact/ HTTP/1.1" 200 4651 "http://lestoilesdesabine.fr/contact/" "Mozilla/5.0 (Windows NT 6.3) AppleWebKit/537.36 (KHTML, like Gecko) Chrome/103.0.0.0 Safari/537.36" lestoilesdesabine.fr
185.107.80.170 - - [21/Nov/2023:17:31:59 +0000] (1 s) "POST /contact/ HTTP/1.1" 200 130 "http://lestoilesdesabine.fr/contact/" "Mozilla/5.0 (Windows NT 6.3) AppleWebKit/537.36 (KHTML, like Gecko) Chrome/103.0.0.0 Safari/537.36" lestoilesdesabine.fr
185.107.44.117 - - [21/Nov/2023:17:31:59 +0000] (1 s) "POST /contact/ HTTP/1.1" 200 130 "http://lestoilesdesabine.fr/contact/" "Mozilla/5.0 (Windows NT 6.2; Win64; x64) AppleWebKit/537.36 (KHTML, like Gecko) Chrome/103.0.0.0 Safari/537.36" lestoilesdesabine.fr
82.147.85.158 - - [21/Nov/2023:17:32:02 +0000] (0 s) "POST /contact/ HTTP/1.1" 200 170 "http://lestoilesdesabine.fr/contact/" "Mozilla/5.0 (Windows NT 10.0) AppleWebKit/537.36 (KHTML, like Gecko) Chrome/103.0.0.0 Safari/537.36" lestoilesdesabine.fr
185.107.44.94 - - [21/Nov/2023:17:33:59 +0000] (0 s) "GET /contact/ HTTP/1.1" 200 4651 "http://lestoilesdesabine.fr/contact/" "Mozilla/5.0 (Windows NT 10.0; Win64; x64) AppleWebKit/537.36 (KHTML, like Gecko) Chrome/103.0.0.0 Safari/537.36 Herring/95.1.8810.11" lestoilesdesabine.fr
82.147.85.158 - - [21/Nov/2023:17:33:59 +0000] (0 s) "POST /contact/ HTTP/1.1" 200 170 "http://lestoilesdesabine.fr/contact/" "Mozilla/5.0 (Windows NT 6.3; Win64; x64) AppleWebKit/537.36 (KHTML, like Gecko) Chrome/103.0.5060.114 Safari/537.36" lestoilesdesabine.fr
185.107.44.94 - - [21/Nov/2023:17:33:59 +0000] (0 s) "POST /contact/ HTTP/1.1" 200 170 "http://lestoilesdesabine.fr/contact/" "Mozilla/5.0 (Windows NT 10.0; Win64; x64) AppleWebKit/537.36 (KHTML, like Gecko) Chrome/103.0.0.0 Safari/537.36 Herring/95.1.8810.11" lestoilesdesabine.fr
146.70.86.125 - - [21/Nov/2023:17:34:16 +0000] (1 s) "POST /contact/ HTTP/1.1" 200 130 "http://lestoilesdesabine.fr/contact/" "Mozilla/5.0 (Windows NT 6.3; WOW64) AppleWebKit/537.36 (KHTML, like Gecko) Chrome/103.0.0.0 Safari/537.36" lestoilesdesabine.fr
82.147.85.158 - - [21/Nov/2023:17:35:55 +0000] (0 s) "POST /contact/ HTTP/1.1" 200 170 "http://lestoilesdesabine.fr/contact/" "Mozilla/5.0 (Windows NT 6.1) AppleWebKit/537.36 (KHTML, like Gecko) Chrome/103.0.5060.114 Safari/537.36" lestoilesdesabine.fr
44.197.235.167 - - [21/Nov/2023:17:36:36 +0000] (0 s) "GET /serie/a-tire-daile/ HTTP/1.1" 200 7496 "-" "CCBot/2.0 (https://commoncrawl.org/faq/)" lestoilesdesabine.fr
185.107.83.2 - - [21/Nov/2023:17:36:43 +0000] (0 s) "GET /contact/ HTTP/1.1" 200 4651 "http://lestoilesdesabine.fr/contact/" "Mozilla/5.0 (Windows NT 6.1; Win64; x64) AppleWebKit/537.36 (KHTML, like Gecko) Chrome/103.0.5060.114 Safari/537.36" lestoilesdesabine.fr
185.107.83.2 - - [21/Nov/2023:17:36:43 +0000] (1 s) "POST /contact/ HTTP/1.1" 200 130 "http://lestoilesdesabine.fr/contact/" "Mozilla/5.0 (Windows NT 6.1; Win64; x64) AppleWebKit/537.36 (KHTML, like Gecko) Chrome/103.0.5060.114 Safari/537.36" lestoilesdesabine.fr
185.107.80.104 - - [21/Nov/2023:17:37:23 +0000] (0 s) "POST /contact/ HTTP/1.1" 200 170 "http://lestoilesdesabine.fr/contact/" "Mozilla/5.0 (Windows NT 10.0; Win64; x64) AppleWebKit/537.36 (KHTML, like Gecko) Chrome/103.0.5060.66 Safari/537.36" lestoilesdesabine.fr
82.147.85.158 - - [21/Nov/2023:17:37:52 +0000] (0 s) "POST /contact/ HTTP/1.1" 200 170 "http://lestoilesdesabine.fr/contact/" "Mozilla/5.0 (Windows NT 10.0; Win64; x64) AppleWebKit/537.36 (KHTML, like Gecko) Chrome/103.0.0.0 Safari/537.36" lestoilesdesabine.fr
82.147.85.158 - - [21/Nov/2023:17:39:51 +0000] (0 s) "GET /contact/ HTTP/1.1" 200 4651 "http://lestoilesdesabine.fr/contact/" "Mozilla/5.0 (Windows NT 10.0; Win64; x64) AppleWebKit/537.36 (KHTML, like Gecko) Chrome/103.0.5060.66 Safari/537.36" lestoilesdesabine.fr
82.147.85.158 - - [21/Nov/2023:17:39:52 +0000] (0 s) "POST /contact/ HTTP/1.1" 200 170 "http://lestoilesdesabine.fr/contact/" "Mozilla/5.0 (Windows NT 10.0; Win64; x64) AppleWebKit/537.36 (KHTML, like Gecko) Chrome/103.0.5060.66 Safari/537.36" lestoilesdesabine.fr
185.107.80.170 - - [21/Nov/2023:17:40:08 +0000] (1 s) "POST /contact/ HTTP/1.1" 200 130 "http://lestoilesdesabine.fr/contact/" "Mozilla/5.0 (Windows NT 10.0; Win64; x64) AppleWebKit/537.36 (KHTML, like Gecko) Chrome/103.0.5060.66 Safari/537.36" lestoilesdesabine.fr
185.107.44.117 - - [21/Nov/2023:17:40:14 +0000] (0 s) "POST /contact/ HTTP/1.1" 200 170 "http://lestoilesdesabine.fr/contact/" "Mozilla/5.0 (Windows NT 10.0; Win64; x64) AppleWebKit/537.36 (KHTML, like Gecko) Chrome/103.0.0.0 Safari/537.36" lestoilesdesabine.fr
82.147.85.158 - - [21/Nov/2023:17:41:48 +0000] (0 s) "POST /contact/ HTTP/1.1" 200 170 "http://lestoilesdesabine.fr/contact/" "Mozilla/5.0 (Windows NT 6.3) AppleWebKit/537.36 (KHTML, like Gecko) Chrome/103.0.0.0 Safari/537.36" lestoilesdesabine.fr
185.107.44.94 - - [21/Nov/2023:17:42:05 +0000] (0 s) "GET /contact/ HTTP/1.1" 200 4651 "http://lestoilesdesabine.fr/contact/" "Mozilla/5.0 (Windows NT 10.0; Win64; x64) AppleWebKit/537.36 (KHTML, like Gecko) Chrome/103.0.0.0 Safari/537.36" lestoilesdesabine.fr
185.107.44.94 - - [21/Nov/2023:17:42:05 +0000] (0 s) "POST /contact/ HTTP/1.1" 200 170 "http://lestoilesdesabine.fr/contact/" "Mozilla/5.0 (Windows NT 10.0; Win64; x64) AppleWebKit/537.36 (KHTML, like Gecko) Chrome/103.0.0.0 Safari/537.36" lestoilesdesabine.fr
44.197.235.167 - - [21/Nov/2023:17:43:01 +0000] (0 s) "GET /serie/nous-deux/ HTTP/1.1" 200 7785 "-" "CCBot/2.0 (https://commoncrawl.org/faq/)" lestoilesdesabine.fr
146.70.86.125 - - [21/Nov/2023:17:43:29 +0000] (1 s) "POST /contact/ HTTP/1.1" 200 130 "http://lestoilesdesabine.fr/contact/" "Mozilla/5.0 (Windows NT 6.1; Win64; x64) AppleWebKit/537.36 (KHTML, like Gecko) Chrome/103.0.5060.66 Safari/537.36" lestoilesdesabine.fr
82.147.85.158 - - [21/Nov/2023:17:43:45 +0000] (0 s) "POST /contact/ HTTP/1.1" 200 270 "http://lestoilesdesabine.fr/contact/" "Mozilla/5.0 (Windows NT 6.3) AppleWebKit/537.36 (KHTML, like Gecko) Chrome/103.0.0.0 Safari/537.36" lestoilesdesabine.fr
185.107.83.2 - - [21/Nov/2023:17:44:16 +0000] (0 s) "GET /contact/ HTTP/1.1" 200 4651 "http://lestoilesdesabine.fr/contact/" "Mozilla/5.0 (Windows NT 6.1; Win64; x64) AppleWebKit/537.36 (KHTML, like Gecko) Chrome/103.0.0.0 Safari/537.36" lestoilesdesabine.fr
185.107.83.2 - - [21/Nov/2023:17:44:16 +0000] (1 s) "POST /contact/ HTTP/1.1" 200 130 "http://lestoilesdesabine.fr/contact/" "Mozilla/5.0 (Windows NT 6.1; Win64; x64) AppleWebKit/537.36 (KHTML, like Gecko) Chrome/103.0.0.0 Safari/537.36" lestoilesdesabine.fr
185.107.80.104 - - [21/Nov/2023:17:45:16 +0000] (1 s) "POST /contact/ HTTP/1.1" 200 130 "http://lestoilesdesabine.fr/contact/" "Mozilla/5.0 (Windows NT 6.3; Win64; x64) AppleWebKit/537.36 (KHTML, like Gecko) Chrome/103.0.0.0 Safari/537.36" lestoilesdesabine.fr
82.147.85.158 - - [21/Nov/2023:17:45:41 +0000] (0 s) "POST /contact/ HTTP/1.1" 200 170 "http://lestoilesdesabine.fr/contact/" "Mozilla/5.0 (Windows NT 10.0; WOW64) AppleWebKit/537.36 (KHTML, like Gecko) Chrome/103.0.0.0 Safari/537.36" lestoilesdesabine.fr
82.147.85.158 - - [21/Nov/2023:17:47:36 +0000] (0 s) "GET /contact/ HTTP/1.1" 200 4651 "http://lestoilesdesabine.fr/contact/" "Mozilla/5.0 (Windows NT 10.0; WOW64) AppleWebKit/537.36 (KHTML, like Gecko) Chrome/103.0.5060.114 Safari/537.36" lestoilesdesabine.fr
82.147.85.158 - - [21/Nov/2023:17:47:37 +0000] (0 s) "POST /contact/ HTTP/1.1" 200 170 "http://lestoilesdesabine.fr/contact/" "Mozilla/5.0 (Windows NT 10.0; WOW64) AppleWebKit/537.36 (KHTML, like Gecko) Chrome/103.0.5060.114 Safari/537.36" lestoilesdesabine.fr
210.207.92.24 - - [21/Nov/2023:17:47:51 +0000] (0 s) "POST /wp-login.php HTTP/1.1" 200 1575 "-" "Mozilla/5.0 (Windows NT 6.1; Win64; x64) AppleWebKit/537.36 (KHTML, like Gecko) Chrome/80.0.3987.163 Safari/537.36" lestoilesdesabine.fr
185.107.80.170 - - [21/Nov/2023:17:48:13 +0000] (1 s) "POST /contact/ HTTP/1.1" 200 130 "http://lestoilesdesabine.fr/contact/" "Mozilla/5.0 (Windows NT 6.2; Win64; x64) AppleWebKit/537.36 (KHTML, like Gecko) Chrome/103.0.0.0 Safari/537.36" lestoilesdesabine.fr
185.107.44.117 - - [21/Nov/2023:17:48:19 +0000] (1 s) "POST /contact/ HTTP/1.1" 200 130 "http://lestoilesdesabine.fr/contact/" "Mozilla/5.0 (Windows NT 6.3) AppleWebKit/537.36 (KHTML, like Gecko) Chrome/103.0.0.0 Safari/537.36" lestoilesdesabine.fr
184.168.31.36 - - [21/Nov/2023:17:49:26 +0000] (0 s) "POST /wp-login.php HTTP/1.1" 200 1575 "-" "Mozilla/5.0 (Windows NT 10.0; WOW64) AppleWebKit/537.36 (KHTML, like Gecko) Chrome/53.0.2785.143 Safari/537.36" lestoilesdesabine.fr
185.107.44.94 - - [21/Nov/2023:17:50:34 +0000] (0 s) "GET /contact/ HTTP/1.1" 200 4651 "http://lestoilesdesabine.fr/contact/" "Mozilla/5.0 (Windows NT 10.0; WOW64) AppleWebKit/537.36 (KHTML, like Gecko) Chrome/103.0.0.0 Safari/537.36" lestoilesdesabine.fr
185.107.44.94 - - [21/Nov/2023:17:50:34 +0000] (0 s) "POST /contact/ HTTP/1.1" 200 170 "http://lestoilesdesabine.fr/contact/" "Mozilla/5.0 (Windows NT 10.0; WOW64) AppleWebKit/537.36 (KHTML, like Gecko) Chrome/103.0.0.0 Safari/537.36" lestoilesdesabine.fr
185.107.83.2 - - [21/Nov/2023:17:51:57 +0000] (1 s) "POST /contact/ HTTP/1.1" 200 130 "http://lestoilesdesabine.fr/contact/" "Mozilla/5.0 (Windows NT 6.3; Win64; x64) AppleWebKit/537.36 (KHTML, like Gecko) Chrome/103.0.0.0 Safari/537.36" lestoilesdesabine.fr
146.70.86.125 - - [21/Nov/2023:17:52:53 +0000] (0 s) "GET /contact/ HTTP/1.1" 200 4651 "http://lestoilesdesabine.fr/contact/" "Mozilla/5.0 (Windows NT 6.1; WOW64) AppleWebKit/537.36 (KHTML, like Gecko) Chrome/103.0.0.0 Safari/537.36" lestoilesdesabine.fr
146.70.86.125 - - [21/Nov/2023:17:52:53 +0000] (0 s) "POST /contact/ HTTP/1.1" 200 170 "http://lestoilesdesabine.fr/contact/" "Mozilla/5.0 (Windows NT 6.1; WOW64) AppleWebKit/537.36 (KHTML, like Gecko) Chrome/103.0.0.0 Safari/537.36" lestoilesdesabine.fr
185.107.80.104 - - [21/Nov/2023:17:53:12 +0000] (1 s) "POST /contact/ HTTP/1.1" 200 130 "http://lestoilesdesabine.fr/contact/" "Mozilla/5.0 (Windows NT 6.1) AppleWebKit/537.36 (KHTML, like Gecko) Chrome/103.0.0.0 Safari/537.36" lestoilesdesabine.fr
82.147.85.158 - - [21/Nov/2023:17:53:40 +0000] (0 s) "POST /contact/ HTTP/1.1" 200 170 "http://lestoilesdesabine.fr/contact/" "Mozilla/5.0 (Windows NT 6.1; WOW64) AppleWebKit/537.36 (KHTML, like Gecko) Chrome/103.0.0.0 Safari/537.36" lestoilesdesabine.fr
40.94.89.28 - - [21/Nov/2023:17:53:52 +0000] (0 s) "GET / HTTP/1.1" 200 5322 "-" "Mozilla/5.0 (Windows NT 10.0; Win64; x64) AppleWebKit/537.36 (KHTML, like Gecko) Chrome/103.0.5060.134 Safari/537.36" lestoilesdesabine.fr
40.94.89.28 - - [21/Nov/2023:17:53:53 +0000] (0 s) "GET /wp-content/plugins/contact-form-7/includes/css/styles.css?ver=3.3.2 HTTP/1.1" 200 393 "http://lestoilesdesabine.fr/" "Mozilla/5.0 (Windows NT 10.0; Win64; x64) AppleWebKit/537.36 (KHTML, like Gecko) Chrome/103.0.5060.134 Safari/537.36" lestoilesdesabine.fr
40.94.89.59 - - [21/Nov/2023:17:53:53 +0000] (0 s) "GET /wp-content/plugins/wp-views/res/css/wpv-views-sorting.css?ver=3.5 HTTP/1.1" 200 229 "http://lestoilesdesabine.fr/" "Mozilla/5.0 (Windows NT 10.0; Win64; x64) AppleWebKit/537.36 (KHTML, like Gecko) Chrome/103.0.5060.134 Safari/537.36" lestoilesdesabine.fr
40.94.89.48 - - [21/Nov/2023:17:53:53 +0000] (0 s) "GET /wp-content/uploads/2012/12/sabine-peint-5.jpg HTTP/1.1" 200 318403 "http://lestoilesdesabine.fr/" "Mozilla/5.0 (Windows NT 10.0; Win64; x64) AppleWebKit/537.36 (KHTML, like Gecko) Chrome/103.0.5060.134 Safari/537.36" lestoilesdesabine.fr
40.94.89.28 - - [21/Nov/2023:17:53:53 +0000] (0 s) "GET /wp-content/uploads/2017/10/la-voliere-150x150.jpg HTTP/1.1" 200 21109 "http://lestoilesdesabine.fr/" "Mozilla/5.0 (Windows NT 10.0; Win64; x64) AppleWebKit/537.36 (KHTML, like Gecko) Chrome/103.0.5060.134 Safari/537.36" lestoilesdesabine.fr
40.94.89.79 - - [21/Nov/2023:17:53:53 +0000] (0 s) "GET /wp-includes/js/jquery/jquery.js?ver=1.8.3 HTTP/1.1" 200 33444 "http://lestoilesdesabine.fr/" "Mozilla/5.0 (Windows NT 10.0; Win64; x64) AppleWebKit/537.36 (KHTML, like Gecko) Chrome/103.0.5060.134 Safari/537.36" lestoilesdesabine.fr
40.94.89.97 - - [21/Nov/2023:17:53:53 +0000] (0 s) "GET /wp-content/themes/headstart/stylesheets/theme.css?ver=3.5 HTTP/1.1" 200 36186 "http://lestoilesdesabine.fr/" "Mozilla/5.0 (Windows NT 10.0; Win64; x64) AppleWebKit/537.36 (KHTML, like Gecko) Chrome/103.0.5060.134 Safari/537.36" lestoilesdesabine.fr
40.94.89.48 - - [21/Nov/2023:17:53:53 +0000] (0 s) "GET /wp-includes/js/jquery/ui/jquery.ui.core.min.js?ver=1.9.2 HTTP/1.1" 200 2070 "http://lestoilesdesabine.fr/" "Mozilla/5.0 (Windows NT 10.0; Win64; x64) AppleWebKit/537.36 (KHTML, like Gecko) Chrome/103.0.5060.134 Safari/537.36" lestoilesdesabine.fr
40.94.89.48 - - [21/Nov/2023:17:53:54 +0000] (0 s) "GET /wp-includes/js/jquery/ui/jquery.ui.datepicker.min.js?ver=1.9.2 HTTP/1.1" 200 11060 "http://lestoilesdesabine.fr/" "Mozilla/5.0 (Windows NT 10.0; Win64; x64) AppleWebKit/537.36 (KHTML, like Gecko) Chrome/103.0.5060.134 Safari/537.36" lestoilesdesabine.fr
40.94.89.97 - - [21/Nov/2023:17:53:54 +0000] (0 s) "GET /wp-content/plugins/contact-form-7/includes/js/jquery.form.min.js?ver=3.23 HTTP/1.1" 200 5807 "http://lestoilesdesabine.fr/" "Mozilla/5.0 (Windows NT 10.0; Win64; x64) AppleWebKit/537.36 (KHTML, like Gecko) Chrome/103.0.5060.134 Safari/537.36" lestoilesdesabine.fr
40.94.89.97 - - [21/Nov/2023:17:53:54 +0000] (0 s) "GET /wp-content/plugins/contact-form-7/includes/js/scripts.js?ver=3.3.2 HTTP/1.1" 200 1803 "http://lestoilesdesabine.fr/" "Mozilla/5.0 (Windows NT 10.0; Win64; x64) AppleWebKit/537.36 (KHTML, like Gecko) Chrome/103.0.5060.134 Safari/537.36" lestoilesdesabine.fr
40.94.89.48 - - [21/Nov/2023:17:53:54 +0000] (0 s) "GET /wp-content/themes/headstart/javascripts/foundation/modernizr.foundation.js?ver=20120206 HTTP/1.1" 200 4092 "http://lestoilesdesabine.fr/" "Mozilla/5.0 (Windows NT 10.0; Win64; x64) AppleWebKit/537.36 (KHTML, like Gecko) Chrome/103.0.5060.134 Safari/537.36" lestoilesdesabine.fr
40.94.89.79 - - [21/Nov/2023:17:53:54 +0000] (0 s) "GET /wp-content/themes/headstart/javascripts/affix.js?ver=20120206 HTTP/1.1" 200 865 "http://lestoilesdesabine.fr/" "Mozilla/5.0 (Windows NT 10.0; Win64; x64) AppleWebKit/537.36 (KHTML, like Gecko) Chrome/103.0.5060.134 Safari/537.36" lestoilesdesabine.fr
40.94.89.28 - - [21/Nov/2023:17:53:54 +0000] (0 s) "GET /wp-content/themes/headstart/javascripts/foundation/app.js?ver=20120206 HTTP/1.1" 200 1137 "http://lestoilesdesabine.fr/" "Mozilla/5.0 (Windows NT 10.0; Win64; x64) AppleWebKit/537.36 (KHTML, like Gecko) Chrome/103.0.5060.134 Safari/537.36" lestoilesdesabine.fr
40.94.89.59 - - [21/Nov/2023:17:53:54 +0000] (0 s) "GET /wp-content/themes/headstart/javascripts/foundation/jquery.foundation.navigation.js?ver=20120206 HTTP/1.1" 200 615 "http://lestoilesdesabine.fr/" "Mozilla/5.0 (Windows NT 10.0; Win64; x64) AppleWebKit/537.36 (KHTML, like Gecko) Chrome/103.0.5060.134 Safari/537.36" lestoilesdesabine.fr
40.94.89.59 - - [21/Nov/2023:17:53:54 +0000] (0 s) "GET /wp-content/themes/headstart/javascripts/foundation/jquery.foundation.mediaQueryToggle.js?ver=20120206 HTTP/1.1" 200 585 "http://lestoilesdesabine.fr/" "Mozilla/5.0 (Windows NT 10.0; Win64; x64) AppleWebKit/537.36 (KHTML, like Gecko) Chrome/103.0.5060.134 Safari/537.36" lestoilesdesabine.fr
40.94.89.28 - - [21/Nov/2023:17:53:54 +0000] (0 s) "GET /wp-content/themes/headstart/javascripts/foundation/jquery.foundation.topbar.js?ver=20120206 HTTP/1.1" 200 1509 "http://lestoilesdesabine.fr/" "Mozilla/5.0 (Windows NT 10.0; Win64; x64) AppleWebKit/537.36 (KHTML, like Gecko) Chrome/103.0.5060.134 Safari/537.36" lestoilesdesabine.fr
40.94.89.59 - - [21/Nov/2023:17:53:54 +0000] (0 s) "GET /wp-content/themes/headstart/javascripts/foundation/jquery.placeholder.js?ver=20120206 HTTP/1.1" 200 1490 "http://lestoilesdesabine.fr/" "Mozilla/5.0 (Windows NT 10.0; Win64; x64) AppleWebKit/537.36 (KHTML, like Gecko) Chrome/103.0.5060.134 Safari/537.36" lestoilesdesabine.fr
40.94.89.79 - - [21/Nov/2023:17:53:54 +0000] (0 s) "GET /wp-content/themes/headstart/images/background.jpg HTTP/1.1" 200 1127277 "http://lestoilesdesabine.fr/wp-content/themes/headstart/stylesheets/theme.css?ver=3.5" "Mozilla/5.0 (Windows NT 10.0; Win64; x64) AppleWebKit/537.36 (KHTML, like Gecko) Chrome/103.0.5060.134 Safari/537.36" lestoilesdesabine.fr
40.94.89.79 - - [21/Nov/2023:17:53:55 +0000] (0 s) "GET /wp-content/themes/headstart/fonts/MarckScript.woff HTTP/1.1" 200 19496 "http://lestoilesdesabine.fr/wp-content/themes/headstart/stylesheets/theme.css?ver=3.5" "Mozilla/5.0 (Windows NT 10.0; Win64; x64) AppleWebKit/537.36 (KHTML, like Gecko) Chrome/103.0.5060.134 Safari/537.36" lestoilesdesabine.fr
40.94.89.3 - - [21/Nov/2023:17:54:04 +0000] (0 s) "GET /favicon.ico HTTP/1.1" 200 - "http://lestoilesdesabine.fr/" "Mozilla/5.0 (Windows NT 10.0; Win64; x64) AppleWebKit/537.36 (KHTML, like Gecko) Chrome/103.0.5060.134 Safari/537.36" lestoilesdesabine.fr
82.147.85.158 - - [21/Nov/2023:17:55:37 +0000] (0 s) "GET /contact/ HTTP/1.1" 200 4651 "http://lestoilesdesabine.fr/contact/" "Mozilla/5.0 (Windows NT 6.1; Win64; x64) AppleWebKit/537.36 (KHTML, like Gecko) Chrome/103.0.0.0 Safari/537.36" lestoilesdesabine.fr
82.147.85.158 - - [21/Nov/2023:17:55:37 +0000] (0 s) "POST /contact/ HTTP/1.1" 200 170 "http://lestoilesdesabine.fr/contact/" "Mozilla/5.0 (Windows NT 6.1; Win64; x64) AppleWebKit/537.36 (KHTML, like Gecko) Chrome/103.0.0.0 Safari/537.36" lestoilesdesabine.fr
185.107.80.170 - - [21/Nov/2023:17:55:59 +0000] (1 s) "POST /contact/ HTTP/1.1" 200 130 "http://lestoilesdesabine.fr/contact/" "Mozilla/5.0 (Windows NT 6.1; WOW64) AppleWebKit/537.36 (KHTML, like Gecko) Chrome/103.0.0.0 Safari/537.36" lestoilesdesabine.fr
185.107.44.117 - - [21/Nov/2023:17:56:13 +0000] (1 s) "POST /contact/ HTTP/1.1" 200 130 "http://lestoilesdesabine.fr/contact/" "Mozilla/5.0 (Windows NT 6.3) AppleWebKit/537.36 (KHTML, like Gecko) Chrome/103.0.0.0 Safari/537.36" lestoilesdesabine.fr
82.147.85.158 - - [21/Nov/2023:17:57:33 +0000] (0 s) "POST /contact/ HTTP/1.1" 200 170 "http://lestoilesdesabine.fr/contact/" "Mozilla/5.0 (Windows NT 10.0; Win64; x64) AppleWebKit/537.36 (KHTML, like Gecko) Chrome/103.0.5060.66 Safari/537.36" lestoilesdesabine.fr
185.107.44.94 - - [21/Nov/2023:17:58:30 +0000] (0 s) "GET /contact/ HTTP/1.1" 200 4651 "http://lestoilesdesabine.fr/contact/" "Mozilla/5.0 (Windows NT 6.3) AppleWebKit/537.36 (KHTML, like Gecko) Chrome/103.0.0.0 Safari/537.36" lestoilesdesabine.fr
185.107.44.94 - - [21/Nov/2023:17:58:30 +0000] (1 s) "POST /contact/ HTTP/1.1" 200 130 "http://lestoilesdesabine.fr/contact/" "Mozilla/5.0 (Windows NT 6.3) AppleWebKit/537.36 (KHTML, like Gecko) Chrome/103.0.0.0 Safari/537.36" lestoilesdesabine.fr
185.107.83.2 - - [21/Nov/2023:17:59:27 +0000] (0 s) "POST /contact/ HTTP/1.1" 200 170 "http://lestoilesdesabine.fr/contact/" "Mozilla/5.0 (Windows NT 10.0; WOW64) AppleWebKit/537.36 (KHTML, like Gecko) Chrome/103.0.0.0 Safari/537.36" lestoilesdesabine.fr
82.147.85.158 - - [21/Nov/2023:17:59:32 +0000] (0 s) "POST /contact/ HTTP/1.1" 200 170 "http://lestoilesdesabine.fr/contact/" "Mozilla/5.0 (Windows NT 6.1; Win64; x64) AppleWebKit/537.36 (KHTML, like Gecko) Chrome/103.0.0.0 Safari/537.36" lestoilesdesabine.fr
185.107.80.104 - - [21/Nov/2023:18:01:14 +0000] (0 s) "GET /contact/ HTTP/1.1" 200 4651 "http://lestoilesdesabine.fr/contact/" "Mozilla/5.0 (Windows NT 10.0; Win64; x64) AppleWebKit/537.36 (KHTML, like Gecko) Chrome/103.0.0.0 Safari/537.36" lestoilesdesabine.fr
185.107.80.104 - - [21/Nov/2023:18:01:14 +0000] (0 s) "POST /contact/ HTTP/1.1" 200 170 "http://lestoilesdesabine.fr/contact/" "Mozilla/5.0 (Windows NT 10.0; Win64; x64) AppleWebKit/537.36 (KHTML, like Gecko) Chrome/103.0.0.0 Safari/537.36" lestoilesdesabine.fr
82.147.85.158 - - [21/Nov/2023:18:01:28 +0000] (0 s) "POST /contact/ HTTP/1.1" 200 170 "http://lestoilesdesabine.fr/contact/" "Mozilla/5.0 (Windows NT 10.0; Win64; x64) AppleWebKit/537.36 (KHTML, like Gecko) Chrome/103.0.5060.53 Safari/537.36" lestoilesdesabine.fr
146.70.86.125 - - [21/Nov/2023:18:02:02 +0000] (1 s) "POST /contact/ HTTP/1.1" 200 130 "http://lestoilesdesabine.fr/contact/" "Mozilla/5.0 (Windows NT 6.3; Win64; x64) AppleWebKit/537.36 (KHTML, like Gecko) Chrome/103.0.5060.53 Safari/537.36" lestoilesdesabine.fr
82.147.85.158 - - [21/Nov/2023:18:03:25 +0000] (0 s) "GET /contact/ HTTP/1.1" 200 4651 "http://lestoilesdesabine.fr/contact/" "Mozilla/5.0 (Windows NT 6.3; Win64; x64) AppleWebKit/537.36 (KHTML, like Gecko) Chrome/103.0.0.0 Safari/537.36" lestoilesdesabine.fr
82.147.85.158 - - [21/Nov/2023:18:03:25 +0000] (0 s) "POST /contact/ HTTP/1.1" 200 270 "http://lestoilesdesabine.fr/contact/" "Mozilla/5.0 (Windows NT 6.3; Win64; x64) AppleWebKit/537.36 (KHTML, like Gecko) Chrome/103.0.0.0 Safari/537.36" lestoilesdesabine.fr
185.107.80.170 - - [21/Nov/2023:18:04:14 +0000] (0 s) "POST /contact/ HTTP/1.1" 200 170 "http://lestoilesdesabine.fr/contact/" "Mozilla/5.0 (Windows NT 10.0; Win64; x64) AppleWebKit/537.36 (KHTML, like Gecko) Chrome/103.0.5060.66 Safari/537.36" lestoilesdesabine.fr
185.107.44.117 - - [21/Nov/2023:18:04:26 +0000] (1 s) "POST /contact/ HTTP/1.1" 200 130 "http://lestoilesdesabine.fr/contact/" "Mozilla/5.0 (Windows NT 10.0; WOW64) AppleWebKit/537.36 (KHTML, like Gecko) Chrome/103.0.0.0 Safari/537.36" lestoilesdesabine.fr
82.147.85.158 - - [21/Nov/2023:18:05:21 +0000] (0 s) "POST /contact/ HTTP/1.1" 200 170 "http://lestoilesdesabine.fr/contact/" "Mozilla/5.0 (Windows NT 6.3; Win64; x64) AppleWebKit/537.36 (KHTML, like Gecko) Chrome/103.0.5060.53 Safari/537.36" lestoilesdesabine.fr
185.107.44.94 - - [21/Nov/2023:18:06:41 +0000] (0 s) "GET /contact/ HTTP/1.1" 200 4651 "http://lestoilesdesabine.fr/contact/" "Mozilla/5.0 (Windows NT 6.3; WOW64) AppleWebKit/537.36 (KHTML, like Gecko) Chrome/103.0.0.0 Safari/537.36" lestoilesdesabine.fr
185.107.44.94 - - [21/Nov/2023:18:06:41 +0000] (0 s) "POST /contact/ HTTP/1.1" 200 170 "http://lestoilesdesabine.fr/contact/" "Mozilla/5.0 (Windows NT 6.3; WOW64) AppleWebKit/537.36 (KHTML, like Gecko) Chrome/103.0.0.0 Safari/537.36" lestoilesdesabine.fr
185.107.83.2 - - [21/Nov/2023:18:07:13 +0000] (0 s) "POST /contact/ HTTP/1.1" 200 170 "http://lestoilesdesabine.fr/contact/" "Mozilla/5.0 (Windows NT 10.0; Win64; x64) AppleWebKit/537.36 (KHTML, like Gecko) Chrome/103.0.5060.53 Safari/537.36" lestoilesdesabine.fr
82.147.85.158 - - [21/Nov/2023:18:07:19 +0000] (0 s) "POST /contact/ HTTP/1.1" 200 170 "http://lestoilesdesabine.fr/contact/" "Mozilla/5.0 (Windows NT 6.3; WOW64) AppleWebKit/537.36 (KHTML, like Gecko) Chrome/103.0.5060.114 Safari/537.36" lestoilesdesabine.fr
185.23.119.226 - - [21/Nov/2023:18:08:56 +0000] (0 s) "GET /wp-login.php HTTP/1.1" 200 1196 "-" "Mozilla/5.0 (X11; Ubuntu; Linux x86_64; rv:62.0) Gecko/20100101 Firefox/62.0" lestoilesdesabine.fr
185.23.119.226 - - [21/Nov/2023:18:08:57 +0000] (0 s) "POST /wp-login.php HTTP/1.1" 200 1595 "-" "Mozilla/5.0 (X11; Ubuntu; Linux x86_64; rv:62.0) Gecko/20100101 Firefox/62.0" lestoilesdesabine.fr
185.23.119.226 - - [21/Nov/2023:18:08:57 +0000] (0 s) "POST /xmlrpc.php HTTP/1.1" 200 232 "-" "Mozilla/5.0 (X11; Ubuntu; Linux x86_64; rv:62.0) Gecko/20100101 Firefox/62.0" lestoilesdesabine.fr
185.107.80.104 - - [21/Nov/2023:18:09:02 +0000] (0 s) "GET /contact/ HTTP/1.1" 200 4651 "http://lestoilesdesabine.fr/contact/" "Mozilla/5.0 (Windows NT 10.0; Win64; x64) AppleWebKit/537.36 (KHTML, like Gecko) Chrome/103.0.5042.0 Safari/537.36" lestoilesdesabine.fr
185.107.80.104 - - [21/Nov/2023:18:09:02 +0000] (1 s) "POST /contact/ HTTP/1.1" 200 130 "http://lestoilesdesabine.fr/contact/" "Mozilla/5.0 (Windows NT 10.0; Win64; x64) AppleWebKit/537.36 (KHTML, like Gecko) Chrome/103.0.5042.0 Safari/537.36" lestoilesdesabine.fr
82.147.85.158 - - [21/Nov/2023:18:09:17 +0000] (1 s) "POST /contact/ HTTP/1.1" 200 130 "http://lestoilesdesabine.fr/contact/" "Mozilla/5.0 (Windows NT 6.2; Win64; x64) AppleWebKit/537.36 (KHTML, like Gecko) Chrome/103.0.0.0 Safari/537.36" lestoilesdesabine.fr
82.147.85.158 - - [21/Nov/2023:18:11:13 +0000] (0 s) "GET /contact/ HTTP/1.1" 200 4651 "http://lestoilesdesabine.fr/contact/" "Mozilla/5.0 (Windows NT 6.1; WOW64) AppleWebKit/537.36 (KHTML, like Gecko) Chrome/103.0.0.0 Safari/537.36" lestoilesdesabine.fr
82.147.85.158 - - [21/Nov/2023:18:11:14 +0000] (1 s) "POST /contact/ HTTP/1.1" 200 130 "http://lestoilesdesabine.fr/contact/" "Mozilla/5.0 (Windows NT 6.1; WOW64) AppleWebKit/537.36 (KHTML, like Gecko) Chrome/103.0.0.0 Safari/537.36" lestoilesdesabine.fr
146.70.86.125 - - [21/Nov/2023:18:11:24 +0000] (1 s) "POST /contact/ HTTP/1.1" 200 130 "http://lestoilesdesabine.fr/contact/" "Mozilla/5.0 (Windows NT 10.0; Win64; x64) AppleWebKit/537.36 (KHTML, like Gecko) Chrome/103.0.5060.114 Safari/537.36" lestoilesdesabine.fr
185.107.80.170 - - [21/Nov/2023:18:12:17 +0000] (1 s) "POST /contact/ HTTP/1.1" 200 130 "http://lestoilesdesabine.fr/contact/" "Mozilla/5.0 (Windows NT 10.0; Win64; x64) AppleWebKit/537.36 (KHTML, like Gecko) Chrome/103.0.0.0 Safari/537.36 OpenWave/97.4.2043.44" lestoilesdesabine.fr
185.107.44.117 - - [21/Nov/2023:18:12:48 +0000] (1 s) "POST /contact/ HTTP/1.1" 200 130 "http://lestoilesdesabine.fr/contact/" "Mozilla/5.0 (Windows NT 6.3; WOW64) AppleWebKit/537.36 (KHTML, like Gecko) Chrome/103.0.0.0 Safari/537.36" lestoilesdesabine.fr
82.147.85.158 - - [21/Nov/2023:18:13:10 +0000] (0 s) "POST /contact/ HTTP/1.1" 200 170 "http://lestoilesdesabine.fr/contact/" "Mozilla/5.0 (Windows NT 6.3; WOW64) AppleWebKit/537.36 (KHTML, like Gecko) Chrome/103.0.5060.114 Safari/537.36" lestoilesdesabine.fr
185.107.83.2 - - [21/Nov/2023:18:14:59 +0000] (0 s) "GET /contact/ HTTP/1.1" 200 4651 "http://lestoilesdesabine.fr/contact/" "Mozilla/5.0 (Windows NT 6.1; Win64; x64) AppleWebKit/537.36 (KHTML, like Gecko) Chrome/103.0.0.0 Safari/537.36" lestoilesdesabine.fr
185.107.83.2 - - [21/Nov/2023:18:15:00 +0000] (0 s) "POST /contact/ HTTP/1.1" 200 170 "http://lestoilesdesabine.fr/contact/" "Mozilla/5.0 (Windows NT 6.1; Win64; x64) AppleWebKit/537.36 (KHTML, like Gecko) Chrome/103.0.0.0 Safari/537.36" lestoilesdesabine.fr
82.147.85.158 - - [21/Nov/2023:18:15:07 +0000] (0 s) "POST /contact/ HTTP/1.1" 200 170 "http://lestoilesdesabine.fr/contact/" "Mozilla/5.0 (Windows NT 10.0; Win64; x64) AppleWebKit/537.36 (KHTML, like Gecko) Chrome/103.0.5060.114 Safari/537.36" lestoilesdesabine.fr
185.107.44.94 - - [21/Nov/2023:18:15:15 +0000] (1 s) "POST /contact/ HTTP/1.1" 200 130 "http://lestoilesdesabine.fr/contact/" "Mozilla/5.0 (Windows NT 6.3; WOW64) AppleWebKit/537.36 (KHTML, like Gecko) Chrome/103.0.5060.114 Safari/537.36" lestoilesdesabine.fr
185.107.80.104 - - [21/Nov/2023:18:17:04 +0000] (0 s) "GET /contact/ HTTP/1.1" 200 4651 "http://lestoilesdesabine.fr/contact/" "Mozilla/5.0 (Windows NT 10.0; WOW64) AppleWebKit/537.36 (KHTML, like Gecko) Chrome/103.0.5060.114 Safari/537.36" lestoilesdesabine.fr
185.107.80.104 - - [21/Nov/2023:18:17:04 +0000] (0 s) "POST /contact/ HTTP/1.1" 200 170 "http://lestoilesdesabine.fr/contact/" "Mozilla/5.0 (Windows NT 10.0; WOW64) AppleWebKit/537.36 (KHTML, like Gecko) Chrome/103.0.5060.114 Safari/537.36" lestoilesdesabine.fr
82.147.85.158 - - [21/Nov/2023:18:17:09 +0000] (0 s) "POST /contact/ HTTP/1.1" 200 170 "http://lestoilesdesabine.fr/contact/" "Mozilla/5.0 (Windows NT 6.1; Win64; x64) AppleWebKit/537.36 (KHTML, like Gecko) Chrome/103.0.0.0 Safari/537.36" lestoilesdesabine.fr
82.147.85.158 - - [21/Nov/2023:18:19:12 +0000] (0 s) "GET /contact/ HTTP/1.1" 200 4651 "http://lestoilesdesabine.fr/contact/" "Mozilla/5.0 (Windows NT 6.3; Win64; x64) AppleWebKit/537.36 (KHTML, like Gecko) Chrome/103.0.0.0 Safari/537.36" lestoilesdesabine.fr
82.147.85.158 - - [21/Nov/2023:18:19:12 +0000] (0 s) "POST /contact/ HTTP/1.1" 200 170 "http://lestoilesdesabine.fr/contact/" "Mozilla/5.0 (Windows NT 6.3; Win64; x64) AppleWebKit/537.36 (KHTML, like Gecko) Chrome/103.0.0.0 Safari/537.36" lestoilesdesabine.fr
185.107.80.170 - - [21/Nov/2023:18:20:17 +0000] (1 s) "POST /contact/ HTTP/1.1" 200 130 "http://lestoilesdesabine.fr/contact/" "Mozilla/5.0 (Windows NT 10.0; Win64; x64) AppleWebKit/537.36 (KHTML, like Gecko) Chrome/103.0.0.0 Safari/537.36 OpenWave/97.4.2043.44" lestoilesdesabine.fr
146.70.86.125 - - [21/Nov/2023:18:20:47 +0000] (0 s) "POST /contact/ HTTP/1.1" 200 170 "http://lestoilesdesabine.fr/contact/" "Mozilla/5.0 (Windows NT 6.1) AppleWebKit/537.36 (KHTML, like Gecko) Chrome/103.0.5060.114 Safari/537.36" lestoilesdesabine.fr
185.107.44.117 - - [21/Nov/2023:18:20:58 +0000] (1 s) "POST /contact/ HTTP/1.1" 200 130 "http://lestoilesdesabine.fr/contact/" "Mozilla/5.0 (Windows NT 10.0; Win64; x64) AppleWebKit/537.36 (KHTML, like Gecko) Chrome/103.0.0.0 Safari/537.36" lestoilesdesabine.fr
82.147.85.158 - - [21/Nov/2023:18:21:12 +0000] (0 s) "POST /contact/ HTTP/1.1" 200 170 "http://lestoilesdesabine.fr/contact/" "Mozilla/5.0 (Windows NT 6.1) AppleWebKit/537.36 (KHTML, like Gecko) Chrome/103.0.0.0 Safari/537.36" lestoilesdesabine.fr
185.107.83.2 - - [21/Nov/2023:18:22:45 +0000] (0 s) "GET /contact/ HTTP/1.1" 200 4651 "http://lestoilesdesabine.fr/contact/" "Mozilla/5.0 (Windows NT 6.3) AppleWebKit/537.36 (KHTML, like Gecko) Chrome/103.0.0.0 Safari/537.36" lestoilesdesabine.fr
185.107.83.2 - - [21/Nov/2023:18:22:45 +0000] (1 s) "POST /contact/ HTTP/1.1" 200 130 "http://lestoilesdesabine.fr/contact/" "Mozilla/5.0 (Windows NT 6.3) AppleWebKit/537.36 (KHTML, like Gecko) Chrome/103.0.0.0 Safari/537.36" lestoilesdesabine.fr
82.147.85.158 - - [21/Nov/2023:18:23:07 +0000] (0 s) "POST /contact/ HTTP/1.1" 200 170 "http://lestoilesdesabine.fr/contact/" "Mozilla/5.0 (Windows NT 6.3; Win64; x64) AppleWebKit/537.36 (KHTML, like Gecko) Chrome/103.0.0.0 Safari/537.36" lestoilesdesabine.fr
185.107.44.94 - - [21/Nov/2023:18:23:17 +0000] (1 s) "POST /contact/ HTTP/1.1" 200 130 "http://lestoilesdesabine.fr/contact/" "Mozilla/5.0 (Windows NT 10.0; Win64; x64) AppleWebKit/537.36 (KHTML, like Gecko) Chrome/103.0.5060.114 Safari/537.36" lestoilesdesabine.fr
82.147.85.158 - - [21/Nov/2023:18:25:04 +0000] (0 s) "GET /contact/ HTTP/1.1" 200 4651 "http://lestoilesdesabine.fr/contact/" "Mozilla/5.0 (Windows NT 6.1; Win64; x64) AppleWebKit/537.36 (KHTML, like Gecko) Chrome/103.0.0.0 Safari/537.36" lestoilesdesabine.fr
82.147.85.158 - - [21/Nov/2023:18:25:04 +0000] (0 s) "POST /contact/ HTTP/1.1" 200 170 "http://lestoilesdesabine.fr/contact/" "Mozilla/5.0 (Windows NT 6.1; Win64; x64) AppleWebKit/537.36 (KHTML, like Gecko) Chrome/103.0.0.0 Safari/537.36" lestoilesdesabine.fr
185.107.80.104 - - [21/Nov/2023:18:25:15 +0000] (1 s) "POST /contact/ HTTP/1.1" 200 130 "http://lestoilesdesabine.fr/contact/" "Mozilla/5.0 (Windows NT 10.0; Win64; x64) AppleWebKit/537.36 (KHTML, like Gecko) Chrome/103.0.0.0 Safari/537.36 OpenWave/97.4.2043.44" lestoilesdesabine.fr
82.147.85.158 - - [21/Nov/2023:18:26:57 +0000] (0 s) "POST /contact/ HTTP/1.1" 200 270 "http://lestoilesdesabine.fr/contact/" "Mozilla/5.0 (Windows NT 10.0; Win64; x64) AppleWebKit/537.36 (KHTML, like Gecko) Chrome/103.0.0.0 Safari/537.36 Herring/95.1.8810.11" lestoilesdesabine.fr
185.107.80.170 - - [21/Nov/2023:18:28:28 +0000] (0 s) "GET /contact/ HTTP/1.1" 200 4651 "http://lestoilesdesabine.fr/contact/" "Mozilla/5.0 (Windows NT 10.0; WOW64) AppleWebKit/537.36 (KHTML, like Gecko) Chrome/103.0.5060.114 Safari/537.36" lestoilesdesabine.fr
185.107.80.170 - - [21/Nov/2023:18:28:28 +0000] (1 s) "POST /contact/ HTTP/1.1" 200 130 "http://lestoilesdesabine.fr/contact/" "Mozilla/5.0 (Windows NT 10.0; WOW64) AppleWebKit/537.36 (KHTML, like Gecko) Chrome/103.0.5060.114 Safari/537.36" lestoilesdesabine.fr
82.147.85.158 - - [21/Nov/2023:18:28:54 +0000] (0 s) "POST /contact/ HTTP/1.1" 200 170 "http://lestoilesdesabine.fr/contact/" "Mozilla/5.0 (Windows NT 6.1) AppleWebKit/537.36 (KHTML, like Gecko) Chrome/103.0.0.0 Safari/537.36" lestoilesdesabine.fr
185.107.44.117 - - [21/Nov/2023:18:29:12 +0000] (1 s) "POST /contact/ HTTP/1.1" 200 130 "http://lestoilesdesabine.fr/contact/" "Mozilla/5.0 (Windows NT 6.3; Win64; x64) AppleWebKit/537.36 (KHTML, like Gecko) Chrome/103.0.5060.53 Safari/537.36" lestoilesdesabine.fr
146.70.86.125 - - [21/Nov/2023:18:29:56 +0000] (1 s) "POST /contact/ HTTP/1.1" 200 130 "http://lestoilesdesabine.fr/contact/" "Mozilla/5.0 (Windows NT 10.0; WOW64) AppleWebKit/537.36 (KHTML, like Gecko) Chrome/103.0.5060.114 Safari/537.36" lestoilesdesabine.fr
82.147.85.158 - - [21/Nov/2023:18:30:49 +0000] (0 s) "GET /contact/ HTTP/1.1" 200 4651 "http://lestoilesdesabine.fr/contact/" "Mozilla/5.0 (Windows NT 10.0; Win64; x64) AppleWebKit/537.36 (KHTML, like Gecko) Chrome/103.0.0.0 Safari/537.36 Herring/95.1.8810.11" lestoilesdesabine.fr
82.147.85.158 - - [21/Nov/2023:18:30:49 +0000] (0 s) "POST /contact/ HTTP/1.1" 200 170 "http://lestoilesdesabine.fr/contact/" "Mozilla/5.0 (Windows NT 10.0; Win64; x64) AppleWebKit/537.36 (KHTML, like Gecko) Chrome/103.0.0.0 Safari/537.36 Herring/95.1.8810.11" lestoilesdesabine.fr
185.107.83.2 - - [21/Nov/2023:18:30:53 +0000] (0 s) "POST /contact/ HTTP/1.1" 200 170 "http://lestoilesdesabine.fr/contact/" "Mozilla/5.0 (Windows NT 10.0; Win64; x64) AppleWebKit/537.36 (KHTML, like Gecko) Chrome/103.0.5060.66 Safari/537.36" lestoilesdesabine.fr
185.107.44.94 - - [21/Nov/2023:18:31:28 +0000] (0 s) "POST /contact/ HTTP/1.1" 200 170 "http://lestoilesdesabine.fr/contact/" "Mozilla/5.0 (Windows NT 6.3; Win64; x64) AppleWebKit/537.36 (KHTML, like Gecko) Chrome/103.0.5060.114 Safari/537.36" lestoilesdesabine.fr
82.147.85.158 - - [21/Nov/2023:18:32:42 +0000] (0 s) "POST /contact/ HTTP/1.1" 200 170 "http://lestoilesdesabine.fr/contact/" "Mozilla/5.0 (Windows NT 6.3; Win64; x64) AppleWebKit/537.36 (KHTML, like Gecko) Chrome/103.0.5060.53 Safari/537.36" lestoilesdesabine.fr
185.107.80.104 - - [21/Nov/2023:18:33:15 +0000] (0 s) "GET /contact/ HTTP/1.1" 200 4651 "http://lestoilesdesabine.fr/contact/" "Mozilla/5.0 (Windows NT 6.1; Win64; x64) AppleWebKit/537.36 (KHTML, like Gecko) Chrome/103.0.5060.66 Safari/537.36" lestoilesdesabine.fr
185.107.80.104 - - [21/Nov/2023:18:33:15 +0000] (1 s) "POST /contact/ HTTP/1.1" 200 130 "http://lestoilesdesabine.fr/contact/" "Mozilla/5.0 (Windows NT 6.1; Win64; x64) AppleWebKit/537.36 (KHTML, like Gecko) Chrome/103.0.5060.66 Safari/537.36" lestoilesdesabine.fr
82.147.85.158 - - [21/Nov/2023:18:34:37 +0000] (0 s) "POST /contact/ HTTP/1.1" 200 270 "http://lestoilesdesabine.fr/contact/" "Mozilla/5.0 (Windows NT 6.3; Win64; x64) AppleWebKit/537.36 (KHTML, like Gecko) Chrome/103.0.5060.53 Safari/537.36" lestoilesdesabine.fr
185.107.80.170 - - [21/Nov/2023:18:36:29 +0000] (0 s) "GET /contact/ HTTP/1.1" 200 4651 "http://lestoilesdesabine.fr/contact/" "Mozilla/5.0 (Windows NT 6.2; Win64; x64) AppleWebKit/537.36 (KHTML, like Gecko) Chrome/103.0.0.0 Safari/537.36" lestoilesdesabine.fr
185.107.80.170 - - [21/Nov/2023:18:36:29 +0000] (0 s) "POST /contact/ HTTP/1.1" 200 170 "http://lestoilesdesabine.fr/contact/" "Mozilla/5.0 (Windows NT 6.2; Win64; x64) AppleWebKit/537.36 (KHTML, like Gecko) Chrome/103.0.0.0 Safari/537.36" lestoilesdesabine.fr
82.147.85.158 - - [21/Nov/2023:18:36:32 +0000] (0 s) "POST /contact/ HTTP/1.1" 200 170 "http://lestoilesdesabine.fr/contact/" "Mozilla/5.0 (Windows NT 6.3; Win64; x64) AppleWebKit/537.36 (KHTML, like Gecko) Chrome/103.0.5060.66 Safari/537.36" lestoilesdesabine.fr
