185.107.44.94 - - [21/Nov/2023:20:51:23 +0000] (0 s) "GET /contact/ HTTP/1.1" 200 4651 "http://lestoilesdesabine.fr/contact/" "Mozilla/5.0 (Windows NT 10.0; Win64; x64) AppleWebKit/537.36 (KHTML, like Gecko) Chrome/103.0.5060.134 Safari/537.36" lestoilesdesabine.fr
185.107.44.94 - - [21/Nov/2023:20:51:24 +0000] (1 s) "POST /contact/ HTTP/1.1" 200 130 "http://lestoilesdesabine.fr/contact/" "Mozilla/5.0 (Windows NT 10.0; Win64; x64) AppleWebKit/537.36 (KHTML, like Gecko) Chrome/103.0.5060.134 Safari/537.36" lestoilesdesabine.fr
185.107.80.170 - - [21/Nov/2023:20:52:22 +0000] (0 s) "POST /contact/ HTTP/1.1" 200 170 "http://lestoilesdesabine.fr/contact/" "Mozilla/5.0 (Windows NT 6.3; Win64; x64) AppleWebKit/537.36 (KHTML, like Gecko) Chrome/103.0.5060.53 Safari/537.36" lestoilesdesabine.fr
5.42.66.5 - - [21/Nov/2023:20:54:42 +0000] (0 s) "GET /contact/ HTTP/1.1" 200 4651 "http://lestoilesdesabine.fr/contact/" "Mozilla/5.0 (Windows NT 10.0; Win64; x64) AppleWebKit/537.36 (KHTML, like Gecko) Chrome/103.0.0.0 Safari/537.36" lestoilesdesabine.fr
5.42.66.5 - - [21/Nov/2023:20:54:42 +0000] (0 s) "POST /contact/ HTTP/1.1" 200 170 "http://lestoilesdesabine.fr/contact/" "Mozilla/5.0 (Windows NT 10.0; Win64; x64) AppleWebKit/537.36 (KHTML, like Gecko) Chrome/103.0.0.0 Safari/537.36" lestoilesdesabine.fr
185.107.44.117 - - [21/Nov/2023:20:56:37 +0000] (1 s) "POST /contact/ HTTP/1.1" 200 130 "http://lestoilesdesabine.fr/contact/" "Mozilla/5.0 (Windows NT 10.0; Win64; x64) AppleWebKit/537.36 (KHTML, like Gecko) Chrome/103.0.5060.53 Safari/537.36" lestoilesdesabine.fr
146.70.86.125 - - [21/Nov/2023:20:57:15 +0000] (0 s) "GET /contact/ HTTP/1.1" 200 4651 "http://lestoilesdesabine.fr/contact/" "Mozilla/5.0 (Windows NT 6.3; WOW64) AppleWebKit/537.36 (KHTML, like Gecko) Chrome/103.0.0.0 Safari/537.36" lestoilesdesabine.fr
146.70.86.125 - - [21/Nov/2023:20:57:15 +0000] (1 s) "POST /contact/ HTTP/1.1" 200 130 "http://lestoilesdesabine.fr/contact/" "Mozilla/5.0 (Windows NT 6.3; WOW64) AppleWebKit/537.36 (KHTML, like Gecko) Chrome/103.0.0.0 Safari/537.36" lestoilesdesabine.fr
185.107.44.94 - - [21/Nov/2023:20:59:29 +0000] (0 s) "GET /contact/ HTTP/1.1" 200 4651 "http://lestoilesdesabine.fr/contact/" "Mozilla/5.0 (Windows NT 10.0; Win64; x64) AppleWebKit/537.36 (KHTML, like Gecko) Chrome/103.0.5060.134 Safari/537.36" lestoilesdesabine.fr
185.107.44.94 - - [21/Nov/2023:20:59:29 +0000] (1 s) "POST /contact/ HTTP/1.1" 200 130 "http://lestoilesdesabine.fr/contact/" "Mozilla/5.0 (Windows NT 10.0; Win64; x64) AppleWebKit/537.36 (KHTML, like Gecko) Chrome/103.0.5060.134 Safari/537.36" lestoilesdesabine.fr
185.107.80.170 - - [21/Nov/2023:21:00:15 +0000] (1 s) "POST /contact/ HTTP/1.1" 200 130 "http://lestoilesdesabine.fr/contact/" "Mozilla/5.0 (Windows NT 6.3; WOW64) AppleWebKit/537.36 (KHTML, like Gecko) Chrome/103.0.0.0 Safari/537.36" lestoilesdesabine.fr
185.107.44.117 - - [21/Nov/2023:21:04:53 +0000] (0 s) "GET /contact/ HTTP/1.1" 200 4651 "http://lestoilesdesabine.fr/contact/" "Mozilla/5.0 (Windows NT 6.3) AppleWebKit/537.36 (KHTML, like Gecko) Chrome/103.0.0.0 Safari/537.36" lestoilesdesabine.fr
185.107.44.117 - - [21/Nov/2023:21:04:53 +0000] (0 s) "POST /contact/ HTTP/1.1" 200 170 "http://lestoilesdesabine.fr/contact/" "Mozilla/5.0 (Windows NT 6.3) AppleWebKit/537.36 (KHTML, like Gecko) Chrome/103.0.0.0 Safari/537.36" lestoilesdesabine.fr
146.70.86.125 - - [21/Nov/2023:21:06:18 +0000] (0 s) "POST /contact/ HTTP/1.1" 200 170 "http://lestoilesdesabine.fr/contact/" "Mozilla/5.0 (Windows NT 10.0; Win64; x64) AppleWebKit/537.36 (KHTML, like Gecko) Chrome/103.0.5060.66 Safari/537.36" lestoilesdesabine.fr
185.107.44.94 - - [21/Nov/2023:21:07:37 +0000] (0 s) "GET /contact/ HTTP/1.1" 200 4651 "http://lestoilesdesabine.fr/contact/" "Mozilla/5.0 (Windows NT 6.1) AppleWebKit/537.36 (KHTML, like Gecko) Chrome/103.0.5060.114 Safari/537.36" lestoilesdesabine.fr
185.107.44.94 - - [21/Nov/2023:21:07:37 +0000] (1 s) "POST /contact/ HTTP/1.1" 200 130 "http://lestoilesdesabine.fr/contact/" "Mozilla/5.0 (Windows NT 6.1) AppleWebKit/537.36 (KHTML, like Gecko) Chrome/103.0.5060.114 Safari/537.36" lestoilesdesabine.fr
185.107.80.170 - - [21/Nov/2023:21:08:09 +0000] (0 s) "POST /contact/ HTTP/1.1" 200 170 "http://lestoilesdesabine.fr/contact/" "Mozilla/5.0 (Windows NT 10.0; Win64; x64) AppleWebKit/537.36 (KHTML, like Gecko) Chrome/103.0.0.0 Safari/537.36" lestoilesdesabine.fr
67.205.45.158 - - [21/Nov/2023:21:08:14 +0000] (0 s) "GET /wp-login.php HTTP/1.1" 200 1196 "-" "Mozilla/5.0 (X11; Ubuntu; Linux x86_64; rv:62.0) Gecko/20100101 Firefox/62.0" lestoilesdesabine.fr
67.205.45.158 - - [21/Nov/2023:21:08:15 +0000] (0 s) "POST /wp-login.php HTTP/1.1" 200 1595 "-" "Mozilla/5.0 (X11; Ubuntu; Linux x86_64; rv:62.0) Gecko/20100101 Firefox/62.0" lestoilesdesabine.fr
67.205.45.158 - - [21/Nov/2023:21:08:15 +0000] (0 s) "POST /xmlrpc.php HTTP/1.1" 200 232 "-" "Mozilla/5.0 (X11; Ubuntu; Linux x86_64; rv:62.0) Gecko/20100101 Firefox/62.0" lestoilesdesabine.fr
149.34.252.58 - - [21/Nov/2023:21:12:39 +0000] (0 s) "GET /contact/ HTTP/1.1" 200 4651 "-" "Mozilla/5.0 (Windows NT 10.0; Win64; x64) AppleWebKit/537.36 (KHTML, like Gecko) Chrome/114.0.0.0 Safari/537.36 Vivaldi/5.3.2679.68" lestoilesdesabine.fr
149.34.252.58 - - [21/Nov/2023:21:12:40 +0000] (0 s) "GET /wp-content/plugins/contact-form-7/includes/js/jquery.form.min.js?ver=3.23 HTTP/1.1" 200 5807 "http://lestoilesdesabine.fr/contact/" "Mozilla/5.0 (Windows NT 10.0; Win64; x64) AppleWebKit/537.36 (KHTML, like Gecko) Chrome/114.0.0.0 Safari/537.36 Vivaldi/5.3.2679.68" lestoilesdesabine.fr
149.34.252.58 - - [21/Nov/2023:21:12:40 +0000] (0 s) "POST /contact/ HTTP/1.1" 200 5059 "http://lestoilesdesabine.fr/contact/" "Mozilla/5.0 (Windows NT 10.0; Win64; x64) AppleWebKit/537.36 (KHTML, like Gecko) Chrome/114.0.0.0 Safari/537.36 Vivaldi/5.3.2679.68" lestoilesdesabine.fr
185.107.44.117 - - [21/Nov/2023:21:13:12 +0000] (0 s) "POST /contact/ HTTP/1.1" 200 170 "http://lestoilesdesabine.fr/contact/" "Mozilla/5.0 (Windows NT 6.3; Win64; x64) AppleWebKit/537.36 (KHTML, like Gecko) Chrome/103.0.5060.53 Safari/537.36" lestoilesdesabine.fr
146.70.86.125 - - [21/Nov/2023:21:15:42 +0000] (0 s) "GET /contact/ HTTP/1.1" 200 4651 "http://lestoilesdesabine.fr/contact/" "Mozilla/5.0 (Windows NT 6.1; WOW64) AppleWebKit/537.36 (KHTML, like Gecko) Chrome/103.0.0.0 Safari/537.36" lestoilesdesabine.fr
146.70.86.125 - - [21/Nov/2023:21:15:43 +0000] (1 s) "POST /contact/ HTTP/1.1" 200 130 "http://lestoilesdesabine.fr/contact/" "Mozilla/5.0 (Windows NT 6.1; WOW64) AppleWebKit/537.36 (KHTML, like Gecko) Chrome/103.0.0.0 Safari/537.36" lestoilesdesabine.fr
185.107.44.94 - - [21/Nov/2023:21:15:58 +0000] (0 s) "POST /contact/ HTTP/1.1" 200 170 "http://lestoilesdesabine.fr/contact/" "Mozilla/5.0 (Windows NT 6.3; Win64; x64) AppleWebKit/537.36 (KHTML, like Gecko) Chrome/103.0.5060.66 Safari/537.36" lestoilesdesabine.fr
185.107.80.170 - - [21/Nov/2023:21:16:11 +0000] (1 s) "POST /contact/ HTTP/1.1" 200 130 "http://lestoilesdesabine.fr/contact/" "Mozilla/5.0 (Windows NT 6.1; Win64; x64) AppleWebKit/537.36 (KHTML, like Gecko) Chrome/103.0.5060.114 Safari/537.36" lestoilesdesabine.fr
185.107.44.117 - - [21/Nov/2023:21:21:16 +0000] (0 s) "GET /contact/ HTTP/1.1" 200 4651 "http://lestoilesdesabine.fr/contact/" "Mozilla/5.0 (Windows NT 6.3; Win64; x64) AppleWebKit/537.36 (KHTML, like Gecko) Chrome/103.0.5060.53 Safari/537.36" lestoilesdesabine.fr
185.107.44.117 - - [21/Nov/2023:21:21:17 +0000] (1 s) "POST /contact/ HTTP/1.1" 200 130 "http://lestoilesdesabine.fr/contact/" "Mozilla/5.0 (Windows NT 6.3; Win64; x64) AppleWebKit/537.36 (KHTML, like Gecko) Chrome/103.0.5060.53 Safari/537.36" lestoilesdesabine.fr
185.107.80.170 - - [21/Nov/2023:21:24:11 +0000] (1 s) "GET /contact/ HTTP/1.1" 200 4651 "http://lestoilesdesabine.fr/contact/" "Mozilla/5.0 (Windows NT 6.1; Win64; x64) AppleWebKit/537.36 (KHTML, like Gecko) Chrome/103.0.5060.66 Safari/537.36" lestoilesdesabine.fr
172.21.10.42 - - [21/Nov/2023:21:24:11 +0000] (1 s) "POST /wp-cron.php?doing_wp_cron=1700601851.3886458873748779296875 HTTP/1.1" 200 22 "-" "WordPress/3.5; http://lestoilesdesabine.fr" lestoilesdesabine.fr
172.21.10.42 - - [21/Nov/2023:21:24:11 +0000] (1 s) "POST /wp-cron.php?doing_wp_cron=1700601851.3885629177093505859375 HTTP/1.1" 200 22 "-" "WordPress/3.5; http://lestoilesdesabine.fr" lestoilesdesabine.fr
185.107.80.170 - - [21/Nov/2023:21:24:11 +0000] (2 s) "POST /contact/ HTTP/1.1" 200 130 "http://lestoilesdesabine.fr/contact/" "Mozilla/5.0 (Windows NT 6.1; Win64; x64) AppleWebKit/537.36 (KHTML, like Gecko) Chrome/103.0.5060.66 Safari/537.36" lestoilesdesabine.fr
185.107.44.94 - - [21/Nov/2023:21:24:19 +0000] (1 s) "POST /contact/ HTTP/1.1" 200 130 "http://lestoilesdesabine.fr/contact/" "Mozilla/5.0 (Windows NT 6.3) AppleWebKit/537.36 (KHTML, like Gecko) Chrome/103.0.0.0 Safari/537.36" lestoilesdesabine.fr
146.70.86.125 - - [21/Nov/2023:21:25:07 +0000] (1 s) "POST /contact/ HTTP/1.1" 200 130 "http://lestoilesdesabine.fr/contact/" "Mozilla/5.0 (Windows NT 6.3; Win64; x64) AppleWebKit/537.36 (KHTML, like Gecko) Chrome/103.0.5060.114 Safari/537.36" lestoilesdesabine.fr
185.107.44.117 - - [21/Nov/2023:21:29:27 +0000] (0 s) "GET /contact/ HTTP/1.1" 200 4651 "http://lestoilesdesabine.fr/contact/" "Mozilla/5.0 (Windows NT 10.0; Win64; x64) AppleWebKit/537.36 (KHTML, like Gecko) Chrome/103.0.5060.114 Safari/537.36" lestoilesdesabine.fr
185.107.44.117 - - [21/Nov/2023:21:29:27 +0000] (1 s) "POST /contact/ HTTP/1.1" 200 130 "http://lestoilesdesabine.fr/contact/" "Mozilla/5.0 (Windows NT 10.0; Win64; x64) AppleWebKit/537.36 (KHTML, like Gecko) Chrome/103.0.5060.114 Safari/537.36" lestoilesdesabine.fr
185.107.44.94 - - [21/Nov/2023:21:32:21 +0000] (0 s) "GET /contact/ HTTP/1.1" 200 4651 "http://lestoilesdesabine.fr/contact/" "Mozilla/5.0 (Windows NT 10.0; Win64; x64) AppleWebKit/537.36 (KHTML, like Gecko) Chrome/103.0.5042.0 Safari/537.36" lestoilesdesabine.fr
2a00:4fc0::1:157 - - [21/Nov/2023:21:32:21 +0000] (0 s) "POST /xmlrpc.php HTTP/1.1" 200 412 "-" "Mozilla/5.0 (Windows NT 6.1; WOW64; rv:44.0) Gecko/20100101 Firefox/44.0" lestoilesdesabine.fr
54.37.121.239 - - [21/Nov/2023:21:32:22 +0000] (0 s) "POST /xmlrpc.php HTTP/1.1" 200 412 "-" "Mozilla/5.0 (Windows NT 5.1; rv:36.0) Gecko/20100101 Firefox/36.0" lestoilesdesabine.fr
185.107.44.94 - - [21/Nov/2023:21:32:21 +0000] (1 s) "POST /contact/ HTTP/1.1" 200 130 "http://lestoilesdesabine.fr/contact/" "Mozilla/5.0 (Windows NT 10.0; Win64; x64) AppleWebKit/537.36 (KHTML, like Gecko) Chrome/103.0.5042.0 Safari/537.36" lestoilesdesabine.fr
8.209.74.184 - - [21/Nov/2023:21:32:26 +0000] (0 s) "POST /xmlrpc.php HTTP/1.1" 200 412 "-" "Mozilla/5.0 (Windows NT 5.1; rv:7.0.1) Gecko/20100101 Firefox/7.0.1" lestoilesdesabine.fr
108.61.245.177 - - [21/Nov/2023:21:32:27 +0000] (0 s) "POST /xmlrpc.php HTTP/1.1" 200 412 "-" "Mozilla/5.0 (Windows NT 10.0; Win64; x64; rv:58.0) Gecko/20100101 Firefox/58.0" lestoilesdesabine.fr
91.203.110.227 - - [21/Nov/2023:21:32:33 +0000] (0 s) "POST /xmlrpc.php HTTP/1.1" 200 412 "-" "Mozilla/5.0 (Windows NT 6.1; Win64; x64) AppleWebKit/537.36 (KHTML, like Gecko) Chrome/79.0.3945.88 Safari/537.36" lestoilesdesabine.fr
2001:41d0:a:5b22:: - - [21/Nov/2023:21:32:34 +0000] (0 s) "POST /xmlrpc.php HTTP/1.1" 200 412 "-" "Mozilla/5.0 (Windows NT 6.1; rv:17.0) Gecko/20100101 Firefox/20.6.14" lestoilesdesabine.fr
34.198.74.177 - - [21/Nov/2023:21:32:38 +0000] (0 s) "POST /xmlrpc.php HTTP/1.1" 200 412 "-" "Mozilla/5.0 (Windows NT 5.1) AppleWebKit/537.36 (KHTML, like Gecko) Chrome/46.0.2490.71 Safari/537.36" lestoilesdesabine.fr
23.239.110.230 - - [21/Nov/2023:21:32:42 +0000] (0 s) "POST /xmlrpc.php HTTP/1.1" 200 412 "-" "Mozilla/5.0 (Windows NT 6.1; WOW64; rv:42.0) Gecko/20100101 Firefox/42.0" lestoilesdesabine.fr
34.198.74.177 - - [21/Nov/2023:21:32:45 +0000] (0 s) "POST /xmlrpc.php HTTP/1.1" 200 412 "-" "Mozilla/5.0 (Windows NT 10.0; Win64; x64) AppleWebKit/537.36 (KHTML, like Gecko) Chrome/90.0.4430.93 Safari/537.36" lestoilesdesabine.fr
2402:1f00:8000:800::2422 - - [21/Nov/2023:21:32:52 +0000] (0 s) "POST /xmlrpc.php HTTP/1.1" 200 412 "-" "Mozilla/5.0 (Windows NT 5.1) AppleWebKit/537.36 (KHTML, like Gecko) Chrome/46.0.2490.71 Safari/537.36" lestoilesdesabine.fr
198.12.210.211 - - [21/Nov/2023:21:33:12 +0000] (0 s) "POST /xmlrpc.php HTTP/1.1" 200 412 "-" "Mozilla/5.0 (Windows NT 10.0; WOW64; rv:54.0) Gecko/20100101 Firefox/54.0" lestoilesdesabine.fr
185.98.5.182 - - [21/Nov/2023:21:33:18 +0000] (0 s) "POST /xmlrpc.php HTTP/1.1" 200 412 "-" "Mozilla/5.0 (Windows NT 10.0; WOW64; rv:52.0) Gecko/20100101 Firefox/52.0" lestoilesdesabine.fr
20.117.229.218 - - [21/Nov/2023:21:34:11 +0000] (0 s) "GET /wp-content/plugins/contact-form-7/includes/js/jquery.form.min.js?ver=3.23 HTTP/1.1" 200 5807 "http://lestoilesdesabine.fr/contact/" "Mozilla/5.0 (Windows NT 10.0; Win64; x64) AppleWebKit/537.36 (KHTML, like Gecko) Chrome/114.0.0.0 Safari/537.36 Vivaldi/5.3.2679.68" lestoilesdesabine.fr
20.117.229.218 - - [21/Nov/2023:21:34:11 +0000] (6 s) "POST /contact/ HTTP/1.1" 200 4680 "http://lestoilesdesabine.fr/contact/" "Mozilla/5.0 (Windows NT 10.0; Win64; x64) AppleWebKit/537.36 (KHTML, like Gecko) Chrome/114.0.0.0 Safari/537.36 Vivaldi/5.3.2679.68" lestoilesdesabine.fr
146.70.86.125 - - [21/Nov/2023:21:34:19 +0000] (0 s) "POST /contact/ HTTP/1.1" 200 170 "http://lestoilesdesabine.fr/contact/" "Mozilla/5.0 (Windows NT 10.0; Win64; x64) AppleWebKit/537.36 (KHTML, like Gecko) Chrome/103.0.0.0 Safari/537.36" lestoilesdesabine.fr
185.221.213.38 - - [21/Nov/2023:21:37:41 +0000] (0 s) "GET /wp-admin/dropdown.php HTTP/1.1" 404 28056 "http://simplesite.com" "Mozilla/5.0 (Windows; U; Windows NT 5.1; en-US) AppleWebKit/533.4 (KHTML, like Gecko) Chrome/5.0.375.99 Safari/533.4" lestoilesdesabine.fr
185.221.213.38 - - [21/Nov/2023:21:37:46 +0000] (0 s) "GET /wp-admin/dropdown.php HTTP/1.1" 404 28056 "http://simplesite.com" "Mozilla/5.0 (Windows; U; Windows NT 5.1; en-US) AppleWebKit/533.4 (KHTML, like Gecko) Chrome/5.0.375.99 Safari/533.4" lestoilesdesabine.fr
185.107.44.117 - - [21/Nov/2023:21:37:59 +0000] (0 s) "GET /contact/ HTTP/1.1" 200 4651 "http://lestoilesdesabine.fr/contact/" "Mozilla/5.0 (Windows NT 6.3; WOW64) AppleWebKit/537.36 (KHTML, like Gecko) Chrome/103.0.0.0 Safari/537.36" lestoilesdesabine.fr
185.107.44.117 - - [21/Nov/2023:21:37:59 +0000] (0 s) "POST /contact/ HTTP/1.1" 200 170 "http://lestoilesdesabine.fr/contact/" "Mozilla/5.0 (Windows NT 6.3; WOW64) AppleWebKit/537.36 (KHTML, like Gecko) Chrome/103.0.0.0 Safari/537.36" lestoilesdesabine.fr
54.221.122.122 - - [21/Nov/2023:21:38:16 +0000] (0 s) "GET /robots.txt HTTP/1.1" 200 68 "-" "Mozilla/5.0/Firefox/42.0 - nbertaupete95(at)gmail.com" lestoilesdesabine.fr
54.221.122.122 - - [21/Nov/2023:21:38:18 +0000] (0 s) "GET /livre-dor/?replytocom=13 HTTP/1.1" 200 11766 "-" "Mozilla/5.0/Firefox/42.0 - nbertaupete95(at)gmail.com" lestoilesdesabine.fr
54.221.122.122 - - [21/Nov/2023:21:38:25 +0000] (0 s) "GET /livre-dor/?replytocom=232 HTTP/1.1" 200 11770 "-" "Mozilla/5.0/Firefox/42.0 - nbertaupete95(at)gmail.com" lestoilesdesabine.fr
54.221.122.122 - - [21/Nov/2023:21:38:33 +0000] (0 s) "GET /livre-dor/?replytocom=7 HTTP/1.1" 200 11766 "-" "Mozilla/5.0/Firefox/42.0 - nbertaupete95(at)gmail.com" lestoilesdesabine.fr
54.221.122.122 - - [21/Nov/2023:21:38:40 +0000] (0 s) "GET /livre-dor/?replytocom=233 HTTP/1.1" 200 11770 "-" "Mozilla/5.0/Firefox/42.0 - nbertaupete95(at)gmail.com" lestoilesdesabine.fr
54.221.122.122 - - [21/Nov/2023:21:38:46 +0000] (0 s) "GET /livre-dor/les-bouquets/ HTTP/1.1" 200 4539 "-" "Mozilla/5.0/Firefox/42.0 - nbertaupete95(at)gmail.com" lestoilesdesabine.fr
54.221.122.122 - - [21/Nov/2023:21:38:53 +0000] (0 s) "GET /livre-dor/?replytocom=2 HTTP/1.1" 200 11760 "-" "Mozilla/5.0/Firefox/42.0 - nbertaupete95(at)gmail.com" lestoilesdesabine.fr
45.61.185.138 - - [21/Nov/2023:21:38:58 +0000] (0 s) "GET /wp-login.php HTTP/1.1" 200 1196 "-" "Mozilla/5.0 (Macintosh; Intel Mac OS X 10.7; rv:31.0) Gecko/20100101 Firefox/31.0" lestoilesdesabine.fr
45.61.185.138 - - [21/Nov/2023:21:38:58 +0000] (0 s) "POST /wp-login.php HTTP/1.1" 200 4367 "-" "Mozilla/5.0 (Macintosh; Intel Mac OS X 10.7; rv:31.0) Gecko/20100101 Firefox/31.0" lestoilesdesabine.fr
54.221.122.122 - - [21/Nov/2023:21:39:01 +0000] (0 s) "GET /livre-dor/?replytocom=157 HTTP/1.1" 200 11766 "-" "Mozilla/5.0/Firefox/42.0 - nbertaupete95(at)gmail.com" lestoilesdesabine.fr
192.185.179.131 - - [21/Nov/2023:21:39:55 +0000] (0 s) "GET /simple.php HTTP/1.1" 404 28056 "http://simplesite.com" "Mozilla/5.0 (Windows; U; Windows NT 5.1; en-US) AppleWebKit/533.4 (KHTML, like Gecko) Chrome/5.0.375.99 Safari/533.4" lestoilesdesabine.fr
185.107.44.94 - - [21/Nov/2023:21:40:45 +0000] (0 s) "GET /contact/ HTTP/1.1" 200 4651 "http://lestoilesdesabine.fr/contact/" "Mozilla/5.0 (Windows NT 6.2; Win64; x64) AppleWebKit/537.36 (KHTML, like Gecko) Chrome/103.0.0.0 Safari/537.36" lestoilesdesabine.fr
185.107.44.94 - - [21/Nov/2023:21:40:45 +0000] (0 s) "POST /contact/ HTTP/1.1" 200 170 "http://lestoilesdesabine.fr/contact/" "Mozilla/5.0 (Windows NT 6.2; Win64; x64) AppleWebKit/537.36 (KHTML, like Gecko) Chrome/103.0.0.0 Safari/537.36" lestoilesdesabine.fr
5.101.156.191 - - [21/Nov/2023:21:41:49 +0000] (0 s) "GET /wp-login.php HTTP/1.1" 200 1196 "" "Mozilla/5.0 (Windows NT 10.0; Win64; x64; rv:109.0) Gecko/20100101 Firefox/119.0" lestoilesdesabine.fr
5.101.156.191 - - [21/Nov/2023:21:41:50 +0000] (0 s) "GET /wp-json/wp/v2/users HTTP/1.1" 404 28056 "" "Mozilla/5.0 (Windows NT 10.0; Win64; x64; rv:109.0) Gecko/20100101 Firefox/119.0" lestoilesdesabine.fr
5.101.156.191 - - [21/Nov/2023:21:41:50 +0000] (0 s) "POST /wp-login.php HTTP/1.1" 200 1575 "http://lestoilesdesabine.fr/wp-login.php?redirect_to=http%3A%2F%2Flestoilesdesabine.fr%2Fwp-admin%2F" "Mozilla/5.0 (Windows NT 10.0; Win64; x64; rv:109.0) Gecko/20100101 Firefox/119.0" lestoilesdesabine.fr
146.70.86.125 - - [21/Nov/2023:21:43:18 +0000] (0 s) "GET /contact/ HTTP/1.1" 200 4651 "http://lestoilesdesabine.fr/contact/" "Mozilla/5.0 (Windows NT 10.0; Win64; x64) AppleWebKit/537.36 (KHTML, like Gecko) Chrome/103.0.5042.0 Safari/537.36" lestoilesdesabine.fr
146.70.86.125 - - [21/Nov/2023:21:43:18 +0000] (1 s) "POST /contact/ HTTP/1.1" 200 130 "http://lestoilesdesabine.fr/contact/" "Mozilla/5.0 (Windows NT 10.0; Win64; x64) AppleWebKit/537.36 (KHTML, like Gecko) Chrome/103.0.5042.0 Safari/537.36" lestoilesdesabine.fr
185.107.44.117 - - [21/Nov/2023:21:46:09 +0000] (0 s) "GET /contact/ HTTP/1.1" 200 4651 "http://lestoilesdesabine.fr/contact/" "Mozilla/5.0 (Windows NT 6.3) AppleWebKit/537.36 (KHTML, like Gecko) Chrome/103.0.0.0 Safari/537.36" lestoilesdesabine.fr
185.107.44.117 - - [21/Nov/2023:21:46:09 +0000] (1 s) "POST /contact/ HTTP/1.1" 200 130 "http://lestoilesdesabine.fr/contact/" "Mozilla/5.0 (Windows NT 6.3) AppleWebKit/537.36 (KHTML, like Gecko) Chrome/103.0.0.0 Safari/537.36" lestoilesdesabine.fr
185.107.44.94 - - [21/Nov/2023:21:49:04 +0000] (0 s) "GET /contact/ HTTP/1.1" 200 4651 "http://lestoilesdesabine.fr/contact/" "Mozilla/5.0 (Windows NT 6.3; Win64; x64) AppleWebKit/537.36 (KHTML, like Gecko) Chrome/103.0.5060.114 Safari/537.36" lestoilesdesabine.fr
185.107.44.94 - - [21/Nov/2023:21:49:04 +0000] (1 s) "POST /contact/ HTTP/1.1" 200 130 "http://lestoilesdesabine.fr/contact/" "Mozilla/5.0 (Windows NT 6.3; Win64; x64) AppleWebKit/537.36 (KHTML, like Gecko) Chrome/103.0.5060.114 Safari/537.36" lestoilesdesabine.fr
146.70.86.125 - - [21/Nov/2023:21:52:39 +0000] (0 s) "GET /contact/ HTTP/1.1" 200 4651 "http://lestoilesdesabine.fr/contact/" "Mozilla/5.0 (Windows NT 6.3; WOW64) AppleWebKit/537.36 (KHTML, like Gecko) Chrome/103.0.5060.114 Safari/537.36" lestoilesdesabine.fr
146.70.86.125 - - [21/Nov/2023:21:52:39 +0000] (1 s) "POST /contact/ HTTP/1.1" 200 130 "http://lestoilesdesabine.fr/contact/" "Mozilla/5.0 (Windows NT 6.3; WOW64) AppleWebKit/537.36 (KHTML, like Gecko) Chrome/103.0.5060.114 Safari/537.36" lestoilesdesabine.fr
185.107.44.117 - - [21/Nov/2023:21:54:13 +0000] (1 s) "POST /contact/ HTTP/1.1" 200 130 "http://lestoilesdesabine.fr/contact/" "Mozilla/5.0 (Windows NT 6.1; Win64; x64) AppleWebKit/537.36 (KHTML, like Gecko) Chrome/103.0.5060.114 Safari/537.36" lestoilesdesabine.fr
40.94.34.52 - - [21/Nov/2023:21:54:49 +0000] (0 s) "GET / HTTP/1.1" 200 5322 "-" "Mozilla/5.0 (Windows NT 10.0; Win64; x64) AppleWebKit/537.36 (KHTML, like Gecko) Chrome/86.0.4240.198 Safari/537.36" lestoilesdesabine.fr
40.94.34.52 - - [21/Nov/2023:21:54:50 +0000] (0 s) "GET /wp-content/plugins/contact-form-7/includes/css/styles.css?ver=3.3.2 HTTP/1.1" 200 393 "http://lestoilesdesabine.fr/" "Mozilla/5.0 (Windows NT 10.0; Win64; x64) AppleWebKit/537.36 (KHTML, like Gecko) Chrome/86.0.4240.198 Safari/537.36" lestoilesdesabine.fr
40.94.34.32 - - [21/Nov/2023:21:54:50 +0000] (0 s) "GET /wp-content/plugins/wp-views/res/css/wpv-views-sorting.css?ver=3.5 HTTP/1.1" 200 229 "http://lestoilesdesabine.fr/" "Mozilla/5.0 (Windows NT 10.0; Win64; x64) AppleWebKit/537.36 (KHTML, like Gecko) Chrome/86.0.4240.198 Safari/537.36" lestoilesdesabine.fr
40.94.34.13 - - [21/Nov/2023:21:54:50 +0000] (0 s) "GET /wp-content/themes/headstart/stylesheets/theme.css?ver=3.5 HTTP/1.1" 200 36186 "http://lestoilesdesabine.fr/" "Mozilla/5.0 (Windows NT 10.0; Win64; x64) AppleWebKit/537.36 (KHTML, like Gecko) Chrome/86.0.4240.198 Safari/537.36" lestoilesdesabine.fr
40.94.34.85 - - [21/Nov/2023:21:54:50 +0000] (0 s) "GET /wp-content/uploads/2012/12/sabine-peint-5.jpg HTTP/1.1" 200 318403 "http://lestoilesdesabine.fr/" "Mozilla/5.0 (Windows NT 10.0; Win64; x64) AppleWebKit/537.36 (KHTML, like Gecko) Chrome/86.0.4240.198 Safari/537.36" lestoilesdesabine.fr
40.94.34.52 - - [21/Nov/2023:21:54:50 +0000] (0 s) "GET /wp-content/uploads/2017/10/la-voliere-150x150.jpg HTTP/1.1" 200 21109 "http://lestoilesdesabine.fr/" "Mozilla/5.0 (Windows NT 10.0; Win64; x64) AppleWebKit/537.36 (KHTML, like Gecko) Chrome/86.0.4240.198 Safari/537.36" lestoilesdesabine.fr
40.94.34.71 - - [21/Nov/2023:21:54:50 +0000] (0 s) "GET /wp-includes/js/jquery/jquery.js?ver=1.8.3 HTTP/1.1" 200 33444 "http://lestoilesdesabine.fr/" "Mozilla/5.0 (Windows NT 10.0; Win64; x64) AppleWebKit/537.36 (KHTML, like Gecko) Chrome/86.0.4240.198 Safari/537.36" lestoilesdesabine.fr
40.94.34.85 - - [21/Nov/2023:21:54:51 +0000] (0 s) "GET /wp-includes/js/jquery/ui/jquery.ui.core.min.js?ver=1.9.2 HTTP/1.1" 200 2070 "http://lestoilesdesabine.fr/" "Mozilla/5.0 (Windows NT 10.0; Win64; x64) AppleWebKit/537.36 (KHTML, like Gecko) Chrome/86.0.4240.198 Safari/537.36" lestoilesdesabine.fr
40.94.34.71 - - [21/Nov/2023:21:54:51 +0000] (0 s) "GET /wp-includes/js/jquery/ui/jquery.ui.datepicker.min.js?ver=1.9.2 HTTP/1.1" 200 11060 "http://lestoilesdesabine.fr/" "Mozilla/5.0 (Windows NT 10.0; Win64; x64) AppleWebKit/537.36 (KHTML, like Gecko) Chrome/86.0.4240.198 Safari/537.36" lestoilesdesabine.fr
40.94.34.13 - - [21/Nov/2023:21:54:52 +0000] (0 s) "GET /wp-content/themes/headstart/javascripts/foundation/modernizr.foundation.js?ver=20120206 HTTP/1.1" 200 4092 "http://lestoilesdesabine.fr/" "Mozilla/5.0 (Windows NT 10.0; Win64; x64) AppleWebKit/537.36 (KHTML, like Gecko) Chrome/86.0.4240.198 Safari/537.36" lestoilesdesabine.fr
40.94.34.32 - - [21/Nov/2023:21:54:52 +0000] (0 s) "GET /wp-content/themes/headstart/javascripts/foundation/app.js?ver=20120206 HTTP/1.1" 200 1137 "http://lestoilesdesabine.fr/" "Mozilla/5.0 (Windows NT 10.0; Win64; x64) AppleWebKit/537.36 (KHTML, like Gecko) Chrome/86.0.4240.198 Safari/537.36" lestoilesdesabine.fr
40.94.34.19 - - [21/Nov/2023:21:54:52 +0000] (0 s) "GET /wp-content/themes/headstart/javascripts/foundation/jquery.foundation.navigation.js?ver=20120206 HTTP/1.1" 200 615 "http://lestoilesdesabine.fr/" "Mozilla/5.0 (Windows NT 10.0; Win64; x64) AppleWebKit/537.36 (KHTML, like Gecko) Chrome/86.0.4240.198 Safari/537.36" lestoilesdesabine.fr
40.94.34.85 - - [21/Nov/2023:21:54:52 +0000] (0 s) "GET /wp-content/plugins/contact-form-7/includes/js/scripts.js?ver=3.3.2 HTTP/1.1" 200 1803 "http://lestoilesdesabine.fr/" "Mozilla/5.0 (Windows NT 10.0; Win64; x64) AppleWebKit/537.36 (KHTML, like Gecko) Chrome/86.0.4240.198 Safari/537.36" lestoilesdesabine.fr
40.94.34.52 - - [21/Nov/2023:21:54:52 +0000] (0 s) "GET /wp-content/themes/headstart/javascripts/affix.js?ver=20120206 HTTP/1.1" 200 865 "http://lestoilesdesabine.fr/" "Mozilla/5.0 (Windows NT 10.0; Win64; x64) AppleWebKit/537.36 (KHTML, like Gecko) Chrome/86.0.4240.198 Safari/537.36" lestoilesdesabine.fr
40.94.34.71 - - [21/Nov/2023:21:54:52 +0000] (0 s) "GET /wp-content/plugins/contact-form-7/includes/js/jquery.form.min.js?ver=3.23 HTTP/1.1" 200 5807 "http://lestoilesdesabine.fr/" "Mozilla/5.0 (Windows NT 10.0; Win64; x64) AppleWebKit/537.36 (KHTML, like Gecko) Chrome/86.0.4240.198 Safari/537.36" lestoilesdesabine.fr
40.94.34.32 - - [21/Nov/2023:21:54:52 +0000] (0 s) "GET /wp-content/themes/headstart/javascripts/foundation/jquery.foundation.mediaQueryToggle.js?ver=20120206 HTTP/1.1" 200 585 "http://lestoilesdesabine.fr/" "Mozilla/5.0 (Windows NT 10.0; Win64; x64) AppleWebKit/537.36 (KHTML, like Gecko) Chrome/86.0.4240.198 Safari/537.36" lestoilesdesabine.fr
40.94.34.13 - - [21/Nov/2023:21:54:52 +0000] (0 s) "GET /wp-content/themes/headstart/javascripts/foundation/jquery.placeholder.js?ver=20120206 HTTP/1.1" 200 1490 "http://lestoilesdesabine.fr/" "Mozilla/5.0 (Windows NT 10.0; Win64; x64) AppleWebKit/537.36 (KHTML, like Gecko) Chrome/86.0.4240.198 Safari/537.36" lestoilesdesabine.fr
40.94.34.19 - - [21/Nov/2023:21:54:52 +0000] (0 s) "GET /wp-content/themes/headstart/javascripts/foundation/jquery.foundation.topbar.js?ver=20120206 HTTP/1.1" 200 1509 "http://lestoilesdesabine.fr/" "Mozilla/5.0 (Windows NT 10.0; Win64; x64) AppleWebKit/537.36 (KHTML, like Gecko) Chrome/86.0.4240.198 Safari/537.36" lestoilesdesabine.fr
40.94.34.85 - - [21/Nov/2023:21:54:52 +0000] (0 s) "GET /wp-content/themes/headstart/images/background.jpg HTTP/1.1" 200 1127277 "http://lestoilesdesabine.fr/wp-content/themes/headstart/stylesheets/theme.css?ver=3.5" "Mozilla/5.0 (Windows NT 10.0; Win64; x64) AppleWebKit/537.36 (KHTML, like Gecko) Chrome/86.0.4240.198 Safari/537.36" lestoilesdesabine.fr
40.94.34.19 - - [21/Nov/2023:21:54:52 +0000] (0 s) "GET /wp-content/themes/headstart/fonts/MarckScript.woff HTTP/1.1" 200 19496 "http://lestoilesdesabine.fr/wp-content/themes/headstart/stylesheets/theme.css?ver=3.5" "Mozilla/5.0 (Windows NT 10.0; Win64; x64) AppleWebKit/537.36 (KHTML, like Gecko) Chrome/86.0.4240.198 Safari/537.36" lestoilesdesabine.fr
40.94.34.55 - - [21/Nov/2023:21:55:00 +0000] (0 s) "GET /favicon.ico HTTP/1.1" 200 - "http://lestoilesdesabine.fr/" "Mozilla/5.0 (Windows NT 10.0; Win64; x64) AppleWebKit/537.36 (KHTML, like Gecko) Chrome/86.0.4240.198 Safari/537.36" lestoilesdesabine.fr
185.107.44.94 - - [21/Nov/2023:21:57:22 +0000] (0 s) "GET /contact/ HTTP/1.1" 200 4651 "http://lestoilesdesabine.fr/contact/" "Mozilla/5.0 (Windows NT 6.3; WOW64) AppleWebKit/537.36 (KHTML, like Gecko) Chrome/103.0.5060.114 Safari/537.36" lestoilesdesabine.fr
185.107.44.94 - - [21/Nov/2023:21:57:22 +0000] (1 s) "POST /contact/ HTTP/1.1" 200 130 "http://lestoilesdesabine.fr/contact/" "Mozilla/5.0 (Windows NT 6.3; WOW64) AppleWebKit/537.36 (KHTML, like Gecko) Chrome/103.0.5060.114 Safari/537.36" lestoilesdesabine.fr
146.70.86.125 - - [21/Nov/2023:22:02:00 +0000] (0 s) "GET /contact/ HTTP/1.1" 200 4651 "http://lestoilesdesabine.fr/contact/" "Mozilla/5.0 (Windows NT 6.1; Win64; x64) AppleWebKit/537.36 (KHTML, like Gecko) Chrome/103.0.0.0 Safari/537.36" lestoilesdesabine.fr
146.70.86.125 - - [21/Nov/2023:22:02:00 +0000] (6 s) "POST /contact/ HTTP/1.1" 200 130 "http://lestoilesdesabine.fr/contact/" "Mozilla/5.0 (Windows NT 6.1; Win64; x64) AppleWebKit/537.36 (KHTML, like Gecko) Chrome/103.0.0.0 Safari/537.36" lestoilesdesabine.fr
185.107.44.117 - - [21/Nov/2023:22:02:43 +0000] (1 s) "POST /contact/ HTTP/1.1" 200 130 "http://lestoilesdesabine.fr/contact/" "Mozilla/5.0 (Windows NT 6.3) AppleWebKit/537.36 (KHTML, like Gecko) Chrome/103.0.0.0 Safari/537.36" lestoilesdesabine.fr
185.107.44.94 - - [21/Nov/2023:22:05:28 +0000] (0 s) "GET /contact/ HTTP/1.1" 200 4651 "http://lestoilesdesabine.fr/contact/" "Mozilla/5.0 (Windows NT 10.0; WOW64) AppleWebKit/537.36 (KHTML, like Gecko) Chrome/103.0.5060.114 Safari/537.36" lestoilesdesabine.fr
185.107.44.94 - - [21/Nov/2023:22:05:28 +0000] (0 s) "POST /contact/ HTTP/1.1" 200 170 "http://lestoilesdesabine.fr/contact/" "Mozilla/5.0 (Windows NT 10.0; WOW64) AppleWebKit/537.36 (KHTML, like Gecko) Chrome/103.0.5060.114 Safari/537.36" lestoilesdesabine.fr
185.107.44.117 - - [21/Nov/2023:22:10:43 +0000] (0 s) "GET /contact/ HTTP/1.1" 200 4651 "http://lestoilesdesabine.fr/contact/" "Mozilla/5.0 (Windows NT 6.1) AppleWebKit/537.36 (KHTML, like Gecko) Chrome/103.0.0.0 Safari/537.36" lestoilesdesabine.fr
185.107.44.117 - - [21/Nov/2023:22:10:44 +0000] (0 s) "POST /contact/ HTTP/1.1" 200 170 "http://lestoilesdesabine.fr/contact/" "Mozilla/5.0 (Windows NT 6.1) AppleWebKit/537.36 (KHTML, like Gecko) Chrome/103.0.0.0 Safari/537.36" lestoilesdesabine.fr
146.70.86.125 - - [21/Nov/2023:22:11:11 +0000] (1 s) "POST /contact/ HTTP/1.1" 200 130 "http://lestoilesdesabine.fr/contact/" "Mozilla/5.0 (Windows NT 6.3; WOW64) AppleWebKit/537.36 (KHTML, like Gecko) Chrome/103.0.0.0 Safari/537.36" lestoilesdesabine.fr
185.107.44.94 - - [21/Nov/2023:22:13:54 +0000] (0 s) "GET /contact/ HTTP/1.1" 200 4651 "http://lestoilesdesabine.fr/contact/" "Mozilla/5.0 (Windows NT 10.0; Win64; x64) AppleWebKit/537.36 (KHTML, like Gecko) Chrome/103.0.5060.66 Safari/537.36" lestoilesdesabine.fr
185.107.44.94 - - [21/Nov/2023:22:13:55 +0000] (1 s) "POST /contact/ HTTP/1.1" 200 130 "http://lestoilesdesabine.fr/contact/" "Mozilla/5.0 (Windows NT 10.0; Win64; x64) AppleWebKit/537.36 (KHTML, like Gecko) Chrome/103.0.5060.66 Safari/537.36" lestoilesdesabine.fr
77.222.57.65 - - [21/Nov/2023:22:14:13 +0000] (0 s) "GET /wp-content/themes/index.php HTTP/1.1" 200 - "http://simplesite.com" "Mozilla/5.0 (Windows; U; Windows NT 5.1; en-US) AppleWebKit/533.4 (KHTML, like Gecko) Chrome/5.0.375.99 Safari/533.4" lestoilesdesabine.fr
146.70.86.125 - - [21/Nov/2023:22:20:31 +0000] (0 s) "GET /contact/ HTTP/1.1" 200 4651 "http://lestoilesdesabine.fr/contact/" "Mozilla/5.0 (Windows NT 6.3; Win64; x64) AppleWebKit/537.36 (KHTML, like Gecko) Chrome/103.0.5060.114 Safari/537.36" lestoilesdesabine.fr
146.70.86.125 - - [21/Nov/2023:22:20:31 +0000] (1 s) "POST /contact/ HTTP/1.1" 200 130 "http://lestoilesdesabine.fr/contact/" "Mozilla/5.0 (Windows NT 6.3; Win64; x64) AppleWebKit/537.36 (KHTML, like Gecko) Chrome/103.0.5060.114 Safari/537.36" lestoilesdesabine.fr
146.70.86.125 - - [21/Nov/2023:22:29:41 +0000] (0 s) "GET /contact/ HTTP/1.1" 200 4651 "http://lestoilesdesabine.fr/contact/" "Mozilla/5.0 (Windows NT 6.3; WOW64) AppleWebKit/537.36 (KHTML, like Gecko) Chrome/103.0.5060.114 Safari/537.36" lestoilesdesabine.fr
146.70.86.125 - - [21/Nov/2023:22:29:41 +0000] (1 s) "POST /contact/ HTTP/1.1" 200 130 "http://lestoilesdesabine.fr/contact/" "Mozilla/5.0 (Windows NT 6.3; WOW64) AppleWebKit/537.36 (KHTML, like Gecko) Chrome/103.0.5060.114 Safari/537.36" lestoilesdesabine.fr
93.188.2.5 - - [21/Nov/2023:22:36:12 +0000] (0 s) "GET /wp-content/plugins/wp-doftx/noimg.php HTTP/1.1" 404 28056 "http://simplesite.com" "Mozilla/5.0 (Windows; U; Windows NT 5.1; en-US) AppleWebKit/533.4 (KHTML, like Gecko) Chrome/5.0.375.99 Safari/533.4" lestoilesdesabine.fr
93.188.2.5 - - [21/Nov/2023:22:36:16 +0000] (0 s) "GET /wp-content/plugins/wp-doftx/noimg.php HTTP/1.1" 404 28056 "http://simplesite.com" "Mozilla/5.0 (Windows; U; Windows NT 5.1; en-US) AppleWebKit/533.4 (KHTML, like Gecko) Chrome/5.0.375.99 Safari/533.4" lestoilesdesabine.fr
146.70.86.125 - - [21/Nov/2023:22:39:16 +0000] (0 s) "GET /contact/ HTTP/1.1" 200 4651 "http://lestoilesdesabine.fr/contact/" "Mozilla/5.0 (Windows NT 6.3) AppleWebKit/537.36 (KHTML, like Gecko) Chrome/103.0.0.0 Safari/537.36" lestoilesdesabine.fr
146.70.86.125 - - [21/Nov/2023:22:39:16 +0000] (6 s) "POST /contact/ HTTP/1.1" 200 130 "http://lestoilesdesabine.fr/contact/" "Mozilla/5.0 (Windows NT 6.3) AppleWebKit/537.36 (KHTML, like Gecko) Chrome/103.0.0.0 Safari/537.36" lestoilesdesabine.fr
45.151.123.153 - - [21/Nov/2023:22:40:16 +0000] (0 s) "GET /wp-login.php HTTP/1.1" 200 1196 "-" "Mozilla/5.0 (X11; Ubuntu; Linux x86_64; rv:62.0) Gecko/20100101 Firefox/62.0" lestoilesdesabine.fr
45.151.123.153 - - [21/Nov/2023:22:40:17 +0000] (0 s) "POST /wp-login.php HTTP/1.1" 200 1595 "-" "Mozilla/5.0 (X11; Ubuntu; Linux x86_64; rv:62.0) Gecko/20100101 Firefox/62.0" lestoilesdesabine.fr
45.151.123.153 - - [21/Nov/2023:22:40:18 +0000] (0 s) "POST /xmlrpc.php HTTP/1.1" 200 232 "-" "Mozilla/5.0 (X11; Ubuntu; Linux x86_64; rv:62.0) Gecko/20100101 Firefox/62.0" lestoilesdesabine.fr
146.70.86.125 - - [21/Nov/2023:22:48:24 +0000] (0 s) "GET /contact/ HTTP/1.1" 200 4651 "http://lestoilesdesabine.fr/contact/" "Mozilla/5.0 (Windows NT 10.0; Win64; x64) AppleWebKit/537.36 (KHTML, like Gecko) Chrome/103.0.0.0 Safari/537.36" lestoilesdesabine.fr
146.70.86.125 - - [21/Nov/2023:22:48:25 +0000] (0 s) "POST /contact/ HTTP/1.1" 200 170 "http://lestoilesdesabine.fr/contact/" "Mozilla/5.0 (Windows NT 10.0; Win64; x64) AppleWebKit/537.36 (KHTML, like Gecko) Chrome/103.0.0.0 Safari/537.36" lestoilesdesabine.fr
20.197.4.181 - - [21/Nov/2023:22:50:23 +0000] (0 s) "GET /wp-content/plugins/WordPressCore/include.php HTTP/1.1" 404 28056 "www.google.com" "Mozlila/5.0 (Linux; Android 7.0; SM-G892A Bulid/NRD90M; wv) AppleWebKit/537.36 (KHTML, like Gecko) Version/4.0 Chrome/60.0.3112.107 Moblie Safari/537.36" lestoilesdesabine.fr
20.197.4.181 - - [21/Nov/2023:22:50:57 +0000] (0 s) "GET /wp-includes/images/include.php HTTP/1.1" 404 28056 "www.google.com" "Mozlila/5.0 (Linux; Android 7.0; SM-G892A Bulid/NRD90M; wv) AppleWebKit/537.36 (KHTML, like Gecko) Version/4.0 Chrome/60.0.3112.107 Moblie Safari/537.36" lestoilesdesabine.fr
206.189.143.129 - - [21/Nov/2023:22:57:31 +0000] (0 s) "GET /index.php?pd=smyedit&mapname=sitemap.php&dstr=asd HTTP/1.1" 301 2 "lestoilesdesabine.fr" "Mozilla/5.0 (Windows NT 10.0; Win64; x64) AppleWebKit/537.36 (KHTML, like Gecko) colonel Chrome/196.3.1597.530 Safari/537.36" lestoilesdesabine.fr
206.189.143.129 - - [21/Nov/2023:22:57:32 +0000] (0 s) "GET /?pd=smyedit&mapname=sitemap.php&dstr=asd HTTP/1.1" 200 5322 "lestoilesdesabine.fr" "Mozilla/5.0 (Windows NT 10.0; Win64; x64) AppleWebKit/537.36 (KHTML, like Gecko) colonel Chrome/196.3.1597.530 Safari/537.36" lestoilesdesabine.fr
146.70.86.125 - - [21/Nov/2023:22:57:53 +0000] (0 s) "GET /contact/ HTTP/1.1" 200 4651 "http://lestoilesdesabine.fr/contact/" "Mozilla/5.0 (Windows NT 10.0; Win64; x64) AppleWebKit/537.36 (KHTML, like Gecko) Chrome/103.0.5060.66 Safari/537.36" lestoilesdesabine.fr
146.70.86.125 - - [21/Nov/2023:22:57:53 +0000] (0 s) "POST /contact/ HTTP/1.1" 200 170 "http://lestoilesdesabine.fr/contact/" "Mozilla/5.0 (Windows NT 10.0; Win64; x64) AppleWebKit/537.36 (KHTML, like Gecko) Chrome/103.0.5060.66 Safari/537.36" lestoilesdesabine.fr
146.70.86.125 - - [21/Nov/2023:23:07:29 +0000] (0 s) "GET /contact/ HTTP/1.1" 200 4651 "http://lestoilesdesabine.fr/contact/" "Mozilla/5.0 (Windows NT 6.1; WOW64) AppleWebKit/537.36 (KHTML, like Gecko) Chrome/103.0.0.0 Safari/537.36" lestoilesdesabine.fr
146.70.86.125 - - [21/Nov/2023:23:07:30 +0000] (1 s) "POST /contact/ HTTP/1.1" 200 130 "http://lestoilesdesabine.fr/contact/" "Mozilla/5.0 (Windows NT 6.1; WOW64) AppleWebKit/537.36 (KHTML, like Gecko) Chrome/103.0.0.0 Safari/537.36" lestoilesdesabine.fr
82.147.85.158 - - [21/Nov/2023:23:08:52 +0000] (1 s) "POST /contact/ HTTP/1.1" 200 130 "http://lestoilesdesabine.fr/contact/" "Mozilla/5.0 (Windows NT 6.2; Win64; x64) AppleWebKit/537.36 (KHTML, like Gecko) Chrome/103.0.0.0 Safari/537.36" lestoilesdesabine.fr
82.147.85.158 - - [21/Nov/2023:23:10:46 +0000] (0 s) "GET /contact/ HTTP/1.1" 200 4651 "http://lestoilesdesabine.fr/contact/" "Mozilla/5.0 (Windows NT 6.1; WOW64) AppleWebKit/537.36 (KHTML, like Gecko) Chrome/103.0.0.0 Safari/537.36" lestoilesdesabine.fr
82.147.85.158 - - [21/Nov/2023:23:10:46 +0000] (1 s) "POST /contact/ HTTP/1.1" 200 130 "http://lestoilesdesabine.fr/contact/" "Mozilla/5.0 (Windows NT 6.1; WOW64) AppleWebKit/537.36 (KHTML, like Gecko) Chrome/103.0.0.0 Safari/537.36" lestoilesdesabine.fr
82.147.85.158 - - [21/Nov/2023:23:12:40 +0000] (1 s) "POST /contact/ HTTP/1.1" 200 130 "http://lestoilesdesabine.fr/contact/" "Mozilla/5.0 (Windows NT 6.3; Win64; x64) AppleWebKit/537.36 (KHTML, like Gecko) Chrome/103.0.5060.53 Safari/537.36" lestoilesdesabine.fr
82.147.85.158 - - [21/Nov/2023:23:14:30 +0000] (0 s) "GET /contact/ HTTP/1.1" 200 4651 "http://lestoilesdesabine.fr/contact/" "Mozilla/5.0 (Windows NT 10.0; Win64; x64) AppleWebKit/537.36 (KHTML, like Gecko) Chrome/103.0.5060.66 Safari/537.36" lestoilesdesabine.fr
82.147.85.158 - - [21/Nov/2023:23:14:30 +0000] (1 s) "POST /contact/ HTTP/1.1" 200 130 "http://lestoilesdesabine.fr/contact/" "Mozilla/5.0 (Windows NT 10.0; Win64; x64) AppleWebKit/537.36 (KHTML, like Gecko) Chrome/103.0.5060.66 Safari/537.36" lestoilesdesabine.fr
82.147.85.158 - - [21/Nov/2023:23:16:21 +0000] (1 s) "POST /contact/ HTTP/1.1" 200 130 "http://lestoilesdesabine.fr/contact/" "Mozilla/5.0 (Windows NT 6.3; Win64; x64) AppleWebKit/537.36 (KHTML, like Gecko) Chrome/103.0.5060.53 Safari/537.36" lestoilesdesabine.fr
146.70.86.125 - - [21/Nov/2023:23:17:18 +0000] (0 s) "GET /contact/ HTTP/1.1" 200 4651 "http://lestoilesdesabine.fr/contact/" "Mozilla/5.0 (Windows NT 10.0; Win64; x64) AppleWebKit/537.36 (KHTML, like Gecko) Chrome/103.0.5060.66 Safari/537.36" lestoilesdesabine.fr
146.70.86.125 - - [21/Nov/2023:23:17:19 +0000] (1 s) "POST /contact/ HTTP/1.1" 200 130 "http://lestoilesdesabine.fr/contact/" "Mozilla/5.0 (Windows NT 10.0; Win64; x64) AppleWebKit/537.36 (KHTML, like Gecko) Chrome/103.0.5060.66 Safari/537.36" lestoilesdesabine.fr
82.147.85.158 - - [21/Nov/2023:23:18:13 +0000] (6 s) "POST /contact/ HTTP/1.1" 200 130 "http://lestoilesdesabine.fr/contact/" "Mozilla/5.0 (Windows NT 6.3; WOW64) AppleWebKit/537.36 (KHTML, like Gecko) Chrome/103.0.0.0 Safari/537.36" lestoilesdesabine.fr
82.147.85.158 - - [21/Nov/2023:23:20:06 +0000] (0 s) "GET /contact/ HTTP/1.1" 200 4651 "http://lestoilesdesabine.fr/contact/" "Mozilla/5.0 (Windows NT 10.0; Win64; x64) AppleWebKit/537.36 (KHTML, like Gecko) Chrome/103.0.5060.66 Safari/537.36" lestoilesdesabine.fr
82.147.85.158 - - [21/Nov/2023:23:20:06 +0000] (1 s) "POST /contact/ HTTP/1.1" 200 130 "http://lestoilesdesabine.fr/contact/" "Mozilla/5.0 (Windows NT 10.0; Win64; x64) AppleWebKit/537.36 (KHTML, like Gecko) Chrome/103.0.5060.66 Safari/537.36" lestoilesdesabine.fr
82.147.85.158 - - [21/Nov/2023:23:21:59 +0000] (1 s) "POST /contact/ HTTP/1.1" 200 130 "http://lestoilesdesabine.fr/contact/" "Mozilla/5.0 (Windows NT 6.3; WOW64) AppleWebKit/537.36 (KHTML, like Gecko) Chrome/103.0.5060.114 Safari/537.36" lestoilesdesabine.fr
82.147.85.158 - - [21/Nov/2023:23:23:50 +0000] (0 s) "GET /contact/ HTTP/1.1" 200 4651 "http://lestoilesdesabine.fr/contact/" "Mozilla/5.0 (Windows NT 6.3; Win64; x64) AppleWebKit/537.36 (KHTML, like Gecko) Chrome/103.0.5060.114 Safari/537.36" lestoilesdesabine.fr
82.147.85.158 - - [21/Nov/2023:23:23:51 +0000] (1 s) "POST /contact/ HTTP/1.1" 200 130 "http://lestoilesdesabine.fr/contact/" "Mozilla/5.0 (Windows NT 6.3; Win64; x64) AppleWebKit/537.36 (KHTML, like Gecko) Chrome/103.0.5060.114 Safari/537.36" lestoilesdesabine.fr
82.147.85.158 - - [21/Nov/2023:23:25:41 +0000] (1 s) "POST /contact/ HTTP/1.1" 200 130 "http://lestoilesdesabine.fr/contact/" "Mozilla/5.0 (Windows NT 10.0; WOW64) AppleWebKit/537.36 (KHTML, like Gecko) Chrome/103.0.0.0 Safari/537.36" lestoilesdesabine.fr
172.190.85.110 - - [21/Nov/2023:23:25:48 +0000] (0 s) "GET /wp-admin/css/ HTTP/1.1" 403 199 "binance.com" "Mozilla/5.0 (Windows NT 10.0; Win64; x64) AppleWebKit/537.36 (KHTML, like Gecko) Chrome/90.0.4430.85 Safari/537.36" lestoilesdesabine.fr
146.70.86.125 - - [21/Nov/2023:23:26:42 +0000] (0 s) "GET /contact/ HTTP/1.1" 200 4651 "http://lestoilesdesabine.fr/contact/" "Mozilla/5.0 (Windows NT 6.3; Win64; x64) AppleWebKit/537.36 (KHTML, like Gecko) Chrome/103.0.5060.53 Safari/537.36" lestoilesdesabine.fr
146.70.86.125 - - [21/Nov/2023:23:26:42 +0000] (1 s) "POST /contact/ HTTP/1.1" 200 130 "http://lestoilesdesabine.fr/contact/" "Mozilla/5.0 (Windows NT 6.3; Win64; x64) AppleWebKit/537.36 (KHTML, like Gecko) Chrome/103.0.5060.53 Safari/537.36" lestoilesdesabine.fr
82.147.85.158 - - [21/Nov/2023:23:27:33 +0000] (1 s) "POST /contact/ HTTP/1.1" 200 130 "http://lestoilesdesabine.fr/contact/" "Mozilla/5.0 (Windows NT 6.1; WOW64) AppleWebKit/537.36 (KHTML, like Gecko) Chrome/103.0.0.0 Safari/537.36" lestoilesdesabine.fr
82.147.85.158 - - [21/Nov/2023:23:29:23 +0000] (0 s) "GET /contact/ HTTP/1.1" 200 4651 "http://lestoilesdesabine.fr/contact/" "Mozilla/5.0 (Windows NT 6.1) AppleWebKit/537.36 (KHTML, like Gecko) Chrome/103.0.5060.114 Safari/537.36" lestoilesdesabine.fr
82.147.85.158 - - [21/Nov/2023:23:29:24 +0000] (1 s) "POST /contact/ HTTP/1.1" 200 130 "http://lestoilesdesabine.fr/contact/" "Mozilla/5.0 (Windows NT 6.1) AppleWebKit/537.36 (KHTML, like Gecko) Chrome/103.0.5060.114 Safari/537.36" lestoilesdesabine.fr
82.147.85.158 - - [21/Nov/2023:23:31:16 +0000] (1 s) "POST /contact/ HTTP/1.1" 200 130 "http://lestoilesdesabine.fr/contact/" "Mozilla/5.0 (Windows NT 6.3; Win64; x64) AppleWebKit/537.36 (KHTML, like Gecko) Chrome/103.0.5060.114 Safari/537.36" lestoilesdesabine.fr
82.147.85.158 - - [21/Nov/2023:23:33:10 +0000] (0 s) "GET /contact/ HTTP/1.1" 200 4651 "http://lestoilesdesabine.fr/contact/" "Mozilla/5.0 (Windows NT 6.1; Win64; x64) AppleWebKit/537.36 (KHTML, like Gecko) Chrome/103.0.5060.66 Safari/537.36" lestoilesdesabine.fr
82.147.85.158 - - [21/Nov/2023:23:33:11 +0000] (1 s) "POST /contact/ HTTP/1.1" 200 130 "http://lestoilesdesabine.fr/contact/" "Mozilla/5.0 (Windows NT 6.1; Win64; x64) AppleWebKit/537.36 (KHTML, like Gecko) Chrome/103.0.5060.66 Safari/537.36" lestoilesdesabine.fr
82.147.85.158 - - [21/Nov/2023:23:35:05 +0000] (1 s) "POST /contact/ HTTP/1.1" 200 130 "http://lestoilesdesabine.fr/contact/" "Mozilla/5.0 (Windows NT 10.0; Win64; x64) AppleWebKit/537.36 (KHTML, like Gecko) Chrome/103.0.5042.0 Safari/537.36" lestoilesdesabine.fr
146.70.86.125 - - [21/Nov/2023:23:36:04 +0000] (0 s) "GET /contact/ HTTP/1.1" 200 4651 "http://lestoilesdesabine.fr/contact/" "Mozilla/5.0 (Windows NT 6.1; WOW64) AppleWebKit/537.36 (KHTML, like Gecko) Chrome/103.0.0.0 Safari/537.36" lestoilesdesabine.fr
146.70.86.125 - - [21/Nov/2023:23:36:04 +0000] (2 s) "POST /contact/ HTTP/1.1" 200 130 "http://lestoilesdesabine.fr/contact/" "Mozilla/5.0 (Windows NT 6.1; WOW64) AppleWebKit/537.36 (KHTML, like Gecko) Chrome/103.0.0.0 Safari/537.36" lestoilesdesabine.fr
82.147.85.158 - - [21/Nov/2023:23:37:00 +0000] (0 s) "POST /contact/ HTTP/1.1" 200 270 "http://lestoilesdesabine.fr/contact/" "Mozilla/5.0 (Windows NT 6.3; Win64; x64) AppleWebKit/537.36 (KHTML, like Gecko) Chrome/103.0.5060.114 Safari/537.36" lestoilesdesabine.fr
54.36.148.136 - - [21/Nov/2023:23:38:48 +0000] (0 s) "GET /robots.txt HTTP/1.1" 200 68 "-" "Mozilla/5.0 (compatible; AhrefsBot/7.0; +http://ahrefs.com/robot/)" lestoilesdesabine.fr
54.36.149.26 - - [21/Nov/2023:23:38:50 +0000] (0 s) "GET /ma-derniere-toile-dune-serie-a-venir-lame-des-statues/papillons/ HTTP/1.1" 200 4657 "-" "Mozilla/5.0 (compatible; AhrefsBot/7.0; +http://ahrefs.com/robot/)" lestoilesdesabine.fr
82.147.85.158 - - [21/Nov/2023:23:38:52 +0000] (0 s) "GET /contact/ HTTP/1.1" 200 4651 "http://lestoilesdesabine.fr/contact/" "Mozilla/5.0 (Windows NT 6.3; Win64; x64) AppleWebKit/537.36 (KHTML, like Gecko) Chrome/103.0.5060.53 Safari/537.36" lestoilesdesabine.fr
82.147.85.158 - - [21/Nov/2023:23:38:53 +0000] (6 s) "POST /contact/ HTTP/1.1" 200 130 "http://lestoilesdesabine.fr/contact/" "Mozilla/5.0 (Windows NT 6.3; Win64; x64) AppleWebKit/537.36 (KHTML, like Gecko) Chrome/103.0.5060.53 Safari/537.36" lestoilesdesabine.fr
82.147.85.158 - - [21/Nov/2023:23:40:45 +0000] (1 s) "POST /contact/ HTTP/1.1" 200 130 "http://lestoilesdesabine.fr/contact/" "Mozilla/5.0 (Windows NT 6.1; Win64; x64) AppleWebKit/537.36 (KHTML, like Gecko) Chrome/103.0.0.0 Safari/537.36" lestoilesdesabine.fr
82.147.85.158 - - [21/Nov/2023:23:42:37 +0000] (0 s) "GET /contact/ HTTP/1.1" 200 4651 "http://lestoilesdesabine.fr/contact/" "Mozilla/5.0 (Windows NT 10.0; Win64; x64) AppleWebKit/537.36 (KHTML, like Gecko) Chrome/103.0.5042.0 Safari/537.36" lestoilesdesabine.fr
82.147.85.158 - - [21/Nov/2023:23:42:38 +0000] (1 s) "POST /contact/ HTTP/1.1" 200 130 "http://lestoilesdesabine.fr/contact/" "Mozilla/5.0 (Windows NT 10.0; Win64; x64) AppleWebKit/537.36 (KHTML, like Gecko) Chrome/103.0.5042.0 Safari/537.36" lestoilesdesabine.fr
82.147.85.158 - - [21/Nov/2023:23:44:30 +0000] (1 s) "POST /contact/ HTTP/1.1" 200 130 "http://lestoilesdesabine.fr/contact/" "Mozilla/5.0 (Windows NT 10.0; WOW64) AppleWebKit/537.36 (KHTML, like Gecko) Chrome/103.0.0.0 Safari/537.36" lestoilesdesabine.fr
146.70.86.125 - - [21/Nov/2023:23:45:48 +0000] (0 s) "GET /contact/ HTTP/1.1" 200 4651 "http://lestoilesdesabine.fr/contact/" "Mozilla/5.0 (Windows NT 6.3; Win64; x64) AppleWebKit/537.36 (KHTML, like Gecko) Chrome/103.0.5060.53 Safari/537.36" lestoilesdesabine.fr
146.70.86.125 - - [21/Nov/2023:23:45:48 +0000] (1 s) "POST /contact/ HTTP/1.1" 200 130 "http://lestoilesdesabine.fr/contact/" "Mozilla/5.0 (Windows NT 6.3; Win64; x64) AppleWebKit/537.36 (KHTML, like Gecko) Chrome/103.0.5060.53 Safari/537.36" lestoilesdesabine.fr
82.147.85.158 - - [21/Nov/2023:23:46:23 +0000] (0 s) "POST /contact/ HTTP/1.1" 200 270 "http://lestoilesdesabine.fr/contact/" "Mozilla/5.0 (Windows NT 10.0) AppleWebKit/537.36 (KHTML, like Gecko) Chrome/103.0.0.0 Safari/537.36" lestoilesdesabine.fr
82.147.85.158 - - [21/Nov/2023:23:48:15 +0000] (0 s) "GET /contact/ HTTP/1.1" 200 4651 "http://lestoilesdesabine.fr/contact/" "Mozilla/5.0 (Windows NT 10.0; Win64; x64) AppleWebKit/537.36 (KHTML, like Gecko) Chrome/103.0.5060.114 Safari/537.36" lestoilesdesabine.fr
82.147.85.158 - - [21/Nov/2023:23:48:15 +0000] (0 s) "POST /contact/ HTTP/1.1" 200 170 "http://lestoilesdesabine.fr/contact/" "Mozilla/5.0 (Windows NT 10.0; Win64; x64) AppleWebKit/537.36 (KHTML, like Gecko) Chrome/103.0.5060.114 Safari/537.36" lestoilesdesabine.fr
82.147.85.158 - - [21/Nov/2023:23:50:10 +0000] (1 s) "POST /contact/ HTTP/1.1" 200 130 "http://lestoilesdesabine.fr/contact/" "Mozilla/5.0 (Windows NT 6.1; Win64; x64) AppleWebKit/537.36 (KHTML, like Gecko) Chrome/103.0.5060.114 Safari/537.36" lestoilesdesabine.fr
82.147.85.158 - - [21/Nov/2023:23:52:03 +0000] (0 s) "GET /contact/ HTTP/1.1" 200 4651 "http://lestoilesdesabine.fr/contact/" "Mozilla/5.0 (Windows NT 10.0; Win64; x64) AppleWebKit/537.36 (KHTML, like Gecko) Chrome/103.0.0.0 Safari/537.36 OpenWave/97.4.2043.44" lestoilesdesabine.fr
82.147.85.158 - - [21/Nov/2023:23:52:04 +0000] (0 s) "POST /contact/ HTTP/1.1" 200 270 "http://lestoilesdesabine.fr/contact/" "Mozilla/5.0 (Windows NT 10.0; Win64; x64) AppleWebKit/537.36 (KHTML, like Gecko) Chrome/103.0.0.0 Safari/537.36 OpenWave/97.4.2043.44" lestoilesdesabine.fr
82.147.85.158 - - [21/Nov/2023:23:53:56 +0000] (0 s) "POST /contact/ HTTP/1.1" 200 170 "http://lestoilesdesabine.fr/contact/" "Mozilla/5.0 (Windows NT 10.0) AppleWebKit/537.36 (KHTML, like Gecko) Chrome/103.0.0.0 Safari/537.36" lestoilesdesabine.fr
146.70.86.125 - - [21/Nov/2023:23:55:16 +0000] (0 s) "GET /contact/ HTTP/1.1" 200 4651 "http://lestoilesdesabine.fr/contact/" "Mozilla/5.0 (Windows NT 10.0; Win64; x64) AppleWebKit/537.36 (KHTML, like Gecko) Chrome/103.0.0.0 Safari/537.36 Herring/95.1.8810.11" lestoilesdesabine.fr
146.70.86.125 - - [21/Nov/2023:23:55:16 +0000] (1 s) "POST /contact/ HTTP/1.1" 200 130 "http://lestoilesdesabine.fr/contact/" "Mozilla/5.0 (Windows NT 10.0; Win64; x64) AppleWebKit/537.36 (KHTML, like Gecko) Chrome/103.0.0.0 Safari/537.36 Herring/95.1.8810.11" lestoilesdesabine.fr
82.147.85.158 - - [21/Nov/2023:23:55:48 +0000] (0 s) "POST /contact/ HTTP/1.1" 200 170 "http://lestoilesdesabine.fr/contact/" "Mozilla/5.0 (Windows NT 10.0; Win64; x64) AppleWebKit/537.36 (KHTML, like Gecko) Chrome/103.0.5060.114 Safari/537.36" lestoilesdesabine.fr
82.147.85.158 - - [21/Nov/2023:23:57:40 +0000] (0 s) "GET /contact/ HTTP/1.1" 200 4651 "http://lestoilesdesabine.fr/contact/" "Mozilla/5.0 (Windows NT 10.0; Win64; x64) AppleWebKit/537.36 (KHTML, like Gecko) Chrome/103.0.0.0 Safari/537.36 Herring/95.1.8810.11" lestoilesdesabine.fr
82.147.85.158 - - [21/Nov/2023:23:57:41 +0000] (0 s) "POST /contact/ HTTP/1.1" 200 170 "http://lestoilesdesabine.fr/contact/" "Mozilla/5.0 (Windows NT 10.0; Win64; x64) AppleWebKit/537.36 (KHTML, like Gecko) Chrome/103.0.0.0 Safari/537.36 Herring/95.1.8810.11" lestoilesdesabine.fr
82.147.85.158 - - [21/Nov/2023:23:59:33 +0000] (0 s) "POST /contact/ HTTP/1.1" 200 170 "http://lestoilesdesabine.fr/contact/" "Mozilla/5.0 (Windows NT 6.1; Win64; x64) AppleWebKit/537.36 (KHTML, like Gecko) Chrome/103.0.0.0 Safari/537.36" lestoilesdesabine.fr
82.147.85.158 - - [22/Nov/2023:00:01:27 +0000] (0 s) "GET /contact/ HTTP/1.1" 200 4651 "http://lestoilesdesabine.fr/contact/" "Mozilla/5.0 (Windows NT 10.0; Win64; x64) AppleWebKit/537.36 (KHTML, like Gecko) Chrome/103.0.0.0 Safari/537.36 OpenWave/97.4.2043.44" lestoilesdesabine.fr
82.147.85.158 - - [22/Nov/2023:00:01:28 +0000] (1 s) "POST /contact/ HTTP/1.1" 200 130 "http://lestoilesdesabine.fr/contact/" "Mozilla/5.0 (Windows NT 10.0; Win64; x64) AppleWebKit/537.36 (KHTML, like Gecko) Chrome/103.0.0.0 Safari/537.36 OpenWave/97.4.2043.44" lestoilesdesabine.fr
