185.107.56.93 - - [22/Nov/2023:19:43:33 +0000] (1 s) "POST /contact/ HTTP/1.1" 200 130 "http://lestoilesdesabine.fr/contact/" "Mozilla/5.0 (Windows NT 6.1; Win64; x64) AppleWebKit/537.36 (KHTML, like Gecko) Chrome/103.0.5060.114 Safari/537.36" lestoilesdesabine.fr
146.70.86.121 - - [22/Nov/2023:19:43:49 +0000] (0 s) "POST /contact/ HTTP/1.1" 200 170 "http://lestoilesdesabine.fr/contact/" "Mozilla/5.0 (Windows NT 6.1; Win64; x64) AppleWebKit/537.36 (KHTML, like Gecko) Chrome/103.0.5060.66 Safari/537.36" lestoilesdesabine.fr
138.199.7.131 - - [22/Nov/2023:19:44:41 +0000] (0 s) "GET /contact/ HTTP/1.1" 200 4651 "http://lestoilesdesabine.fr/contact/" "Mozilla/5.0 (Windows NT 10.0; Win64; x64) AppleWebKit/537.36 (KHTML, like Gecko) Chrome/103.0.5060.114 Safari/537.36" lestoilesdesabine.fr
138.199.7.131 - - [22/Nov/2023:19:44:41 +0000] (0 s) "POST /contact/ HTTP/1.1" 200 170 "http://lestoilesdesabine.fr/contact/" "Mozilla/5.0 (Windows NT 10.0; Win64; x64) AppleWebKit/537.36 (KHTML, like Gecko) Chrome/103.0.5060.114 Safari/537.36" lestoilesdesabine.fr
82.147.85.158 - - [22/Nov/2023:19:44:47 +0000] (0 s) "POST /contact/ HTTP/1.1" 200 170 "http://lestoilesdesabine.fr/contact/" "Mozilla/5.0 (Windows NT 6.1; Win64; x64) AppleWebKit/537.36 (KHTML, like Gecko) Chrome/103.0.0.0 Safari/537.36" lestoilesdesabine.fr
82.147.85.158 - - [22/Nov/2023:19:46:47 +0000] (0 s) "GET /contact/ HTTP/1.1" 200 4651 "http://lestoilesdesabine.fr/contact/" "Mozilla/5.0 (Windows NT 6.1) AppleWebKit/537.36 (KHTML, like Gecko) Chrome/103.0.0.0 Safari/537.36" lestoilesdesabine.fr
82.147.85.158 - - [22/Nov/2023:19:46:47 +0000] (0 s) "POST /contact/ HTTP/1.1" 200 170 "http://lestoilesdesabine.fr/contact/" "Mozilla/5.0 (Windows NT 6.1) AppleWebKit/537.36 (KHTML, like Gecko) Chrome/103.0.0.0 Safari/537.36" lestoilesdesabine.fr
185.107.80.192 - - [22/Nov/2023:19:47:43 +0000] (1 s) "POST /contact/ HTTP/1.1" 200 130 "http://lestoilesdesabine.fr/contact/" "Mozilla/5.0 (Windows NT 6.1; Win64; x64) AppleWebKit/537.36 (KHTML, like Gecko) Chrome/103.0.0.0 Safari/537.36" lestoilesdesabine.fr
82.147.85.158 - - [22/Nov/2023:19:48:46 +0000] (1 s) "POST /contact/ HTTP/1.1" 200 130 "http://lestoilesdesabine.fr/contact/" "Mozilla/5.0 (Windows NT 6.1; Win64; x64) AppleWebKit/537.36 (KHTML, like Gecko) Chrome/103.0.0.0 Safari/537.36" lestoilesdesabine.fr
185.107.44.218 - - [22/Nov/2023:19:49:19 +0000] (0 s) "GET /contact/ HTTP/1.1" 200 4651 "http://lestoilesdesabine.fr/contact/" "Mozilla/5.0 (Windows NT 10.0; Win64; x64) AppleWebKit/537.36 (KHTML, like Gecko) Chrome/103.0.5060.134 Safari/537.36" lestoilesdesabine.fr
185.107.44.218 - - [22/Nov/2023:19:49:19 +0000] (1 s) "POST /contact/ HTTP/1.1" 200 130 "http://lestoilesdesabine.fr/contact/" "Mozilla/5.0 (Windows NT 10.0; Win64; x64) AppleWebKit/537.36 (KHTML, like Gecko) Chrome/103.0.5060.134 Safari/537.36" lestoilesdesabine.fr
82.147.85.158 - - [22/Nov/2023:19:50:42 +0000] (0 s) "POST /contact/ HTTP/1.1" 200 170 "http://lestoilesdesabine.fr/contact/" "Mozilla/5.0 (Windows NT 6.3; Win64; x64) AppleWebKit/537.36 (KHTML, like Gecko) Chrome/103.0.5060.66 Safari/537.36" lestoilesdesabine.fr
185.107.44.120 - - [22/Nov/2023:19:51:23 +0000] (0 s) "GET /contact/ HTTP/1.1" 200 4651 "http://lestoilesdesabine.fr/contact/" "Mozilla/5.0 (Windows NT 10.0; Win64; x64) AppleWebKit/537.36 (KHTML, like Gecko) Chrome/103.0.5060.114 Safari/537.36" lestoilesdesabine.fr
185.107.44.120 - - [22/Nov/2023:19:51:23 +0000] (1 s) "POST /contact/ HTTP/1.1" 200 130 "http://lestoilesdesabine.fr/contact/" "Mozilla/5.0 (Windows NT 10.0; Win64; x64) AppleWebKit/537.36 (KHTML, like Gecko) Chrome/103.0.5060.114 Safari/537.36" lestoilesdesabine.fr
185.107.56.93 - - [22/Nov/2023:19:51:35 +0000] (0 s) "POST /contact/ HTTP/1.1" 200 170 "http://lestoilesdesabine.fr/contact/" "Mozilla/5.0 (Windows NT 10.0; WOW64) AppleWebKit/537.36 (KHTML, like Gecko) Chrome/103.0.0.0 Safari/537.36" lestoilesdesabine.fr
82.147.85.158 - - [22/Nov/2023:19:52:37 +0000] (0 s) "POST /contact/ HTTP/1.1" 200 170 "http://lestoilesdesabine.fr/contact/" "Mozilla/5.0 (Windows NT 6.1) AppleWebKit/537.36 (KHTML, like Gecko) Chrome/103.0.5060.114 Safari/537.36" lestoilesdesabine.fr
138.199.7.131 - - [22/Nov/2023:19:52:57 +0000] (1 s) "POST /contact/ HTTP/1.1" 200 130 "http://lestoilesdesabine.fr/contact/" "Mozilla/5.0 (Windows NT 6.1) AppleWebKit/537.36 (KHTML, like Gecko) Chrome/103.0.0.0 Safari/537.36" lestoilesdesabine.fr
146.70.86.121 - - [22/Nov/2023:19:53:22 +0000] (1 s) "POST /contact/ HTTP/1.1" 200 130 "http://lestoilesdesabine.fr/contact/" "Mozilla/5.0 (Windows NT 6.1; Win64; x64) AppleWebKit/537.36 (KHTML, like Gecko) Chrome/103.0.0.0 Safari/537.36" lestoilesdesabine.fr
82.147.85.158 - - [22/Nov/2023:19:54:33 +0000] (0 s) "GET /contact/ HTTP/1.1" 200 4651 "http://lestoilesdesabine.fr/contact/" "Mozilla/5.0 (Windows NT 10.0; Win64; x64) AppleWebKit/537.36 (KHTML, like Gecko) Chrome/103.0.5060.66 Safari/537.36" lestoilesdesabine.fr
82.147.85.158 - - [22/Nov/2023:19:54:33 +0000] (0 s) "POST /contact/ HTTP/1.1" 200 170 "http://lestoilesdesabine.fr/contact/" "Mozilla/5.0 (Windows NT 10.0; Win64; x64) AppleWebKit/537.36 (KHTML, like Gecko) Chrome/103.0.5060.66 Safari/537.36" lestoilesdesabine.fr
185.107.80.192 - - [22/Nov/2023:19:54:35 +0000] (0 s) "POST /contact/ HTTP/1.1" 200 170 "http://lestoilesdesabine.fr/contact/" "Mozilla/5.0 (Windows NT 6.1; Win64; x64) AppleWebKit/537.36 (KHTML, like Gecko) Chrome/103.0.0.0 Safari/537.36" lestoilesdesabine.fr
82.147.85.158 - - [22/Nov/2023:19:56:30 +0000] (0 s) "POST /contact/ HTTP/1.1" 200 170 "http://lestoilesdesabine.fr/contact/" "Mozilla/5.0 (Windows NT 10.0; WOW64) AppleWebKit/537.36 (KHTML, like Gecko) Chrome/103.0.5060.114 Safari/537.36" lestoilesdesabine.fr
185.117.225.242 - - [22/Nov/2023:19:56:34 +0000] (0 s) "GET /robots.txt HTTP/1.1" 200 68 "-" "python-requests/2.31.0" lestoilesdesabine.fr
185.117.225.242 - - [22/Nov/2023:19:56:35 +0000] (0 s) "GET / HTTP/1.1" 200 5322 "-" "Mozilla/5.0 (compatible; BitSightBot/1.0)" lestoilesdesabine.fr
185.117.225.242 - - [22/Nov/2023:19:56:37 +0000] (0 s) "GET /wp-content/plugins/contact-form-7/includes/css/styles.css?ver=3.3.2 HTTP/1.1" 200 393 "http://lestoilesdesabine.fr/" "Mozilla/5.0 (compatible; BitSightBot/1.0)" lestoilesdesabine.fr
185.117.225.242 - - [22/Nov/2023:19:56:37 +0000] (0 s) "GET /wp-content/plugins/wp-views/res/css/wpv-views-sorting.css?ver=3.5 HTTP/1.1" 200 229 "http://lestoilesdesabine.fr/" "Mozilla/5.0 (compatible; BitSightBot/1.0)" lestoilesdesabine.fr
185.117.225.242 - - [22/Nov/2023:19:56:37 +0000] (0 s) "GET /wp-includes/js/jquery/jquery.js?ver=1.8.3 HTTP/1.1" 200 33444 "http://lestoilesdesabine.fr/" "Mozilla/5.0 (compatible; BitSightBot/1.0)" lestoilesdesabine.fr
185.117.225.242 - - [22/Nov/2023:19:56:37 +0000] (0 s) "GET /wp-content/themes/headstart/stylesheets/theme.css?ver=3.5 HTTP/1.1" 200 36186 "http://lestoilesdesabine.fr/" "Mozilla/5.0 (compatible; BitSightBot/1.0)" lestoilesdesabine.fr
185.117.225.242 - - [22/Nov/2023:19:56:38 +0000] (0 s) "GET /wp-includes/js/jquery/ui/jquery.ui.core.min.js?ver=1.9.2 HTTP/1.1" 200 2070 "http://lestoilesdesabine.fr/" "Mozilla/5.0 (compatible; BitSightBot/1.0)" lestoilesdesabine.fr
185.117.225.242 - - [22/Nov/2023:19:56:38 +0000] (0 s) "GET /wp-content/plugins/contact-form-7/includes/js/jquery.form.min.js?ver=3.23 HTTP/1.1" 200 5807 "http://lestoilesdesabine.fr/" "Mozilla/5.0 (compatible; BitSightBot/1.0)" lestoilesdesabine.fr
185.117.225.242 - - [22/Nov/2023:19:56:38 +0000] (0 s) "GET /wp-includes/js/jquery/ui/jquery.ui.datepicker.min.js?ver=1.9.2 HTTP/1.1" 200 11060 "http://lestoilesdesabine.fr/" "Mozilla/5.0 (compatible; BitSightBot/1.0)" lestoilesdesabine.fr
185.117.225.242 - - [22/Nov/2023:19:56:38 +0000] (0 s) "GET /wp-content/plugins/contact-form-7/includes/js/scripts.js?ver=3.3.2 HTTP/1.1" 200 1803 "http://lestoilesdesabine.fr/" "Mozilla/5.0 (compatible; BitSightBot/1.0)" lestoilesdesabine.fr
185.117.225.242 - - [22/Nov/2023:19:56:38 +0000] (0 s) "GET /wp-content/themes/headstart/javascripts/foundation/modernizr.foundation.js?ver=20120206 HTTP/1.1" 200 4092 "http://lestoilesdesabine.fr/" "Mozilla/5.0 (compatible; BitSightBot/1.0)" lestoilesdesabine.fr
185.117.225.242 - - [22/Nov/2023:19:56:39 +0000] (0 s) "GET /wp-content/themes/headstart/javascripts/affix.js?ver=20120206 HTTP/1.1" 200 865 "http://lestoilesdesabine.fr/" "Mozilla/5.0 (compatible; BitSightBot/1.0)" lestoilesdesabine.fr
185.117.225.242 - - [22/Nov/2023:19:56:39 +0000] (0 s) "GET /wp-content/themes/headstart/fonts/MarckScript.woff HTTP/1.1" 200 19496 "http://lestoilesdesabine.fr/wp-content/themes/headstart/stylesheets/theme.css?ver=3.5" "Mozilla/5.0 (compatible; BitSightBot/1.0)" lestoilesdesabine.fr
185.117.225.242 - - [22/Nov/2023:19:56:39 +0000] (0 s) "GET /wp-content/uploads/2012/12/sabine-peint-5.jpg HTTP/1.1" 200 318403 "http://lestoilesdesabine.fr/" "Mozilla/5.0 (compatible; BitSightBot/1.0)" lestoilesdesabine.fr
185.117.225.242 - - [22/Nov/2023:19:56:39 +0000] (0 s) "GET /wp-content/uploads/2017/10/la-voliere-150x150.jpg HTTP/1.1" 200 21109 "http://lestoilesdesabine.fr/" "Mozilla/5.0 (compatible; BitSightBot/1.0)" lestoilesdesabine.fr
185.117.225.242 - - [22/Nov/2023:19:56:39 +0000] (0 s) "GET /wp-content/themes/headstart/images/background.jpg HTTP/1.1" 200 1127277 "http://lestoilesdesabine.fr/wp-content/themes/headstart/stylesheets/theme.css?ver=3.5" "Mozilla/5.0 (compatible; BitSightBot/1.0)" lestoilesdesabine.fr
185.117.225.242 - - [22/Nov/2023:19:56:39 +0000] (0 s) "GET /wp-content/themes/headstart/javascripts/foundation/app.js?ver=20120206 HTTP/1.1" 200 1137 "http://lestoilesdesabine.fr/" "Mozilla/5.0 (compatible; BitSightBot/1.0)" lestoilesdesabine.fr
185.117.225.242 - - [22/Nov/2023:19:56:39 +0000] (0 s) "GET /wp-content/themes/headstart/javascripts/foundation/jquery.foundation.navigation.js?ver=20120206 HTTP/1.1" 200 615 "http://lestoilesdesabine.fr/" "Mozilla/5.0 (compatible; BitSightBot/1.0)" lestoilesdesabine.fr
185.117.225.242 - - [22/Nov/2023:19:56:39 +0000] (0 s) "GET /wp-content/themes/headstart/javascripts/foundation/jquery.foundation.mediaQueryToggle.js?ver=20120206 HTTP/1.1" 200 585 "http://lestoilesdesabine.fr/" "Mozilla/5.0 (compatible; BitSightBot/1.0)" lestoilesdesabine.fr
185.117.225.242 - - [22/Nov/2023:19:56:40 +0000] (0 s) "GET /wp-content/themes/headstart/javascripts/foundation/jquery.placeholder.js?ver=20120206 HTTP/1.1" 200 1490 "http://lestoilesdesabine.fr/" "Mozilla/5.0 (compatible; BitSightBot/1.0)" lestoilesdesabine.fr
185.117.225.242 - - [22/Nov/2023:19:56:40 +0000] (0 s) "GET /wp-content/themes/headstart/javascripts/foundation/jquery.foundation.topbar.js?ver=20120206 HTTP/1.1" 200 1509 "http://lestoilesdesabine.fr/" "Mozilla/5.0 (compatible; BitSightBot/1.0)" lestoilesdesabine.fr
185.107.44.218 - - [22/Nov/2023:19:56:45 +0000] (0 s) "GET /contact/ HTTP/1.1" 200 4651 "http://lestoilesdesabine.fr/contact/" "Mozilla/5.0 (Windows NT 6.3; Win64; x64) AppleWebKit/537.36 (KHTML, like Gecko) Chrome/103.0.5060.66 Safari/537.36" lestoilesdesabine.fr
185.107.44.218 - - [22/Nov/2023:19:56:45 +0000] (1 s) "POST /contact/ HTTP/1.1" 200 130 "http://lestoilesdesabine.fr/contact/" "Mozilla/5.0 (Windows NT 6.3; Win64; x64) AppleWebKit/537.36 (KHTML, like Gecko) Chrome/103.0.5060.66 Safari/537.36" lestoilesdesabine.fr
82.147.85.158 - - [22/Nov/2023:19:58:25 +0000] (0 s) "POST /contact/ HTTP/1.1" 200 170 "http://lestoilesdesabine.fr/contact/" "Mozilla/5.0 (Windows NT 6.3; Win64; x64) AppleWebKit/537.36 (KHTML, like Gecko) Chrome/103.0.0.0 Safari/537.36" lestoilesdesabine.fr
185.107.44.120 - - [22/Nov/2023:19:59:19 +0000] (0 s) "GET /contact/ HTTP/1.1" 200 4651 "http://lestoilesdesabine.fr/contact/" "Mozilla/5.0 (Windows NT 6.3; Win64; x64) AppleWebKit/537.36 (KHTML, like Gecko) Chrome/103.0.5060.66 Safari/537.36" lestoilesdesabine.fr
185.107.44.120 - - [22/Nov/2023:19:59:19 +0000] (1 s) "POST /contact/ HTTP/1.1" 200 130 "http://lestoilesdesabine.fr/contact/" "Mozilla/5.0 (Windows NT 6.3; Win64; x64) AppleWebKit/537.36 (KHTML, like Gecko) Chrome/103.0.5060.66 Safari/537.36" lestoilesdesabine.fr
185.107.56.93 - - [22/Nov/2023:19:59:23 +0000] (1 s) "POST /contact/ HTTP/1.1" 200 130 "http://lestoilesdesabine.fr/contact/" "Mozilla/5.0 (Windows NT 10.0; Win64; x64) AppleWebKit/537.36 (KHTML, like Gecko) Chrome/103.0.0.0 Safari/537.36 Herring/95.1.8810.11" lestoilesdesabine.fr
82.147.85.158 - - [22/Nov/2023:20:00:24 +0000] (0 s) "POST /contact/ HTTP/1.1" 200 170 "http://lestoilesdesabine.fr/contact/" "Mozilla/5.0 (Windows NT 10.0; Win64; x64) AppleWebKit/537.36 (KHTML, like Gecko) Chrome/103.0.0.0 Safari/537.36" lestoilesdesabine.fr
138.199.7.131 - - [22/Nov/2023:20:01:24 +0000] (0 s) "GET /contact/ HTTP/1.1" 200 4651 "http://lestoilesdesabine.fr/contact/" "Mozilla/5.0 (Windows NT 6.3; Win64; x64) AppleWebKit/537.36 (KHTML, like Gecko) Chrome/103.0.0.0 Safari/537.36" lestoilesdesabine.fr
138.199.7.131 - - [22/Nov/2023:20:01:24 +0000] (1 s) "POST /contact/ HTTP/1.1" 200 130 "http://lestoilesdesabine.fr/contact/" "Mozilla/5.0 (Windows NT 6.3; Win64; x64) AppleWebKit/537.36 (KHTML, like Gecko) Chrome/103.0.0.0 Safari/537.36" lestoilesdesabine.fr
185.107.80.192 - - [22/Nov/2023:20:01:45 +0000] (1 s) "POST /contact/ HTTP/1.1" 200 130 "http://lestoilesdesabine.fr/contact/" "Mozilla/5.0 (Windows NT 10.0; Win64; x64) AppleWebKit/537.36 (KHTML, like Gecko) Chrome/103.0.5042.0 Safari/537.36" lestoilesdesabine.fr
41.216.188.43 - - [22/Nov/2023:20:01:49 +0000] (0 s) "GET /wp-admin/css/colors/blue/wp-crons.wp-admin/css/colors/blue/wp-crons.php HTTP/1.1" 404 28056 "-" "Mozilla/5.0 (Linux; Android 7.0; SM-G892A Build/NRD90M; wv) AppleWebKit/537.36 (KHTML, like Gecko) Version/4.0 Chrome/60.0.3112.107 Mobile Safari/537.36" lestoilesdesabine.fr
82.147.85.158 - - [22/Nov/2023:20:02:21 +0000] (1 s) "POST /contact/ HTTP/1.1" 200 130 "http://lestoilesdesabine.fr/contact/" "Mozilla/5.0 (Windows NT 10.0; Win64; x64) AppleWebKit/537.36 (KHTML, like Gecko) Chrome/103.0.5060.53 Safari/537.36" lestoilesdesabine.fr
146.70.86.121 - - [22/Nov/2023:20:02:41 +0000] (1 s) "POST /contact/ HTTP/1.1" 200 130 "http://lestoilesdesabine.fr/contact/" "Mozilla/5.0 (Windows NT 6.1; Win64; x64) AppleWebKit/537.36 (KHTML, like Gecko) Chrome/103.0.0.0 Safari/537.36" lestoilesdesabine.fr
185.107.44.218 - - [22/Nov/2023:20:03:03 +0000] (1 s) "POST /contact/ HTTP/1.1" 200 130 "http://lestoilesdesabine.fr/contact/" "Mozilla/5.0 (Windows NT 6.3; WOW64) AppleWebKit/537.36 (KHTML, like Gecko) Chrome/103.0.0.0 Safari/537.36" lestoilesdesabine.fr
82.147.85.158 - - [22/Nov/2023:20:04:19 +0000] (0 s) "GET /contact/ HTTP/1.1" 200 4651 "http://lestoilesdesabine.fr/contact/" "Mozilla/5.0 (Windows NT 6.1; WOW64) AppleWebKit/537.36 (KHTML, like Gecko) Chrome/103.0.0.0 Safari/537.36" lestoilesdesabine.fr
82.147.85.158 - - [22/Nov/2023:20:04:19 +0000] (1 s) "POST /contact/ HTTP/1.1" 200 130 "http://lestoilesdesabine.fr/contact/" "Mozilla/5.0 (Windows NT 6.1; WOW64) AppleWebKit/537.36 (KHTML, like Gecko) Chrome/103.0.0.0 Safari/537.36" lestoilesdesabine.fr
185.177.155.177 - - [22/Nov/2023:20:04:43 +0000] (0 s) "GET /wp-login.php HTTP/1.1" 200 1196 "-" "Mozilla/5.0 (X11; Ubuntu; Linux x86_64; rv:62.0) Gecko/20100101 Firefox/62.0" lestoilesdesabine.fr
185.177.155.177 - - [22/Nov/2023:20:04:44 +0000] (0 s) "POST /wp-login.php HTTP/1.1" 200 1598 "-" "Mozilla/5.0 (X11; Ubuntu; Linux x86_64; rv:62.0) Gecko/20100101 Firefox/62.0" lestoilesdesabine.fr
185.177.155.177 - - [22/Nov/2023:20:04:44 +0000] (0 s) "POST /xmlrpc.php HTTP/1.1" 200 232 "-" "Mozilla/5.0 (X11; Ubuntu; Linux x86_64; rv:62.0) Gecko/20100101 Firefox/62.0" lestoilesdesabine.fr
82.147.85.158 - - [22/Nov/2023:20:06:15 +0000] (0 s) "POST /contact/ HTTP/1.1" 200 170 "http://lestoilesdesabine.fr/contact/" "Mozilla/5.0 (Windows NT 6.3) AppleWebKit/537.36 (KHTML, like Gecko) Chrome/103.0.0.0 Safari/537.36" lestoilesdesabine.fr
185.107.56.93 - - [22/Nov/2023:20:07:19 +0000] (0 s) "GET /contact/ HTTP/1.1" 200 4651 "http://lestoilesdesabine.fr/contact/" "Mozilla/5.0 (Windows NT 6.3; Win64; x64) AppleWebKit/537.36 (KHTML, like Gecko) Chrome/103.0.0.0 Safari/537.36" lestoilesdesabine.fr
185.107.56.93 - - [22/Nov/2023:20:07:20 +0000] (1 s) "POST /contact/ HTTP/1.1" 200 130 "http://lestoilesdesabine.fr/contact/" "Mozilla/5.0 (Windows NT 6.3; Win64; x64) AppleWebKit/537.36 (KHTML, like Gecko) Chrome/103.0.0.0 Safari/537.36" lestoilesdesabine.fr
185.107.44.120 - - [22/Nov/2023:20:07:26 +0000] (1 s) "POST /contact/ HTTP/1.1" 200 130 "http://lestoilesdesabine.fr/contact/" "Mozilla/5.0 (Windows NT 6.1; WOW64) AppleWebKit/537.36 (KHTML, like Gecko) Chrome/103.0.0.0 Safari/537.36" lestoilesdesabine.fr
82.147.85.158 - - [22/Nov/2023:20:08:10 +0000] (0 s) "POST /contact/ HTTP/1.1" 200 170 "http://lestoilesdesabine.fr/contact/" "Mozilla/5.0 (Windows NT 10.0; Win64; x64) AppleWebKit/537.36 (KHTML, like Gecko) Chrome/103.0.0.0 Safari/537.36" lestoilesdesabine.fr
185.107.80.192 - - [22/Nov/2023:20:08:41 +0000] (1 s) "POST /contact/ HTTP/1.1" 200 130 "http://lestoilesdesabine.fr/contact/" "Mozilla/5.0 (Windows NT 6.3; Win64; x64) AppleWebKit/537.36 (KHTML, like Gecko) Chrome/103.0.5060.53 Safari/537.36" lestoilesdesabine.fr
103.149.33.194 - - [22/Nov/2023:20:09:10 +0000] (0 s) "GET /wp-login.php HTTP/1.1" 200 1196 "http://lestoilesdesabine.fr/wp-login.php" "Mozilla/5.0 (Windows NT 6.1) AppleWebKit/537.36 (KHTML, like Gecko) Chrome/70.0.3538.77 Safari/537.36" lestoilesdesabine.fr
103.149.33.194 - - [22/Nov/2023:20:09:10 +0000] (0 s) "POST /wp-login.php HTTP/1.1" 200 1582 "https://www.varibox-ibc.com/wp-login.php" "Mozilla/5.0 (Windows NT 6.1) AppleWebKit/537.36 (KHTML, like Gecko) Chrome/70.0.3538.77 Safari/537.36" lestoilesdesabine.fr
138.199.7.131 - - [22/Nov/2023:20:09:32 +0000] (0 s) "GET /contact/ HTTP/1.1" 200 4651 "http://lestoilesdesabine.fr/contact/" "Mozilla/5.0 (Windows NT 6.1; Win64; x64) AppleWebKit/537.36 (KHTML, like Gecko) Chrome/103.0.0.0 Safari/537.36" lestoilesdesabine.fr
138.199.7.131 - - [22/Nov/2023:20:09:32 +0000] (0 s) "POST /contact/ HTTP/1.1" 200 170 "http://lestoilesdesabine.fr/contact/" "Mozilla/5.0 (Windows NT 6.1; Win64; x64) AppleWebKit/537.36 (KHTML, like Gecko) Chrome/103.0.0.0 Safari/537.36" lestoilesdesabine.fr
82.147.85.158 - - [22/Nov/2023:20:10:05 +0000] (0 s) "POST /contact/ HTTP/1.1" 200 170 "http://lestoilesdesabine.fr/contact/" "Mozilla/5.0 (Windows NT 6.2; Win64; x64) AppleWebKit/537.36 (KHTML, like Gecko) Chrome/103.0.0.0 Safari/537.36" lestoilesdesabine.fr
185.107.44.218 - - [22/Nov/2023:20:10:29 +0000] (0 s) "POST /contact/ HTTP/1.1" 200 170 "http://lestoilesdesabine.fr/contact/" "Mozilla/5.0 (Windows NT 6.1) AppleWebKit/537.36 (KHTML, like Gecko) Chrome/103.0.5060.114 Safari/537.36" lestoilesdesabine.fr
41.216.188.43 - - [22/Nov/2023:20:10:41 +0000] (0 s) "GET /moduless.php HTTP/1.1" 404 28056 "-" "Mozilla/5.0 (Linux; Android 7.0; SM-G892A Build/NRD90M; wv) AppleWebKit/537.36 (KHTML, like Gecko) Version/4.0 Chrome/60.0.3112.107 Mobile Safari/537.36" lestoilesdesabine.fr
82.147.85.158 - - [22/Nov/2023:20:11:59 +0000] (0 s) "GET /contact/ HTTP/1.1" 200 4651 "http://lestoilesdesabine.fr/contact/" "Mozilla/5.0 (Windows NT 10.0; Win64; x64) AppleWebKit/537.36 (KHTML, like Gecko) Chrome/103.0.5060.114 Safari/537.36" lestoilesdesabine.fr
82.147.85.158 - - [22/Nov/2023:20:12:00 +0000] (0 s) "POST /contact/ HTTP/1.1" 200 170 "http://lestoilesdesabine.fr/contact/" "Mozilla/5.0 (Windows NT 10.0; Win64; x64) AppleWebKit/537.36 (KHTML, like Gecko) Chrome/103.0.5060.114 Safari/537.36" lestoilesdesabine.fr
146.70.86.121 - - [22/Nov/2023:20:12:36 +0000] (1 s) "POST /contact/ HTTP/1.1" 200 130 "http://lestoilesdesabine.fr/contact/" "Mozilla/5.0 (Windows NT 6.1) AppleWebKit/537.36 (KHTML, like Gecko) Chrome/103.0.5060.114 Safari/537.36" lestoilesdesabine.fr
41.216.188.43 - - [22/Nov/2023:20:13:46 +0000] (0 s) "GET /beence.php HTTP/1.1" 404 28056 "-" "Mozilla/5.0 (Linux; Android 7.0; SM-G892A Build/NRD90M; wv) AppleWebKit/537.36 (KHTML, like Gecko) Version/4.0 Chrome/60.0.3112.107 Mobile Safari/537.36" lestoilesdesabine.fr
2001:1600:4:11::12f - - [22/Nov/2023:20:13:50 +0000] (0 s) "GET /wp-content/plugins/press/wp-class.php HTTP/1.1" 404 28056 "http://simplesite.com" "Mozilla/5.0 (Windows; U; Windows NT 5.1; en-US) AppleWebKit/533.4 (KHTML, like Gecko) Chrome/5.0.375.99 Safari/533.4" lestoilesdesabine.fr
82.147.85.158 - - [22/Nov/2023:20:13:55 +0000] (0 s) "POST /contact/ HTTP/1.1" 200 170 "http://lestoilesdesabine.fr/contact/" "Mozilla/5.0 (Windows NT 6.3; Win64; x64) AppleWebKit/537.36 (KHTML, like Gecko) Chrome/103.0.5060.66 Safari/537.36" lestoilesdesabine.fr
185.107.44.120 - - [22/Nov/2023:20:15:35 +0000] (0 s) "GET /contact/ HTTP/1.1" 200 4651 "http://lestoilesdesabine.fr/contact/" "Mozilla/5.0 (Windows NT 10.0; Win64; x64) AppleWebKit/537.36 (KHTML, like Gecko) Chrome/103.0.5060.134 Safari/537.36" lestoilesdesabine.fr
185.107.44.120 - - [22/Nov/2023:20:15:35 +0000] (1 s) "POST /contact/ HTTP/1.1" 200 130 "http://lestoilesdesabine.fr/contact/" "Mozilla/5.0 (Windows NT 10.0; Win64; x64) AppleWebKit/537.36 (KHTML, like Gecko) Chrome/103.0.5060.134 Safari/537.36" lestoilesdesabine.fr
185.107.56.93 - - [22/Nov/2023:20:15:41 +0000] (0 s) "POST /contact/ HTTP/1.1" 200 170 "http://lestoilesdesabine.fr/contact/" "Mozilla/5.0 (Windows NT 10.0; Win64; x64) AppleWebKit/537.36 (KHTML, like Gecko) Chrome/103.0.0.0 Safari/537.36 Herring/95.1.8810.11" lestoilesdesabine.fr
185.107.80.192 - - [22/Nov/2023:20:15:47 +0000] (1 s) "POST /contact/ HTTP/1.1" 200 130 "http://lestoilesdesabine.fr/contact/" "Mozilla/5.0 (Windows NT 10.0) AppleWebKit/537.36 (KHTML, like Gecko) Chrome/103.0.0.0 Safari/537.36" lestoilesdesabine.fr
82.147.85.158 - - [22/Nov/2023:20:15:49 +0000] (1 s) "POST /contact/ HTTP/1.1" 200 130 "http://lestoilesdesabine.fr/contact/" "Mozilla/5.0 (Windows NT 6.3; Win64; x64) AppleWebKit/537.36 (KHTML, like Gecko) Chrome/103.0.5060.53 Safari/537.36" lestoilesdesabine.fr
185.107.44.218 - - [22/Nov/2023:20:17:27 +0000] (1 s) "POST /contact/ HTTP/1.1" 200 130 "http://lestoilesdesabine.fr/contact/" "Mozilla/5.0 (Windows NT 10.0; Win64; x64) AppleWebKit/537.36 (KHTML, like Gecko) Chrome/103.0.0.0 Safari/537.36" lestoilesdesabine.fr
138.199.7.131 - - [22/Nov/2023:20:17:40 +0000] (0 s) "GET /contact/ HTTP/1.1" 200 4651 "http://lestoilesdesabine.fr/contact/" "Mozilla/5.0 (Windows NT 6.1; WOW64) AppleWebKit/537.36 (KHTML, like Gecko) Chrome/103.0.0.0 Safari/537.36" lestoilesdesabine.fr
138.199.7.131 - - [22/Nov/2023:20:17:40 +0000] (1 s) "POST /contact/ HTTP/1.1" 200 130 "http://lestoilesdesabine.fr/contact/" "Mozilla/5.0 (Windows NT 6.1; WOW64) AppleWebKit/537.36 (KHTML, like Gecko) Chrome/103.0.0.0 Safari/537.36" lestoilesdesabine.fr
82.147.85.158 - - [22/Nov/2023:20:17:46 +0000] (0 s) "POST /contact/ HTTP/1.1" 200 170 "http://lestoilesdesabine.fr/contact/" "Mozilla/5.0 (Windows NT 6.3; WOW64) AppleWebKit/537.36 (KHTML, like Gecko) Chrome/103.0.5060.114 Safari/537.36" lestoilesdesabine.fr
82.147.85.158 - - [22/Nov/2023:20:19:42 +0000] (0 s) "GET /contact/ HTTP/1.1" 200 4651 "http://lestoilesdesabine.fr/contact/" "Mozilla/5.0 (Windows NT 6.3; Win64; x64) AppleWebKit/537.36 (KHTML, like Gecko) Chrome/103.0.5060.114 Safari/537.36" lestoilesdesabine.fr
82.147.85.158 - - [22/Nov/2023:20:19:42 +0000] (0 s) "POST /contact/ HTTP/1.1" 200 170 "http://lestoilesdesabine.fr/contact/" "Mozilla/5.0 (Windows NT 6.3; Win64; x64) AppleWebKit/537.36 (KHTML, like Gecko) Chrome/103.0.5060.114 Safari/537.36" lestoilesdesabine.fr
193.176.86.52 - - [22/Nov/2023:20:21:06 +0000] (0 s) "GET / HTTP/1.1" 200 5322 "http://lestoilesdesabine.fr/" "Mozilla/5.0 (Windows NT 10.0; Win64; x64) AppleWebKit/537.36 (KHTML, like Gecko) Chrome/66.0.3359.170 Safari/537.36 OPR/53.0.2907.99" lestoilesdesabine.fr
193.176.86.52 - - [22/Nov/2023:20:21:07 +0000] (0 s) "POST /contact/ HTTP/1.1" 200 170 "http://lestoilesdesabine.fr/contact/" "Mozilla/5.0 (Windows NT 10.0; Win64; x64) AppleWebKit/537.36 (KHTML, like Gecko) Chrome/66.0.3359.170 Safari/537.36 OPR/53.0.2907.99" lestoilesdesabine.fr
82.147.85.158 - - [22/Nov/2023:20:21:41 +0000] (0 s) "POST /contact/ HTTP/1.1" 200 170 "http://lestoilesdesabine.fr/contact/" "Mozilla/5.0 (Windows NT 10.0; WOW64) AppleWebKit/537.36 (KHTML, like Gecko) Chrome/103.0.0.0 Safari/537.36" lestoilesdesabine.fr
146.70.86.121 - - [22/Nov/2023:20:22:20 +0000] (0 s) "GET /contact/ HTTP/1.1" 200 4651 "http://lestoilesdesabine.fr/contact/" "Mozilla/5.0 (Windows NT 6.3; Win64; x64) AppleWebKit/537.36 (KHTML, like Gecko) Chrome/103.0.5060.53 Safari/537.36" lestoilesdesabine.fr
146.70.86.121 - - [22/Nov/2023:20:22:20 +0000] (1 s) "POST /contact/ HTTP/1.1" 200 130 "http://lestoilesdesabine.fr/contact/" "Mozilla/5.0 (Windows NT 6.3; Win64; x64) AppleWebKit/537.36 (KHTML, like Gecko) Chrome/103.0.5060.53 Safari/537.36" lestoilesdesabine.fr
41.216.188.43 - - [22/Nov/2023:20:22:53 +0000] (0 s) "GET /wp-admin/css/colors/coffee/index.php HTTP/1.1" 301 2 "-" "Mozilla/5.0 (Linux; Android 7.0; SM-G892A Build/NRD90M; wv) AppleWebKit/537.36 (KHTML, like Gecko) Version/4.0 Chrome/60.0.3112.107 Mobile Safari/537.36" lestoilesdesabine.fr
41.216.188.43 - - [22/Nov/2023:20:22:53 +0000] (0 s) "GET /wp-admin/css/colors/coffee/ HTTP/1.1" 404 28056 "-" "Mozilla/5.0 (Linux; Android 7.0; SM-G892A Build/NRD90M; wv) AppleWebKit/537.36 (KHTML, like Gecko) Version/4.0 Chrome/60.0.3112.107 Mobile Safari/537.36" lestoilesdesabine.fr
185.107.80.192 - - [22/Nov/2023:20:22:53 +0000] (1 s) "POST /contact/ HTTP/1.1" 200 130 "http://lestoilesdesabine.fr/contact/" "Mozilla/5.0 (Windows NT 6.3; WOW64) AppleWebKit/537.36 (KHTML, like Gecko) Chrome/103.0.5060.114 Safari/537.36" lestoilesdesabine.fr
185.107.56.93 - - [22/Nov/2023:20:23:31 +0000] (0 s) "POST /contact/ HTTP/1.1" 200 170 "http://lestoilesdesabine.fr/contact/" "Mozilla/5.0 (Windows NT 6.3; WOW64) AppleWebKit/537.36 (KHTML, like Gecko) Chrome/103.0.5060.114 Safari/537.36" lestoilesdesabine.fr
185.107.44.120 - - [22/Nov/2023:20:23:35 +0000] (1 s) "POST /contact/ HTTP/1.1" 200 130 "http://lestoilesdesabine.fr/contact/" "Mozilla/5.0 (Windows NT 6.1; Win64; x64) AppleWebKit/537.36 (KHTML, like Gecko) Chrome/103.0.5060.114 Safari/537.36" lestoilesdesabine.fr
82.147.85.158 - - [22/Nov/2023:20:23:36 +0000] (0 s) "POST /contact/ HTTP/1.1" 200 170 "http://lestoilesdesabine.fr/contact/" "Mozilla/5.0 (Windows NT 6.3; Win64; x64) AppleWebKit/537.36 (KHTML, like Gecko) Chrome/103.0.5060.114 Safari/537.36" lestoilesdesabine.fr
185.107.44.218 - - [22/Nov/2023:20:24:49 +0000] (0 s) "GET /contact/ HTTP/1.1" 200 4651 "http://lestoilesdesabine.fr/contact/" "Mozilla/5.0 (Windows NT 6.1; WOW64) AppleWebKit/537.36 (KHTML, like Gecko) Chrome/103.0.0.0 Safari/537.36" lestoilesdesabine.fr
185.107.44.218 - - [22/Nov/2023:20:24:49 +0000] (1 s) "POST /contact/ HTTP/1.1" 200 130 "http://lestoilesdesabine.fr/contact/" "Mozilla/5.0 (Windows NT 6.1; WOW64) AppleWebKit/537.36 (KHTML, like Gecko) Chrome/103.0.0.0 Safari/537.36" lestoilesdesabine.fr
82.147.85.158 - - [22/Nov/2023:20:25:30 +0000] (1 s) "POST /contact/ HTTP/1.1" 200 130 "http://lestoilesdesabine.fr/contact/" "Mozilla/5.0 (Windows NT 10.0; Win64; x64) AppleWebKit/537.36 (KHTML, like Gecko) Chrome/103.0.0.0 Safari/537.36 OpenWave/97.4.2043.44" lestoilesdesabine.fr
41.216.188.43 - - [22/Nov/2023:20:25:51 +0000] (0 s) "GET /xmlrpc.php HTTP/1.1" 200 62 "-" "Mozilla/5.0 (Linux; Android 7.0; SM-G892A Build/NRD90M; wv) AppleWebKit/537.36 (KHTML, like Gecko) Version/4.0 Chrome/60.0.3112.107 Mobile Safari/537.36" lestoilesdesabine.fr
138.199.7.131 - - [22/Nov/2023:20:26:07 +0000] (0 s) "POST /contact/ HTTP/1.1" 200 170 "http://lestoilesdesabine.fr/contact/" "Mozilla/5.0 (Windows NT 10.0; Win64; x64) AppleWebKit/537.36 (KHTML, like Gecko) Chrome/103.0.5060.134 Safari/537.36" lestoilesdesabine.fr
20.125.147.97 - - [22/Nov/2023:20:27:02 +0000] (0 s) "GET /wp-login.php HTTP/1.1" 200 1196 "-" "Mozilla/5.0 (X11; Ubuntu; Linux x86_64; rv:62.0) Gecko/20100101 Firefox/62.0" lestoilesdesabine.fr
20.125.147.97 - - [22/Nov/2023:20:27:03 +0000] (0 s) "POST /wp-login.php HTTP/1.1" 200 1595 "-" "Mozilla/5.0 (X11; Ubuntu; Linux x86_64; rv:62.0) Gecko/20100101 Firefox/62.0" lestoilesdesabine.fr
20.125.147.97 - - [22/Nov/2023:20:27:04 +0000] (0 s) "POST /xmlrpc.php HTTP/1.1" 200 232 "-" "Mozilla/5.0 (X11; Ubuntu; Linux x86_64; rv:62.0) Gecko/20100101 Firefox/62.0" lestoilesdesabine.fr
82.147.85.158 - - [22/Nov/2023:20:27:25 +0000] (0 s) "GET /contact/ HTTP/1.1" 200 4651 "http://lestoilesdesabine.fr/contact/" "Mozilla/5.0 (Windows NT 10.0; Win64; x64) AppleWebKit/537.36 (KHTML, like Gecko) Chrome/103.0.5060.114 Safari/537.36" lestoilesdesabine.fr
82.147.85.158 - - [22/Nov/2023:20:27:26 +0000] (0 s) "POST /contact/ HTTP/1.1" 200 170 "http://lestoilesdesabine.fr/contact/" "Mozilla/5.0 (Windows NT 10.0; Win64; x64) AppleWebKit/537.36 (KHTML, like Gecko) Chrome/103.0.5060.114 Safari/537.36" lestoilesdesabine.fr
87.236.20.58 - - [22/Nov/2023:20:29:20 +0000] (0 s) "GET /wp-login.php HTTP/1.1" 200 1196 "" "Mozilla/5.0 (Windows NT 10.0; Win64; x64; rv:109.0) Gecko/20100101 Firefox/119.0" lestoilesdesabine.fr
87.236.20.58 - - [22/Nov/2023:20:29:21 +0000] (0 s) "GET /wp-json/wp/v2/users HTTP/1.1" 404 28056 "" "Mozilla/5.0 (Windows NT 10.0; Win64; x64; rv:109.0) Gecko/20100101 Firefox/119.0" lestoilesdesabine.fr
87.236.20.58 - - [22/Nov/2023:20:29:21 +0000] (0 s) "POST /wp-login.php HTTP/1.1" 200 1575 "http://lestoilesdesabine.fr/wp-login.php?redirect_to=http%3A%2F%2Flestoilesdesabine.fr%2Fwp-admin%2F" "Mozilla/5.0 (Windows NT 10.0; Win64; x64; rv:109.0) Gecko/20100101 Firefox/119.0" lestoilesdesabine.fr
82.147.85.158 - - [22/Nov/2023:20:29:23 +0000] (0 s) "POST /contact/ HTTP/1.1" 200 270 "http://lestoilesdesabine.fr/contact/" "Mozilla/5.0 (Windows NT 6.3; WOW64) AppleWebKit/537.36 (KHTML, like Gecko) Chrome/103.0.0.0 Safari/537.36" lestoilesdesabine.fr
185.107.80.192 - - [22/Nov/2023:20:29:41 +0000] (0 s) "GET /contact/ HTTP/1.1" 200 4651 "http://lestoilesdesabine.fr/contact/" "Mozilla/5.0 (Windows NT 6.3; Win64; x64) AppleWebKit/537.36 (KHTML, like Gecko) Chrome/103.0.0.0 Safari/537.36" lestoilesdesabine.fr
185.107.80.192 - - [22/Nov/2023:20:29:41 +0000] (1 s) "POST /contact/ HTTP/1.1" 200 130 "http://lestoilesdesabine.fr/contact/" "Mozilla/5.0 (Windows NT 6.3; Win64; x64) AppleWebKit/537.36 (KHTML, like Gecko) Chrome/103.0.0.0 Safari/537.36" lestoilesdesabine.fr
212.227.216.92 - - [22/Nov/2023:20:30:25 +0000] (0 s) "GET /robots.txt HTTP/1.1" 200 68 "-" "IonCrawl (https://www.ionos.de/terms-gtc/faq-crawler-en/)" lestoilesdesabine.fr
82.147.85.158 - - [22/Nov/2023:20:31:21 +0000] (1 s) "POST /contact/ HTTP/1.1" 200 130 "http://lestoilesdesabine.fr/contact/" "Mozilla/5.0 (Windows NT 10.0; Win64; x64) AppleWebKit/537.36 (KHTML, like Gecko) Chrome/103.0.0.0 Safari/537.36 OpenWave/97.4.2043.44" lestoilesdesabine.fr
185.107.56.93 - - [22/Nov/2023:20:31:30 +0000] (0 s) "POST /contact/ HTTP/1.1" 200 170 "http://lestoilesdesabine.fr/contact/" "Mozilla/5.0 (Windows NT 6.1; Win64; x64) AppleWebKit/537.36 (KHTML, like Gecko) Chrome/103.0.0.0 Safari/537.36" lestoilesdesabine.fr
185.107.44.120 - - [22/Nov/2023:20:31:30 +0000] (0 s) "POST /contact/ HTTP/1.1" 200 170 "http://lestoilesdesabine.fr/contact/" "Mozilla/5.0 (Windows NT 6.2; Win64; x64) AppleWebKit/537.36 (KHTML, like Gecko) Chrome/103.0.0.0 Safari/537.36" lestoilesdesabine.fr
185.107.44.218 - - [22/Nov/2023:20:31:45 +0000] (0 s) "GET /contact/ HTTP/1.1" 200 4651 "http://lestoilesdesabine.fr/contact/" "Mozilla/5.0 (Windows NT 10.0) AppleWebKit/537.36 (KHTML, like Gecko) Chrome/103.0.0.0 Safari/537.36" lestoilesdesabine.fr
185.107.44.218 - - [22/Nov/2023:20:31:45 +0000] (1 s) "POST /contact/ HTTP/1.1" 200 130 "http://lestoilesdesabine.fr/contact/" "Mozilla/5.0 (Windows NT 10.0) AppleWebKit/537.36 (KHTML, like Gecko) Chrome/103.0.0.0 Safari/537.36" lestoilesdesabine.fr
146.70.86.121 - - [22/Nov/2023:20:31:46 +0000] (1 s) "POST /contact/ HTTP/1.1" 200 130 "http://lestoilesdesabine.fr/contact/" "Mozilla/5.0 (Windows NT 10.0; Win64; x64) AppleWebKit/537.36 (KHTML, like Gecko) Chrome/103.0.5042.0 Safari/537.36" lestoilesdesabine.fr
82.147.85.158 - - [22/Nov/2023:20:33:18 +0000] (0 s) "POST /contact/ HTTP/1.1" 200 170 "http://lestoilesdesabine.fr/contact/" "Mozilla/5.0 (Windows NT 10.0; Win64; x64) AppleWebKit/537.36 (KHTML, like Gecko) Chrome/103.0.0.0 Safari/537.36" lestoilesdesabine.fr
212.227.216.108 - - [22/Nov/2023:20:33:53 +0000] (0 s) "GET /sitemap.xml HTTP/1.1" 404 28056 "-" "IonCrawl (https://www.ionos.de/terms-gtc/faq-crawler-en/)" lestoilesdesabine.fr
212.227.216.60 - - [22/Nov/2023:20:34:15 +0000] (0 s) "GET / HTTP/1.1" 200 5322 "-" "IonCrawl (https://www.ionos.de/terms-gtc/faq-crawler-en/)" lestoilesdesabine.fr
138.199.7.131 - - [22/Nov/2023:20:34:35 +0000] (0 s) "GET /contact/ HTTP/1.1" 200 4651 "http://lestoilesdesabine.fr/contact/" "Mozilla/5.0 (Windows NT 10.0; Win64; x64) AppleWebKit/537.36 (KHTML, like Gecko) Chrome/103.0.0.0 Safari/537.36" lestoilesdesabine.fr
138.199.7.131 - - [22/Nov/2023:20:34:35 +0000] (1 s) "POST /contact/ HTTP/1.1" 200 130 "http://lestoilesdesabine.fr/contact/" "Mozilla/5.0 (Windows NT 10.0; Win64; x64) AppleWebKit/537.36 (KHTML, like Gecko) Chrome/103.0.0.0 Safari/537.36" lestoilesdesabine.fr
82.147.85.158 - - [22/Nov/2023:20:35:13 +0000] (1 s) "POST /contact/ HTTP/1.1" 200 130 "http://lestoilesdesabine.fr/contact/" "Mozilla/5.0 (Windows NT 6.3; Win64; x64) AppleWebKit/537.36 (KHTML, like Gecko) Chrome/103.0.5060.66 Safari/537.36" lestoilesdesabine.fr
185.107.80.192 - - [22/Nov/2023:20:36:40 +0000] (0 s) "GET /contact/ HTTP/1.1" 200 4651 "http://lestoilesdesabine.fr/contact/" "Mozilla/5.0 (Windows NT 6.3; WOW64) AppleWebKit/537.36 (KHTML, like Gecko) Chrome/103.0.5060.114 Safari/537.36" lestoilesdesabine.fr
185.107.80.192 - - [22/Nov/2023:20:36:41 +0000] (1 s) "POST /contact/ HTTP/1.1" 200 130 "http://lestoilesdesabine.fr/contact/" "Mozilla/5.0 (Windows NT 6.3; WOW64) AppleWebKit/537.36 (KHTML, like Gecko) Chrome/103.0.5060.114 Safari/537.36" lestoilesdesabine.fr
40.94.97.57 - - [22/Nov/2023:20:37:03 +0000] (0 s) "GET / HTTP/1.1" 200 5322 "-" "Mozilla/5.0 (Windows NT 10.0; Win64; x64) AppleWebKit/537.36 (KHTML, like Gecko) Chrome/102.0.5005.63 Safari/537.36" lestoilesdesabine.fr
40.94.97.57 - - [22/Nov/2023:20:37:04 +0000] (0 s) "GET /wp-content/plugins/contact-form-7/includes/css/styles.css?ver=3.3.2 HTTP/1.1" 200 393 "http://lestoilesdesabine.fr/" "Mozilla/5.0 (Windows NT 10.0; Win64; x64) AppleWebKit/537.36 (KHTML, like Gecko) Chrome/102.0.5005.63 Safari/537.36" lestoilesdesabine.fr
40.94.97.68 - - [22/Nov/2023:20:37:04 +0000] (0 s) "GET /wp-content/plugins/wp-views/res/css/wpv-views-sorting.css?ver=3.5 HTTP/1.1" 200 229 "http://lestoilesdesabine.fr/" "Mozilla/5.0 (Windows NT 10.0; Win64; x64) AppleWebKit/537.36 (KHTML, like Gecko) Chrome/102.0.5005.63 Safari/537.36" lestoilesdesabine.fr
40.94.97.17 - - [22/Nov/2023:20:37:04 +0000] (0 s) "GET /wp-content/uploads/2012/12/sabine-peint-5.jpg HTTP/1.1" 200 318403 "http://lestoilesdesabine.fr/" "Mozilla/5.0 (Windows NT 10.0; Win64; x64) AppleWebKit/537.36 (KHTML, like Gecko) Chrome/102.0.5005.63 Safari/537.36" lestoilesdesabine.fr
40.94.97.57 - - [22/Nov/2023:20:37:04 +0000] (0 s) "GET /wp-content/uploads/2017/10/la-voliere-150x150.jpg HTTP/1.1" 200 21109 "http://lestoilesdesabine.fr/" "Mozilla/5.0 (Windows NT 10.0; Win64; x64) AppleWebKit/537.36 (KHTML, like Gecko) Chrome/102.0.5005.63 Safari/537.36" lestoilesdesabine.fr
40.94.97.78 - - [22/Nov/2023:20:37:04 +0000] (0 s) "GET /wp-includes/js/jquery/jquery.js?ver=1.8.3 HTTP/1.1" 200 33444 "http://lestoilesdesabine.fr/" "Mozilla/5.0 (Windows NT 10.0; Win64; x64) AppleWebKit/537.36 (KHTML, like Gecko) Chrome/102.0.5005.63 Safari/537.36" lestoilesdesabine.fr
40.94.97.16 - - [22/Nov/2023:20:37:04 +0000] (0 s) "GET /wp-content/themes/headstart/stylesheets/theme.css?ver=3.5 HTTP/1.1" 200 36186 "http://lestoilesdesabine.fr/" "Mozilla/5.0 (Windows NT 10.0; Win64; x64) AppleWebKit/537.36 (KHTML, like Gecko) Chrome/102.0.5005.63 Safari/537.36" lestoilesdesabine.fr
40.94.97.16 - - [22/Nov/2023:20:37:04 +0000] (0 s) "GET /wp-includes/js/jquery/ui/jquery.ui.core.min.js?ver=1.9.2 HTTP/1.1" 200 2070 "http://lestoilesdesabine.fr/" "Mozilla/5.0 (Windows NT 10.0; Win64; x64) AppleWebKit/537.36 (KHTML, like Gecko) Chrome/102.0.5005.63 Safari/537.36" lestoilesdesabine.fr
40.94.97.11 - - [22/Nov/2023:20:37:05 +0000] (0 s) "GET /wp-includes/js/jquery/ui/jquery.ui.datepicker.min.js?ver=1.9.2 HTTP/1.1" 200 11060 "http://lestoilesdesabine.fr/" "Mozilla/5.0 (Windows NT 10.0; Win64; x64) AppleWebKit/537.36 (KHTML, like Gecko) Chrome/102.0.5005.63 Safari/537.36" lestoilesdesabine.fr
40.94.97.85 - - [22/Nov/2023:20:37:05 +0000] (0 s) "GET /wp-content/plugins/contact-form-7/includes/js/jquery.form.min.js?ver=3.23 HTTP/1.1" 200 5807 "http://lestoilesdesabine.fr/" "Mozilla/5.0 (Windows NT 10.0; Win64; x64) AppleWebKit/537.36 (KHTML, like Gecko) Chrome/102.0.5005.63 Safari/537.36" lestoilesdesabine.fr
40.94.97.85 - - [22/Nov/2023:20:37:05 +0000] (0 s) "GET /wp-content/plugins/contact-form-7/includes/js/scripts.js?ver=3.3.2 HTTP/1.1" 200 1803 "http://lestoilesdesabine.fr/" "Mozilla/5.0 (Windows NT 10.0; Win64; x64) AppleWebKit/537.36 (KHTML, like Gecko) Chrome/102.0.5005.63 Safari/537.36" lestoilesdesabine.fr
40.94.97.11 - - [22/Nov/2023:20:37:05 +0000] (0 s) "GET /wp-content/themes/headstart/javascripts/foundation/modernizr.foundation.js?ver=20120206 HTTP/1.1" 200 4092 "http://lestoilesdesabine.fr/" "Mozilla/5.0 (Windows NT 10.0; Win64; x64) AppleWebKit/537.36 (KHTML, like Gecko) Chrome/102.0.5005.63 Safari/537.36" lestoilesdesabine.fr
40.94.97.85 - - [22/Nov/2023:20:37:05 +0000] (0 s) "GET /wp-content/themes/headstart/javascripts/affix.js?ver=20120206 HTTP/1.1" 200 865 "http://lestoilesdesabine.fr/" "Mozilla/5.0 (Windows NT 10.0; Win64; x64) AppleWebKit/537.36 (KHTML, like Gecko) Chrome/102.0.5005.63 Safari/537.36" lestoilesdesabine.fr
40.94.97.38 - - [22/Nov/2023:20:37:05 +0000] (0 s) "GET /wp-content/themes/headstart/javascripts/foundation/app.js?ver=20120206 HTTP/1.1" 200 1137 "http://lestoilesdesabine.fr/" "Mozilla/5.0 (Windows NT 10.0; Win64; x64) AppleWebKit/537.36 (KHTML, like Gecko) Chrome/102.0.5005.63 Safari/537.36" lestoilesdesabine.fr
40.94.97.11 - - [22/Nov/2023:20:37:05 +0000] (0 s) "GET /wp-content/themes/headstart/javascripts/foundation/jquery.foundation.navigation.js?ver=20120206 HTTP/1.1" 200 615 "http://lestoilesdesabine.fr/" "Mozilla/5.0 (Windows NT 10.0; Win64; x64) AppleWebKit/537.36 (KHTML, like Gecko) Chrome/102.0.5005.63 Safari/537.36" lestoilesdesabine.fr
40.94.97.4 - - [22/Nov/2023:20:37:05 +0000] (0 s) "GET /wp-content/themes/headstart/javascripts/foundation/jquery.foundation.mediaQueryToggle.js?ver=20120206 HTTP/1.1" 200 585 "http://lestoilesdesabine.fr/" "Mozilla/5.0 (Windows NT 10.0; Win64; x64) AppleWebKit/537.36 (KHTML, like Gecko) Chrome/102.0.5005.63 Safari/537.36" lestoilesdesabine.fr
40.94.97.98 - - [22/Nov/2023:20:37:05 +0000] (0 s) "GET /wp-content/themes/headstart/javascripts/foundation/jquery.foundation.topbar.js?ver=20120206 HTTP/1.1" 200 1509 "http://lestoilesdesabine.fr/" "Mozilla/5.0 (Windows NT 10.0; Win64; x64) AppleWebKit/537.36 (KHTML, like Gecko) Chrome/102.0.5005.63 Safari/537.36" lestoilesdesabine.fr
40.94.97.2 - - [22/Nov/2023:20:37:05 +0000] (0 s) "GET /wp-content/themes/headstart/javascripts/foundation/jquery.placeholder.js?ver=20120206 HTTP/1.1" 200 1490 "http://lestoilesdesabine.fr/" "Mozilla/5.0 (Windows NT 10.0; Win64; x64) AppleWebKit/537.36 (KHTML, like Gecko) Chrome/102.0.5005.63 Safari/537.36" lestoilesdesabine.fr
40.94.97.38 - - [22/Nov/2023:20:37:05 +0000] (0 s) "GET /wp-content/themes/headstart/images/background.jpg HTTP/1.1" 200 1127277 "http://lestoilesdesabine.fr/wp-content/themes/headstart/stylesheets/theme.css?ver=3.5" "Mozilla/5.0 (Windows NT 10.0; Win64; x64) AppleWebKit/537.36 (KHTML, like Gecko) Chrome/102.0.5005.63 Safari/537.36" lestoilesdesabine.fr
40.94.97.11 - - [22/Nov/2023:20:37:05 +0000] (0 s) "GET /wp-content/themes/headstart/fonts/MarckScript.woff HTTP/1.1" 200 19496 "http://lestoilesdesabine.fr/wp-content/themes/headstart/stylesheets/theme.css?ver=3.5" "Mozilla/5.0 (Windows NT 10.0; Win64; x64) AppleWebKit/537.36 (KHTML, like Gecko) Chrome/102.0.5005.63 Safari/537.36" lestoilesdesabine.fr
82.147.85.158 - - [22/Nov/2023:20:37:09 +0000] (0 s) "POST /contact/ HTTP/1.1" 200 170 "http://lestoilesdesabine.fr/contact/" "Mozilla/5.0 (Windows NT 6.3; Win64; x64) AppleWebKit/537.36 (KHTML, like Gecko) Chrome/103.0.5060.53 Safari/537.36" lestoilesdesabine.fr
40.94.97.90 - - [22/Nov/2023:20:37:13 +0000] (0 s) "GET /favicon.ico HTTP/1.1" 200 - "http://lestoilesdesabine.fr/" "Mozilla/5.0 (Windows NT 10.0; Win64; x64) AppleWebKit/537.36 (KHTML, like Gecko) Chrome/102.0.5005.63 Safari/537.36" lestoilesdesabine.fr
185.107.44.218 - - [22/Nov/2023:20:38:34 +0000] (1 s) "POST /contact/ HTTP/1.1" 200 130 "http://lestoilesdesabine.fr/contact/" "Mozilla/5.0 (Windows NT 6.1; Win64; x64) AppleWebKit/537.36 (KHTML, like Gecko) Chrome/103.0.5060.114 Safari/537.36" lestoilesdesabine.fr
82.147.85.158 - - [22/Nov/2023:20:39:07 +0000] (0 s) "GET /contact/ HTTP/1.1" 200 4651 "http://lestoilesdesabine.fr/contact/" "Mozilla/5.0 (Windows NT 10.0; Win64; x64) AppleWebKit/537.36 (KHTML, like Gecko) Chrome/103.0.5060.66 Safari/537.36" lestoilesdesabine.fr
82.147.85.158 - - [22/Nov/2023:20:39:07 +0000] (0 s) "POST /contact/ HTTP/1.1" 200 170 "http://lestoilesdesabine.fr/contact/" "Mozilla/5.0 (Windows NT 10.0; Win64; x64) AppleWebKit/537.36 (KHTML, like Gecko) Chrome/103.0.5060.66 Safari/537.36" lestoilesdesabine.fr
185.107.56.93 - - [22/Nov/2023:20:39:22 +0000] (0 s) "POST /contact/ HTTP/1.1" 200 170 "http://lestoilesdesabine.fr/contact/" "Mozilla/5.0 (Windows NT 6.3; Win64; x64) AppleWebKit/537.36 (KHTML, like Gecko) Chrome/103.0.5060.53 Safari/537.36" lestoilesdesabine.fr
185.107.44.120 - - [22/Nov/2023:20:39:22 +0000] (1 s) "POST /contact/ HTTP/1.1" 200 130 "http://lestoilesdesabine.fr/contact/" "Mozilla/5.0 (Windows NT 10.0; Win64; x64) AppleWebKit/537.36 (KHTML, like Gecko) Chrome/103.0.0.0 Safari/537.36 Herring/95.1.8810.11" lestoilesdesabine.fr
82.147.85.158 - - [22/Nov/2023:20:41:03 +0000] (0 s) "POST /contact/ HTTP/1.1" 200 170 "http://lestoilesdesabine.fr/contact/" "Mozilla/5.0 (Windows NT 6.3) AppleWebKit/537.36 (KHTML, like Gecko) Chrome/103.0.0.0 Safari/537.36" lestoilesdesabine.fr
146.70.86.121 - - [22/Nov/2023:20:41:23 +0000] (0 s) "GET /contact/ HTTP/1.1" 200 4651 "http://lestoilesdesabine.fr/contact/" "Mozilla/5.0 (Windows NT 10.0; Win64; x64) AppleWebKit/537.36 (KHTML, like Gecko) Chrome/103.0.0.0 Safari/537.36 OpenWave/97.4.2043.44" lestoilesdesabine.fr
146.70.86.121 - - [22/Nov/2023:20:41:24 +0000] (0 s) "POST /contact/ HTTP/1.1" 200 170 "http://lestoilesdesabine.fr/contact/" "Mozilla/5.0 (Windows NT 10.0; Win64; x64) AppleWebKit/537.36 (KHTML, like Gecko) Chrome/103.0.0.0 Safari/537.36 OpenWave/97.4.2043.44" lestoilesdesabine.fr
138.199.7.131 - - [22/Nov/2023:20:42:49 +0000] (1 s) "POST /contact/ HTTP/1.1" 200 130 "http://lestoilesdesabine.fr/contact/" "Mozilla/5.0 (Windows NT 6.3; Win64; x64) AppleWebKit/537.36 (KHTML, like Gecko) Chrome/103.0.5060.53 Safari/537.36" lestoilesdesabine.fr
82.147.85.158 - - [22/Nov/2023:20:42:57 +0000] (0 s) "POST /contact/ HTTP/1.1" 200 170 "http://lestoilesdesabine.fr/contact/" "Mozilla/5.0 (Windows NT 6.1; Win64; x64) AppleWebKit/537.36 (KHTML, like Gecko) Chrome/103.0.5060.66 Safari/537.36" lestoilesdesabine.fr
41.216.188.43 - - [22/Nov/2023:20:43:37 +0000] (0 s) "GET /wp-admin/css/colors/light/admin.php HTTP/1.1" 404 28056 "-" "Mozilla/5.0 (Linux; Android 7.0; SM-G892A Build/NRD90M; wv) AppleWebKit/537.36 (KHTML, like Gecko) Version/4.0 Chrome/60.0.3112.107 Mobile Safari/537.36" lestoilesdesabine.fr
185.107.80.192 - - [22/Nov/2023:20:43:52 +0000] (0 s) "GET /contact/ HTTP/1.1" 200 4651 "http://lestoilesdesabine.fr/contact/" "Mozilla/5.0 (Windows NT 10.0; WOW64) AppleWebKit/537.36 (KHTML, like Gecko) Chrome/103.0.0.0 Safari/537.36" lestoilesdesabine.fr
185.107.80.192 - - [22/Nov/2023:20:43:52 +0000] (0 s) "POST /contact/ HTTP/1.1" 200 170 "http://lestoilesdesabine.fr/contact/" "Mozilla/5.0 (Windows NT 10.0; WOW64) AppleWebKit/537.36 (KHTML, like Gecko) Chrome/103.0.0.0 Safari/537.36" lestoilesdesabine.fr
82.147.85.158 - - [22/Nov/2023:20:44:53 +0000] (0 s) "POST /contact/ HTTP/1.1" 200 170 "http://lestoilesdesabine.fr/contact/" "Mozilla/5.0 (Windows NT 10.0; Win64; x64) AppleWebKit/537.36 (KHTML, like Gecko) Chrome/103.0.5042.0 Safari/537.36" lestoilesdesabine.fr
185.107.44.218 - - [22/Nov/2023:20:46:05 +0000] (0 s) "GET /contact/ HTTP/1.1" 200 4651 "http://lestoilesdesabine.fr/contact/" "Mozilla/5.0 (Windows NT 10.0; Win64; x64) AppleWebKit/537.36 (KHTML, like Gecko) Chrome/103.0.5042.0 Safari/537.36" lestoilesdesabine.fr
185.107.44.218 - - [22/Nov/2023:20:46:06 +0000] (1 s) "POST /contact/ HTTP/1.1" 200 130 "http://lestoilesdesabine.fr/contact/" "Mozilla/5.0 (Windows NT 10.0; Win64; x64) AppleWebKit/537.36 (KHTML, like Gecko) Chrome/103.0.5042.0 Safari/537.36" lestoilesdesabine.fr
82.147.85.158 - - [22/Nov/2023:20:46:53 +0000] (0 s) "POST /contact/ HTTP/1.1" 200 170 "http://lestoilesdesabine.fr/contact/" "Mozilla/5.0 (Windows NT 6.1) AppleWebKit/537.36 (KHTML, like Gecko) Chrome/103.0.0.0 Safari/537.36" lestoilesdesabine.fr
185.107.56.93 - - [22/Nov/2023:20:47:32 +0000] (1 s) "POST /contact/ HTTP/1.1" 200 130 "http://lestoilesdesabine.fr/contact/" "Mozilla/5.0 (Windows NT 10.0; Win64; x64) AppleWebKit/537.36 (KHTML, like Gecko) Chrome/103.0.5060.134 Safari/537.36" lestoilesdesabine.fr
185.107.44.120 - - [22/Nov/2023:20:47:36 +0000] (1 s) "POST /contact/ HTTP/1.1" 200 130 "http://lestoilesdesabine.fr/contact/" "Mozilla/5.0 (Windows NT 10.0; Win64; x64) AppleWebKit/537.36 (KHTML, like Gecko) Chrome/103.0.5060.114 Safari/537.36" lestoilesdesabine.fr
146.70.86.121 - - [22/Nov/2023:20:51:00 +0000] (0 s) "GET /contact/ HTTP/1.1" 200 4651 "http://lestoilesdesabine.fr/contact/" "Mozilla/5.0 (Windows NT 6.1) AppleWebKit/537.36 (KHTML, like Gecko) Chrome/103.0.5060.114 Safari/537.36" lestoilesdesabine.fr
146.70.86.121 - - [22/Nov/2023:20:51:00 +0000] (1 s) "POST /contact/ HTTP/1.1" 200 130 "http://lestoilesdesabine.fr/contact/" "Mozilla/5.0 (Windows NT 6.1) AppleWebKit/537.36 (KHTML, like Gecko) Chrome/103.0.5060.114 Safari/537.36" lestoilesdesabine.fr
185.107.80.192 - - [22/Nov/2023:20:51:11 +0000] (0 s) "POST /contact/ HTTP/1.1" 200 170 "http://lestoilesdesabine.fr/contact/" "Mozilla/5.0 (Windows NT 6.1; Win64; x64) AppleWebKit/537.36 (KHTML, like Gecko) Chrome/103.0.5060.114 Safari/537.36" lestoilesdesabine.fr
138.199.7.131 - - [22/Nov/2023:20:51:26 +0000] (0 s) "POST /contact/ HTTP/1.1" 200 170 "http://lestoilesdesabine.fr/contact/" "Mozilla/5.0 (Windows NT 10.0) AppleWebKit/537.36 (KHTML, like Gecko) Chrome/103.0.0.0 Safari/537.36" lestoilesdesabine.fr
185.107.44.218 - - [22/Nov/2023:20:53:12 +0000] (0 s) "GET /contact/ HTTP/1.1" 200 4651 "http://lestoilesdesabine.fr/contact/" "Mozilla/5.0 (Windows NT 6.3) AppleWebKit/537.36 (KHTML, like Gecko) Chrome/103.0.0.0 Safari/537.36" lestoilesdesabine.fr
185.107.44.218 - - [22/Nov/2023:20:53:12 +0000] (1 s) "POST /contact/ HTTP/1.1" 200 130 "http://lestoilesdesabine.fr/contact/" "Mozilla/5.0 (Windows NT 6.3) AppleWebKit/537.36 (KHTML, like Gecko) Chrome/103.0.0.0 Safari/537.36" lestoilesdesabine.fr
212.227.216.60 - - [22/Nov/2023:20:53:24 +0000] (0 s) "GET /serie/lame-des-statues/ HTTP/1.1" 200 8027 "-" "IonCrawl (https://www.ionos.de/terms-gtc/faq-crawler-en/)" lestoilesdesabine.fr
212.227.216.60 - - [22/Nov/2023:20:53:27 +0000] (0 s) "GET /serie/geishas/ HTTP/1.1" 200 6537 "-" "IonCrawl (https://www.ionos.de/terms-gtc/faq-crawler-en/)" lestoilesdesabine.fr
212.227.216.44 - - [22/Nov/2023:20:53:28 +0000] (0 s) "GET /sabine/ HTTP/1.1" 200 5430 "-" "IonCrawl (https://www.ionos.de/terms-gtc/faq-crawler-en/)" lestoilesdesabine.fr
212.227.216.12 - - [22/Nov/2023:20:53:30 +0000] (0 s) "GET /serie/rebonds/ HTTP/1.1" 200 5921 "-" "IonCrawl (https://www.ionos.de/terms-gtc/faq-crawler-en/)" lestoilesdesabine.fr
212.227.216.76 - - [22/Nov/2023:20:53:31 +0000] (0 s) "GET /serie/espiritu-flamenco/ HTTP/1.1" 200 6553 "-" "IonCrawl (https://www.ionos.de/terms-gtc/faq-crawler-en/)" lestoilesdesabine.fr
212.227.216.44 - - [22/Nov/2023:20:53:34 +0000] (0 s) "GET /serie/cote-cour/ HTTP/1.1" 200 8339 "-" "IonCrawl (https://www.ionos.de/terms-gtc/faq-crawler-en/)" lestoilesdesabine.fr
212.227.216.44 - - [22/Nov/2023:20:53:35 +0000] (0 s) "GET /serie/jeune-fille-a-la-balancoire/ HTTP/1.1" 200 6209 "-" "IonCrawl (https://www.ionos.de/terms-gtc/faq-crawler-en/)" lestoilesdesabine.fr
212.227.216.28 - - [22/Nov/2023:20:53:36 +0000] (0 s) "GET /livre-dor/ HTTP/1.1" 200 11757 "-" "IonCrawl (https://www.ionos.de/terms-gtc/faq-crawler-en/)" lestoilesdesabine.fr
212.227.216.44 - - [22/Nov/2023:20:53:37 +0000] (0 s) "GET /accueil/sabine-peint-5/ HTTP/1.1" 200 4778 "-" "IonCrawl (https://www.ionos.de/terms-gtc/faq-crawler-en/)" lestoilesdesabine.fr
212.227.216.28 - - [22/Nov/2023:20:53:38 +0000] (0 s) "GET /ma-derniere-toile-dune-serie-a-venir-lame-des-statues/ HTTP/1.1" 200 4626 "-" "IonCrawl (https://www.ionos.de/terms-gtc/faq-crawler-en/)" lestoilesdesabine.fr
212.227.216.60 - - [22/Nov/2023:20:53:39 +0000] (0 s) "GET /serie/cote-jardin/ HTTP/1.1" 200 6845 "-" "IonCrawl (https://www.ionos.de/terms-gtc/faq-crawler-en/)" lestoilesdesabine.fr
212.227.216.28 - - [22/Nov/2023:20:53:42 +0000] (0 s) "GET /serie/les-aspirations-celestes/ HTTP/1.1" 200 6830 "-" "IonCrawl (https://www.ionos.de/terms-gtc/faq-crawler-en/)" lestoilesdesabine.fr
212.227.216.124 - - [22/Nov/2023:20:53:42 +0000] (0 s) "GET /serie/lage-tendre/ HTTP/1.1" 200 7263 "-" "IonCrawl (https://www.ionos.de/terms-gtc/faq-crawler-en/)" lestoilesdesabine.fr
