185.107.80.192 - - [23/Nov/2023:01:48:02 +0000] (1 s) "POST /contact/ HTTP/1.1" 200 130 "http://lestoilesdesabine.fr/contact/" "Mozilla/5.0 (Windows NT 6.3; Win64; x64) AppleWebKit/537.36 (KHTML, like Gecko) Chrome/103.0.0.0 Safari/537.36" lestoilesdesabine.fr
185.107.44.218 - - [23/Nov/2023:01:48:03 +0000] (1 s) "POST /contact/ HTTP/1.1" 200 130 "http://lestoilesdesabine.fr/contact/" "Mozilla/5.0 (Windows NT 10.0; Win64; x64) AppleWebKit/537.36 (KHTML, like Gecko) Chrome/103.0.0.0 Safari/537.36" lestoilesdesabine.fr
82.147.85.158 - - [23/Nov/2023:01:48:40 +0000] (1 s) "POST /contact/ HTTP/1.1" 200 130 "http://lestoilesdesabine.fr/contact/" "Mozilla/5.0 (Windows NT 6.1) AppleWebKit/537.36 (KHTML, like Gecko) Chrome/103.0.0.0 Safari/537.36" lestoilesdesabine.fr
82.147.85.158 - - [23/Nov/2023:01:50:37 +0000] (0 s) "GET /contact/ HTTP/1.1" 200 4651 "http://lestoilesdesabine.fr/contact/" "Mozilla/5.0 (Windows NT 6.3; WOW64) AppleWebKit/537.36 (KHTML, like Gecko) Chrome/103.0.0.0 Safari/537.36" lestoilesdesabine.fr
82.147.85.158 - - [23/Nov/2023:01:50:37 +0000] (1 s) "POST /contact/ HTTP/1.1" 200 130 "http://lestoilesdesabine.fr/contact/" "Mozilla/5.0 (Windows NT 6.3; WOW64) AppleWebKit/537.36 (KHTML, like Gecko) Chrome/103.0.0.0 Safari/537.36" lestoilesdesabine.fr
146.70.86.121 - - [23/Nov/2023:01:50:42 +0000] (1 s) "POST /contact/ HTTP/1.1" 200 130 "http://lestoilesdesabine.fr/contact/" "Mozilla/5.0 (Windows NT 6.3; Win64; x64) AppleWebKit/537.36 (KHTML, like Gecko) Chrome/103.0.5060.53 Safari/537.36" lestoilesdesabine.fr
185.107.56.93 - - [23/Nov/2023:01:51:39 +0000] (1 s) "POST /contact/ HTTP/1.1" 200 130 "http://lestoilesdesabine.fr/contact/" "Mozilla/5.0 (Windows NT 6.1; Win64; x64) AppleWebKit/537.36 (KHTML, like Gecko) Chrome/103.0.5060.66 Safari/537.36" lestoilesdesabine.fr
185.107.44.120 - - [23/Nov/2023:01:51:40 +0000] (1 s) "POST /contact/ HTTP/1.1" 200 130 "http://lestoilesdesabine.fr/contact/" "Mozilla/5.0 (Windows NT 10.0; Win64; x64) AppleWebKit/537.36 (KHTML, like Gecko) Chrome/103.0.5042.0 Safari/537.36" lestoilesdesabine.fr
82.147.85.158 - - [23/Nov/2023:01:52:31 +0000] (0 s) "POST /contact/ HTTP/1.1" 200 270 "http://lestoilesdesabine.fr/contact/" "Mozilla/5.0 (Windows NT 6.3; Win64; x64) AppleWebKit/537.36 (KHTML, like Gecko) Chrome/103.0.0.0 Safari/537.36" lestoilesdesabine.fr
138.199.7.131 - - [23/Nov/2023:01:54:15 +0000] (0 s) "GET /contact/ HTTP/1.1" 200 4651 "http://lestoilesdesabine.fr/contact/" "Mozilla/5.0 (Windows NT 6.3; Win64; x64) AppleWebKit/537.36 (KHTML, like Gecko) Chrome/103.0.5060.53 Safari/537.36" lestoilesdesabine.fr
138.199.7.131 - - [23/Nov/2023:01:54:15 +0000] (1 s) "POST /contact/ HTTP/1.1" 200 130 "http://lestoilesdesabine.fr/contact/" "Mozilla/5.0 (Windows NT 6.3; Win64; x64) AppleWebKit/537.36 (KHTML, like Gecko) Chrome/103.0.5060.53 Safari/537.36" lestoilesdesabine.fr
82.147.85.158 - - [23/Nov/2023:01:54:26 +0000] (0 s) "POST /contact/ HTTP/1.1" 200 170 "http://lestoilesdesabine.fr/contact/" "Mozilla/5.0 (Windows NT 10.0; Win64; x64) AppleWebKit/537.36 (KHTML, like Gecko) Chrome/103.0.0.0 Safari/537.36 Herring/95.1.8810.11" lestoilesdesabine.fr
185.107.80.192 - - [23/Nov/2023:01:54:58 +0000] (1 s) "POST /contact/ HTTP/1.1" 200 130 "http://lestoilesdesabine.fr/contact/" "Mozilla/5.0 (Windows NT 6.3) AppleWebKit/537.36 (KHTML, like Gecko) Chrome/103.0.0.0 Safari/537.36" lestoilesdesabine.fr
185.107.44.218 - - [23/Nov/2023:01:54:59 +0000] (1 s) "POST /contact/ HTTP/1.1" 200 130 "http://lestoilesdesabine.fr/contact/" "Mozilla/5.0 (Windows NT 6.1) AppleWebKit/537.36 (KHTML, like Gecko) Chrome/103.0.5060.114 Safari/537.36" lestoilesdesabine.fr
82.147.85.158 - - [23/Nov/2023:01:56:20 +0000] (0 s) "GET /contact/ HTTP/1.1" 200 4651 "http://lestoilesdesabine.fr/contact/" "Mozilla/5.0 (Windows NT 6.3; WOW64) AppleWebKit/537.36 (KHTML, like Gecko) Chrome/103.0.5060.114 Safari/537.36" lestoilesdesabine.fr
82.147.85.158 - - [23/Nov/2023:01:56:20 +0000] (0 s) "POST /contact/ HTTP/1.1" 200 170 "http://lestoilesdesabine.fr/contact/" "Mozilla/5.0 (Windows NT 6.3; WOW64) AppleWebKit/537.36 (KHTML, like Gecko) Chrome/103.0.5060.114 Safari/537.36" lestoilesdesabine.fr
82.147.85.158 - - [23/Nov/2023:01:58:15 +0000] (0 s) "POST /contact/ HTTP/1.1" 200 170 "http://lestoilesdesabine.fr/contact/" "Mozilla/5.0 (Windows NT 6.1; Win64; x64) AppleWebKit/537.36 (KHTML, like Gecko) Chrome/103.0.5060.66 Safari/537.36" lestoilesdesabine.fr
185.107.56.93 - - [23/Nov/2023:01:59:39 +0000] (0 s) "GET /contact/ HTTP/1.1" 200 4651 "http://lestoilesdesabine.fr/contact/" "Mozilla/5.0 (Windows NT 6.1) AppleWebKit/537.36 (KHTML, like Gecko) Chrome/103.0.0.0 Safari/537.36" lestoilesdesabine.fr
185.107.56.93 - - [23/Nov/2023:01:59:39 +0000] (1 s) "POST /contact/ HTTP/1.1" 200 130 "http://lestoilesdesabine.fr/contact/" "Mozilla/5.0 (Windows NT 6.1) AppleWebKit/537.36 (KHTML, like Gecko) Chrome/103.0.0.0 Safari/537.36" lestoilesdesabine.fr
185.107.44.120 - - [23/Nov/2023:01:59:40 +0000] (1 s) "POST /contact/ HTTP/1.1" 200 130 "http://lestoilesdesabine.fr/contact/" "Mozilla/5.0 (Windows NT 10.0; Win64; x64) AppleWebKit/537.36 (KHTML, like Gecko) Chrome/103.0.0.0 Safari/537.36" lestoilesdesabine.fr
82.147.85.158 - - [23/Nov/2023:02:00:11 +0000] (1 s) "POST /contact/ HTTP/1.1" 200 130 "http://lestoilesdesabine.fr/contact/" "Mozilla/5.0 (Windows NT 10.0) AppleWebKit/537.36 (KHTML, like Gecko) Chrome/103.0.0.0 Safari/537.36" lestoilesdesabine.fr
146.70.86.121 - - [23/Nov/2023:02:00:27 +0000] (1 s) "POST /contact/ HTTP/1.1" 200 130 "http://lestoilesdesabine.fr/contact/" "Mozilla/5.0 (Windows NT 10.0; Win64; x64) AppleWebKit/537.36 (KHTML, like Gecko) Chrome/103.0.5060.53 Safari/537.36" lestoilesdesabine.fr
82.147.85.158 - - [23/Nov/2023:02:02:07 +0000] (0 s) "GET /contact/ HTTP/1.1" 200 4651 "http://lestoilesdesabine.fr/contact/" "Mozilla/5.0 (Windows NT 6.3; Win64; x64) AppleWebKit/537.36 (KHTML, like Gecko) Chrome/103.0.5060.66 Safari/537.36" lestoilesdesabine.fr
82.147.85.158 - - [23/Nov/2023:02:02:07 +0000] (0 s) "POST /contact/ HTTP/1.1" 200 270 "http://lestoilesdesabine.fr/contact/" "Mozilla/5.0 (Windows NT 6.3; Win64; x64) AppleWebKit/537.36 (KHTML, like Gecko) Chrome/103.0.5060.66 Safari/537.36" lestoilesdesabine.fr
185.107.80.192 - - [23/Nov/2023:02:02:20 +0000] (1 s) "POST /contact/ HTTP/1.1" 200 130 "http://lestoilesdesabine.fr/contact/" "Mozilla/5.0 (Windows NT 10.0; Win64; x64) AppleWebKit/537.36 (KHTML, like Gecko) Chrome/103.0.5060.134 Safari/537.36" lestoilesdesabine.fr
138.199.7.131 - - [23/Nov/2023:02:02:22 +0000] (1 s) "POST /contact/ HTTP/1.1" 200 130 "http://lestoilesdesabine.fr/contact/" "Mozilla/5.0 (Windows NT 10.0; Win64; x64) AppleWebKit/537.36 (KHTML, like Gecko) Chrome/103.0.5060.66 Safari/537.36" lestoilesdesabine.fr
185.107.44.218 - - [23/Nov/2023:02:02:26 +0000] (1 s) "POST /contact/ HTTP/1.1" 200 130 "http://lestoilesdesabine.fr/contact/" "Mozilla/5.0 (Windows NT 10.0; Win64; x64) AppleWebKit/537.36 (KHTML, like Gecko) Chrome/103.0.0.0 Safari/537.36 OpenWave/97.4.2043.44" lestoilesdesabine.fr
82.147.85.158 - - [23/Nov/2023:02:04:04 +0000] (1 s) "POST /contact/ HTTP/1.1" 200 130 "http://lestoilesdesabine.fr/contact/" "Mozilla/5.0 (Windows NT 6.1) AppleWebKit/537.36 (KHTML, like Gecko) Chrome/103.0.5060.114 Safari/537.36" lestoilesdesabine.fr
82.147.85.158 - - [23/Nov/2023:02:05:59 +0000] (0 s) "GET /contact/ HTTP/1.1" 200 4651 "http://lestoilesdesabine.fr/contact/" "Mozilla/5.0 (Windows NT 6.1; Win64; x64) AppleWebKit/537.36 (KHTML, like Gecko) Chrome/103.0.5060.114 Safari/537.36" lestoilesdesabine.fr
82.147.85.158 - - [23/Nov/2023:02:06:00 +0000] (1 s) "POST /contact/ HTTP/1.1" 200 130 "http://lestoilesdesabine.fr/contact/" "Mozilla/5.0 (Windows NT 6.1; Win64; x64) AppleWebKit/537.36 (KHTML, like Gecko) Chrome/103.0.5060.114 Safari/537.36" lestoilesdesabine.fr
192.71.2.57 - - [23/Nov/2023:02:06:40 +0000] (0 s) "GET /robots.txt HTTP/1.1" 200 68 "-" "Mozilla/5.0 (Windows NT 10.0; Win64; x64) AppleWebKit/537.36 (KHTML, like Gecko) Chrome/103.0.5060.114 Safari/537.36" lestoilesdesabine.fr
192.71.126.27 - - [23/Nov/2023:02:06:40 +0000] (0 s) "GET /humans.txt HTTP/1.1" 404 28056 "-" "Mozilla/5.0 (Windows NT 10.0; Win64; x64) AppleWebKit/537.36 (KHTML, like Gecko) Chrome/103.0.5060.114 Safari/537.36" lestoilesdesabine.fr
192.71.142.176 - - [23/Nov/2023:02:06:40 +0000] (0 s) "GET /ads.txt HTTP/1.1" 404 28056 "-" "Mozilla/5.0 (Windows NT 10.0; Win64; x64) AppleWebKit/537.36 (KHTML, like Gecko) Chrome/103.0.5060.114 Safari/537.36" lestoilesdesabine.fr
194.103.212.184 - - [23/Nov/2023:02:06:40 +0000] (0 s) "GET / HTTP/1.1" 200 5322 "-" "Mozilla/5.0 (Windows NT 10.0; Win64; x64) AppleWebKit/537.36 (KHTML, like Gecko) Chrome/103.0.5060.114 Safari/537.36" lestoilesdesabine.fr
185.107.56.93 - - [23/Nov/2023:02:07:43 +0000] (1 s) "POST /contact/ HTTP/1.1" 200 130 "http://lestoilesdesabine.fr/contact/" "Mozilla/5.0 (Windows NT 6.3; WOW64) AppleWebKit/537.36 (KHTML, like Gecko) Chrome/103.0.5060.114 Safari/537.36" lestoilesdesabine.fr
185.107.44.120 - - [23/Nov/2023:02:07:44 +0000] (1 s) "POST /contact/ HTTP/1.1" 200 130 "http://lestoilesdesabine.fr/contact/" "Mozilla/5.0 (Windows NT 6.1) AppleWebKit/537.36 (KHTML, like Gecko) Chrome/103.0.5060.114 Safari/537.36" lestoilesdesabine.fr
82.147.85.158 - - [23/Nov/2023:02:07:56 +0000] (1 s) "POST /contact/ HTTP/1.1" 200 130 "http://lestoilesdesabine.fr/contact/" "Mozilla/5.0 (Windows NT 10.0; Win64; x64) AppleWebKit/537.36 (KHTML, like Gecko) Chrome/103.0.5060.53 Safari/537.36" lestoilesdesabine.fr
185.107.80.192 - - [23/Nov/2023:02:09:08 +0000] (0 s) "GET /contact/ HTTP/1.1" 200 4651 "http://lestoilesdesabine.fr/contact/" "Mozilla/5.0 (Windows NT 10.0) AppleWebKit/537.36 (KHTML, like Gecko) Chrome/103.0.0.0 Safari/537.36" lestoilesdesabine.fr
185.107.80.192 - - [23/Nov/2023:02:09:08 +0000] (1 s) "POST /contact/ HTTP/1.1" 200 130 "http://lestoilesdesabine.fr/contact/" "Mozilla/5.0 (Windows NT 10.0) AppleWebKit/537.36 (KHTML, like Gecko) Chrome/103.0.0.0 Safari/537.36" lestoilesdesabine.fr
185.107.44.218 - - [23/Nov/2023:02:09:09 +0000] (1 s) "POST /contact/ HTTP/1.1" 200 130 "http://lestoilesdesabine.fr/contact/" "Mozilla/5.0 (Windows NT 6.3; Win64; x64) AppleWebKit/537.36 (KHTML, like Gecko) Chrome/103.0.5060.53 Safari/537.36" lestoilesdesabine.fr
82.147.85.158 - - [23/Nov/2023:02:09:52 +0000] (1 s) "POST /contact/ HTTP/1.1" 200 130 "http://lestoilesdesabine.fr/contact/" "Mozilla/5.0 (Windows NT 6.1; Win64; x64) AppleWebKit/537.36 (KHTML, like Gecko) Chrome/103.0.5060.114 Safari/537.36" lestoilesdesabine.fr
146.70.86.121 - - [23/Nov/2023:02:10:10 +0000] (1 s) "POST /contact/ HTTP/1.1" 200 130 "http://lestoilesdesabine.fr/contact/" "Mozilla/5.0 (Windows NT 10.0; WOW64) AppleWebKit/537.36 (KHTML, like Gecko) Chrome/103.0.0.0 Safari/537.36" lestoilesdesabine.fr
138.199.7.131 - - [23/Nov/2023:02:10:41 +0000] (1 s) "POST /contact/ HTTP/1.1" 200 130 "http://lestoilesdesabine.fr/contact/" "Mozilla/5.0 (Windows NT 10.0; Win64; x64) AppleWebKit/537.36 (KHTML, like Gecko) Chrome/103.0.5060.66 Safari/537.36" lestoilesdesabine.fr
82.147.85.158 - - [23/Nov/2023:02:11:45 +0000] (0 s) "GET /contact/ HTTP/1.1" 200 4651 "http://lestoilesdesabine.fr/contact/" "Mozilla/5.0 (Windows NT 10.0; Win64; x64) AppleWebKit/537.36 (KHTML, like Gecko) Chrome/103.0.0.0 Safari/537.36 Herring/95.1.8810.11" lestoilesdesabine.fr
82.147.85.158 - - [23/Nov/2023:02:11:45 +0000] (1 s) "POST /contact/ HTTP/1.1" 200 130 "http://lestoilesdesabine.fr/contact/" "Mozilla/5.0 (Windows NT 10.0; Win64; x64) AppleWebKit/537.36 (KHTML, like Gecko) Chrome/103.0.0.0 Safari/537.36 Herring/95.1.8810.11" lestoilesdesabine.fr
61.14.234.31 - - [23/Nov/2023:02:12:09 +0000] (0 s) "POST /xmlrpc.php HTTP/1.1" 200 412 "-" "Mozilla/5.0 (Windows NT 10.0; WOW64; rv:54.0) Gecko/20100101 Firefox/54.0" lestoilesdesabine.fr
61.14.234.31 - - [23/Nov/2023:02:12:09 +0000] (0 s) "POST /xmlrpc.php HTTP/1.1" 200 412 "-" "Mozilla/5.0 (Windows NT 10.0; Win64; x64) AppleWebKit/537.36 (KHTML, like Gecko) Chrome/57.0.2987.133 Safari/537.36" lestoilesdesabine.fr
108.61.245.177 - - [23/Nov/2023:02:12:21 +0000] (0 s) "POST /xmlrpc.php HTTP/1.1" 200 412 "-" "Mozilla/5.0 (Windows NT 5.1; Win64; x64) AppleWebKit/537.36 (KHTML, like Gecko) Chrome/60.0.3112.90 Safari/537.36" lestoilesdesabine.fr
82.147.85.158 - - [23/Nov/2023:02:13:39 +0000] (1 s) "POST /contact/ HTTP/1.1" 200 130 "http://lestoilesdesabine.fr/contact/" "Mozilla/5.0 (Windows NT 10.0; Win64; x64) AppleWebKit/537.36 (KHTML, like Gecko) Chrome/103.0.5060.53 Safari/537.36" lestoilesdesabine.fr
82.147.85.158 - - [23/Nov/2023:02:15:34 +0000] (0 s) "GET /contact/ HTTP/1.1" 200 4651 "http://lestoilesdesabine.fr/contact/" "Mozilla/5.0 (Windows NT 10.0; Win64; x64) AppleWebKit/537.36 (KHTML, like Gecko) Chrome/103.0.5060.66 Safari/537.36" lestoilesdesabine.fr
82.147.85.158 - - [23/Nov/2023:02:15:35 +0000] (1 s) "POST /contact/ HTTP/1.1" 200 130 "http://lestoilesdesabine.fr/contact/" "Mozilla/5.0 (Windows NT 10.0; Win64; x64) AppleWebKit/537.36 (KHTML, like Gecko) Chrome/103.0.5060.66 Safari/537.36" lestoilesdesabine.fr
185.107.44.120 - - [23/Nov/2023:02:15:47 +0000] (1 s) "POST /contact/ HTTP/1.1" 200 130 "http://lestoilesdesabine.fr/contact/" "Mozilla/5.0 (Windows NT 6.1; WOW64) AppleWebKit/537.36 (KHTML, like Gecko) Chrome/103.0.0.0 Safari/537.36" lestoilesdesabine.fr
185.107.56.93 - - [23/Nov/2023:02:15:48 +0000] (1 s) "POST /contact/ HTTP/1.1" 200 130 "http://lestoilesdesabine.fr/contact/" "Mozilla/5.0 (Windows NT 6.3; WOW64) AppleWebKit/537.36 (KHTML, like Gecko) Chrome/103.0.0.0 Safari/537.36" lestoilesdesabine.fr
185.107.80.192 - - [23/Nov/2023:02:16:11 +0000] (1 s) "POST /contact/ HTTP/1.1" 200 130 "http://lestoilesdesabine.fr/contact/" "Mozilla/5.0 (Windows NT 6.3; Win64; x64) AppleWebKit/537.36 (KHTML, like Gecko) Chrome/103.0.5060.53 Safari/537.36" lestoilesdesabine.fr
185.107.44.218 - - [23/Nov/2023:02:16:29 +0000] (1 s) "POST /contact/ HTTP/1.1" 200 130 "http://lestoilesdesabine.fr/contact/" "Mozilla/5.0 (Windows NT 10.0; WOW64) AppleWebKit/537.36 (KHTML, like Gecko) Chrome/103.0.0.0 Safari/537.36" lestoilesdesabine.fr
82.147.85.158 - - [23/Nov/2023:02:17:26 +0000] (1 s) "POST /contact/ HTTP/1.1" 200 130 "http://lestoilesdesabine.fr/contact/" "Mozilla/5.0 (Windows NT 10.0; Win64; x64) AppleWebKit/537.36 (KHTML, like Gecko) Chrome/103.0.5060.53 Safari/537.36" lestoilesdesabine.fr
138.199.7.131 - - [23/Nov/2023:02:19:17 +0000] (0 s) "GET /contact/ HTTP/1.1" 200 4651 "http://lestoilesdesabine.fr/contact/" "Mozilla/5.0 (Windows NT 6.3; Win64; x64) AppleWebKit/537.36 (KHTML, like Gecko) Chrome/103.0.0.0 Safari/537.36" lestoilesdesabine.fr
138.199.7.131 - - [23/Nov/2023:02:19:18 +0000] (6 s) "POST /contact/ HTTP/1.1" 200 130 "http://lestoilesdesabine.fr/contact/" "Mozilla/5.0 (Windows NT 6.3; Win64; x64) AppleWebKit/537.36 (KHTML, like Gecko) Chrome/103.0.0.0 Safari/537.36" lestoilesdesabine.fr
82.147.85.158 - - [23/Nov/2023:02:19:24 +0000] (1 s) "POST /contact/ HTTP/1.1" 200 130 "http://lestoilesdesabine.fr/contact/" "Mozilla/5.0 (Windows NT 10.0; Win64; x64) AppleWebKit/537.36 (KHTML, like Gecko) Chrome/103.0.0.0 Safari/537.36 Herring/95.1.8810.11" lestoilesdesabine.fr
146.70.86.121 - - [23/Nov/2023:02:19:49 +0000] (1 s) "POST /contact/ HTTP/1.1" 200 130 "http://lestoilesdesabine.fr/contact/" "Mozilla/5.0 (Windows NT 6.1; Win64; x64) AppleWebKit/537.36 (KHTML, like Gecko) Chrome/103.0.5060.114 Safari/537.36" lestoilesdesabine.fr
82.147.85.158 - - [23/Nov/2023:02:21:18 +0000] (0 s) "GET /contact/ HTTP/1.1" 200 4651 "http://lestoilesdesabine.fr/contact/" "Mozilla/5.0 (Windows NT 6.3; WOW64) AppleWebKit/537.36 (KHTML, like Gecko) Chrome/103.0.5060.114 Safari/537.36" lestoilesdesabine.fr
82.147.85.158 - - [23/Nov/2023:02:21:18 +0000] (1 s) "POST /contact/ HTTP/1.1" 200 130 "http://lestoilesdesabine.fr/contact/" "Mozilla/5.0 (Windows NT 6.3; WOW64) AppleWebKit/537.36 (KHTML, like Gecko) Chrome/103.0.5060.114 Safari/537.36" lestoilesdesabine.fr
185.107.80.192 - - [23/Nov/2023:02:23:04 +0000] (1 s) "POST /contact/ HTTP/1.1" 200 130 "http://lestoilesdesabine.fr/contact/" "Mozilla/5.0 (Windows NT 6.1; Win64; x64) AppleWebKit/537.36 (KHTML, like Gecko) Chrome/103.0.0.0 Safari/537.36" lestoilesdesabine.fr
82.147.85.158 - - [23/Nov/2023:02:23:12 +0000] (1 s) "POST /contact/ HTTP/1.1" 200 130 "http://lestoilesdesabine.fr/contact/" "Mozilla/5.0 (Windows NT 6.2; Win64; x64) AppleWebKit/537.36 (KHTML, like Gecko) Chrome/103.0.0.0 Safari/537.36" lestoilesdesabine.fr
185.107.44.218 - - [23/Nov/2023:02:23:22 +0000] (0 s) "GET /contact/ HTTP/1.1" 200 4651 "http://lestoilesdesabine.fr/contact/" "Mozilla/5.0 (Windows NT 6.3; Win64; x64) AppleWebKit/537.36 (KHTML, like Gecko) Chrome/103.0.5060.66 Safari/537.36" lestoilesdesabine.fr
185.107.44.218 - - [23/Nov/2023:02:23:22 +0000] (1 s) "POST /contact/ HTTP/1.1" 200 130 "http://lestoilesdesabine.fr/contact/" "Mozilla/5.0 (Windows NT 6.3; Win64; x64) AppleWebKit/537.36 (KHTML, like Gecko) Chrome/103.0.5060.66 Safari/537.36" lestoilesdesabine.fr
185.107.56.93 - - [23/Nov/2023:02:23:36 +0000] (1 s) "POST /contact/ HTTP/1.1" 200 130 "http://lestoilesdesabine.fr/contact/" "Mozilla/5.0 (Windows NT 6.3; WOW64) AppleWebKit/537.36 (KHTML, like Gecko) Chrome/103.0.0.0 Safari/537.36" lestoilesdesabine.fr
185.107.44.120 - - [23/Nov/2023:02:23:38 +0000] (1 s) "POST /contact/ HTTP/1.1" 200 130 "http://lestoilesdesabine.fr/contact/" "Mozilla/5.0 (Windows NT 6.1) AppleWebKit/537.36 (KHTML, like Gecko) Chrome/103.0.0.0 Safari/537.36" lestoilesdesabine.fr
91.92.243.106 - - [23/Nov/2023:02:24:53 +0000] (0 s) "GET /index.php?code_check HTTP/1.1" 301 2 "https://www.google.com" "Mozilla/5.0 (Windows NT 10.0; Win64; x64) AppleWebKit/537.36 (KHTML, like Gecko) Chrome/109.0.0.0 Safari/537.36" lestoilesdesabine.fr
82.147.85.158 - - [23/Nov/2023:02:25:07 +0000] (1 s) "POST /contact/ HTTP/1.1" 200 130 "http://lestoilesdesabine.fr/contact/" "Mozilla/5.0 (Windows NT 6.2; Win64; x64) AppleWebKit/537.36 (KHTML, like Gecko) Chrome/103.0.0.0 Safari/537.36" lestoilesdesabine.fr
91.92.243.106 - - [23/Nov/2023:02:25:12 +0000] (0 s) "GET /?code_check HTTP/1.1" 200 5322 "https://www.google.com" "Mozilla/5.0 (Windows NT 10.0; Win64; x64) AppleWebKit/537.36 (KHTML, like Gecko) Chrome/109.0.0.0 Safari/537.36" lestoilesdesabine.fr
91.92.243.106 - - [23/Nov/2023:02:25:51 +0000] (0 s) "GET /wp-content/plugins/classic-addon/admin.php HTTP/1.1" 404 28056 "https://www.google.com" "Mozilla/5.0 (Macintosh; Intel Mac OS X 10_15_7) AppleWebKit/537.36 (KHTML, like Gecko) Chrome/109.0.0.0 Safari/537.36" lestoilesdesabine.fr
91.92.243.106 - - [23/Nov/2023:02:26:31 +0000] (0 s) "GET /wp-content/plugins/eventon-addon/admin.php HTTP/1.1" 404 28056 "https://www.google.com" "Mozilla/5.0 (Macintosh; Intel Mac OS X 10_15_7) AppleWebKit/605.1.15 (KHTML, like Gecko) Version/16.1 Safari/605.1.15" lestoilesdesabine.fr
82.147.85.158 - - [23/Nov/2023:02:27:00 +0000] (0 s) "GET /contact/ HTTP/1.1" 200 4651 "http://lestoilesdesabine.fr/contact/" "Mozilla/5.0 (Windows NT 6.3; Win64; x64) AppleWebKit/537.36 (KHTML, like Gecko) Chrome/103.0.5060.53 Safari/537.36" lestoilesdesabine.fr
82.147.85.158 - - [23/Nov/2023:02:27:01 +0000] (1 s) "POST /contact/ HTTP/1.1" 200 130 "http://lestoilesdesabine.fr/contact/" "Mozilla/5.0 (Windows NT 6.3; Win64; x64) AppleWebKit/537.36 (KHTML, like Gecko) Chrome/103.0.5060.53 Safari/537.36" lestoilesdesabine.fr
91.92.243.106 - - [23/Nov/2023:02:27:10 +0000] (0 s) "GET /wp-content/plugins/royal-ckeditor/admin.php HTTP/1.1" 404 28056 "https://www.google.com" "Mozilla/5.0 (Macintosh; Intel Mac OS X 10_15_7) AppleWebKit/537.36 (KHTML, like Gecko) Chrome/108.0.0.0 Safari/537.36" lestoilesdesabine.fr
138.199.7.131 - - [23/Nov/2023:02:27:44 +0000] (1 s) "POST /contact/ HTTP/1.1" 200 130 "http://lestoilesdesabine.fr/contact/" "Mozilla/5.0 (Windows NT 6.3; Win64; x64) AppleWebKit/537.36 (KHTML, like Gecko) Chrome/103.0.5060.53 Safari/537.36" lestoilesdesabine.fr
91.92.243.106 - - [23/Nov/2023:02:27:50 +0000] (0 s) "GET /wp-content/plugins/t_file_wp/t_file_wp.php?test=hello HTTP/1.1" 404 28056 "https://www.google.com" "Mozilla/5.0 (Macintosh; Intel Mac OS X 10_15_7) AppleWebKit/605.1.15 (KHTML, like Gecko) Version/16.1 Safari/605.1.15" lestoilesdesabine.fr
91.92.243.106 - - [23/Nov/2023:02:28:27 +0000] (0 s) "GET /wp-content/plugins/apikey/apikey.php?test=hello HTTP/1.1" 404 28056 "https://www.google.com" "Mozilla/5.0 (Windows NT 10.0; Win64; x64) AppleWebKit/537.36 (KHTML, like Gecko) Chrome/108.0.0.0 Safari/537.36" lestoilesdesabine.fr
82.147.85.158 - - [23/Nov/2023:02:28:57 +0000] (1 s) "POST /contact/ HTTP/1.1" 200 130 "http://lestoilesdesabine.fr/contact/" "Mozilla/5.0 (Windows NT 10.0; WOW64) AppleWebKit/537.36 (KHTML, like Gecko) Chrome/103.0.5060.114 Safari/537.36" lestoilesdesabine.fr
146.70.86.121 - - [23/Nov/2023:02:29:09 +0000] (0 s) "GET /contact/ HTTP/1.1" 200 4651 "http://lestoilesdesabine.fr/contact/" "Mozilla/5.0 (Windows NT 6.1) AppleWebKit/537.36 (KHTML, like Gecko) Chrome/103.0.5060.114 Safari/537.36" lestoilesdesabine.fr
146.70.86.121 - - [23/Nov/2023:02:29:09 +0000] (1 s) "POST /contact/ HTTP/1.1" 200 130 "http://lestoilesdesabine.fr/contact/" "Mozilla/5.0 (Windows NT 6.1) AppleWebKit/537.36 (KHTML, like Gecko) Chrome/103.0.5060.114 Safari/537.36" lestoilesdesabine.fr
185.107.80.192 - - [23/Nov/2023:02:29:28 +0000] (1 s) "POST /contact/ HTTP/1.1" 200 130 "http://lestoilesdesabine.fr/contact/" "Mozilla/5.0 (Windows NT 10.0; Win64; x64) AppleWebKit/537.36 (KHTML, like Gecko) Chrome/103.0.5060.66 Safari/537.36" lestoilesdesabine.fr
185.107.44.218 - - [23/Nov/2023:02:30:23 +0000] (1 s) "POST /contact/ HTTP/1.1" 200 130 "http://lestoilesdesabine.fr/contact/" "Mozilla/5.0 (Windows NT 6.3; WOW64) AppleWebKit/537.36 (KHTML, like Gecko) Chrome/103.0.5060.114 Safari/537.36" lestoilesdesabine.fr
82.147.85.158 - - [23/Nov/2023:02:30:53 +0000] (1 s) "POST /contact/ HTTP/1.1" 200 130 "http://lestoilesdesabine.fr/contact/" "Mozilla/5.0 (Windows NT 6.1) AppleWebKit/537.36 (KHTML, like Gecko) Chrome/103.0.0.0 Safari/537.36" lestoilesdesabine.fr
185.107.44.120 - - [23/Nov/2023:02:31:19 +0000] (0 s) "GET /contact/ HTTP/1.1" 200 4651 "http://lestoilesdesabine.fr/contact/" "Mozilla/5.0 (Windows NT 6.1; WOW64) AppleWebKit/537.36 (KHTML, like Gecko) Chrome/103.0.0.0 Safari/537.36" lestoilesdesabine.fr
185.107.44.120 - - [23/Nov/2023:02:31:19 +0000] (1 s) "POST /contact/ HTTP/1.1" 200 130 "http://lestoilesdesabine.fr/contact/" "Mozilla/5.0 (Windows NT 6.1; WOW64) AppleWebKit/537.36 (KHTML, like Gecko) Chrome/103.0.0.0 Safari/537.36" lestoilesdesabine.fr
185.107.56.93 - - [23/Nov/2023:02:31:21 +0000] (1 s) "POST /contact/ HTTP/1.1" 200 130 "http://lestoilesdesabine.fr/contact/" "Mozilla/5.0 (Windows NT 10.0; Win64; x64) AppleWebKit/537.36 (KHTML, like Gecko) Chrome/103.0.5060.114 Safari/537.36" lestoilesdesabine.fr
82.147.85.158 - - [23/Nov/2023:02:32:47 +0000] (1 s) "POST /contact/ HTTP/1.1" 200 130 "http://lestoilesdesabine.fr/contact/" "Mozilla/5.0 (Windows NT 6.1; Win64; x64) AppleWebKit/537.36 (KHTML, like Gecko) Chrome/103.0.0.0 Safari/537.36" lestoilesdesabine.fr
82.147.85.158 - - [23/Nov/2023:02:34:43 +0000] (0 s) "GET /contact/ HTTP/1.1" 200 4651 "http://lestoilesdesabine.fr/contact/" "Mozilla/5.0 (Windows NT 10.0; WOW64) AppleWebKit/537.36 (KHTML, like Gecko) Chrome/103.0.0.0 Safari/537.36" lestoilesdesabine.fr
82.147.85.158 - - [23/Nov/2023:02:34:44 +0000] (1 s) "POST /contact/ HTTP/1.1" 200 130 "http://lestoilesdesabine.fr/contact/" "Mozilla/5.0 (Windows NT 10.0; WOW64) AppleWebKit/537.36 (KHTML, like Gecko) Chrome/103.0.0.0 Safari/537.36" lestoilesdesabine.fr
138.199.7.131 - - [23/Nov/2023:02:36:10 +0000] (1 s) "POST /contact/ HTTP/1.1" 200 130 "http://lestoilesdesabine.fr/contact/" "Mozilla/5.0 (Windows NT 6.3; WOW64) AppleWebKit/537.36 (KHTML, like Gecko) Chrome/103.0.0.0 Safari/537.36" lestoilesdesabine.fr
185.107.80.192 - - [23/Nov/2023:02:36:27 +0000] (1 s) "POST /contact/ HTTP/1.1" 200 130 "http://lestoilesdesabine.fr/contact/" "Mozilla/5.0 (Windows NT 6.3; Win64; x64) AppleWebKit/537.36 (KHTML, like Gecko) Chrome/103.0.5060.66 Safari/537.36" lestoilesdesabine.fr
82.147.85.158 - - [23/Nov/2023:02:36:39 +0000] (1 s) "POST /contact/ HTTP/1.1" 200 130 "http://lestoilesdesabine.fr/contact/" "Mozilla/5.0 (Windows NT 10.0; Win64; x64) AppleWebKit/537.36 (KHTML, like Gecko) Chrome/103.0.5060.66 Safari/537.36" lestoilesdesabine.fr
185.107.44.218 - - [23/Nov/2023:02:37:13 +0000] (0 s) "GET /contact/ HTTP/1.1" 200 4651 "http://lestoilesdesabine.fr/contact/" "Mozilla/5.0 (Windows NT 6.3; Win64; x64) AppleWebKit/537.36 (KHTML, like Gecko) Chrome/103.0.5060.53 Safari/537.36" lestoilesdesabine.fr
185.107.44.218 - - [23/Nov/2023:02:37:13 +0000] (1 s) "POST /contact/ HTTP/1.1" 200 130 "http://lestoilesdesabine.fr/contact/" "Mozilla/5.0 (Windows NT 6.3; Win64; x64) AppleWebKit/537.36 (KHTML, like Gecko) Chrome/103.0.5060.53 Safari/537.36" lestoilesdesabine.fr
5.101.157.8 - - [23/Nov/2023:02:37:16 +0000] (0 s) "GET /wp-login.php HTTP/1.1" 200 1196 "" "Mozilla/5.0 (Windows NT 10.0; Win64; x64; rv:109.0) Gecko/20100101 Firefox/119.0" lestoilesdesabine.fr
5.101.157.8 - - [23/Nov/2023:02:37:17 +0000] (0 s) "GET /wp-json/wp/v2/users HTTP/1.1" 404 28056 "" "Mozilla/5.0 (Windows NT 10.0; Win64; x64; rv:109.0) Gecko/20100101 Firefox/119.0" lestoilesdesabine.fr
5.101.157.8 - - [23/Nov/2023:02:37:17 +0000] (0 s) "POST /wp-login.php HTTP/1.1" 200 1575 "http://lestoilesdesabine.fr/wp-login.php?redirect_to=http%3A%2F%2Flestoilesdesabine.fr%2Fwp-admin%2F" "Mozilla/5.0 (Windows NT 10.0; Win64; x64; rv:109.0) Gecko/20100101 Firefox/119.0" lestoilesdesabine.fr
82.147.85.158 - - [23/Nov/2023:02:38:33 +0000] (1 s) "POST /contact/ HTTP/1.1" 200 130 "http://lestoilesdesabine.fr/contact/" "Mozilla/5.0 (Windows NT 6.3; Win64; x64) AppleWebKit/537.36 (KHTML, like Gecko) Chrome/103.0.5060.66 Safari/537.36" lestoilesdesabine.fr
146.70.86.121 - - [23/Nov/2023:02:38:54 +0000] (1 s) "POST /contact/ HTTP/1.1" 200 130 "http://lestoilesdesabine.fr/contact/" "Mozilla/5.0 (Windows NT 6.1) AppleWebKit/537.36 (KHTML, like Gecko) Chrome/103.0.5060.114 Safari/537.36" lestoilesdesabine.fr
185.107.44.120 - - [23/Nov/2023:02:39:04 +0000] (1 s) "POST /contact/ HTTP/1.1" 200 130 "http://lestoilesdesabine.fr/contact/" "Mozilla/5.0 (Windows NT 6.3; Win64; x64) AppleWebKit/537.36 (KHTML, like Gecko) Chrome/103.0.0.0 Safari/537.36" lestoilesdesabine.fr
185.107.56.93 - - [23/Nov/2023:02:39:05 +0000] (1 s) "POST /contact/ HTTP/1.1" 200 130 "http://lestoilesdesabine.fr/contact/" "Mozilla/5.0 (Windows NT 10.0; Win64; x64) AppleWebKit/537.36 (KHTML, like Gecko) Chrome/103.0.5060.134 Safari/537.36" lestoilesdesabine.fr
82.147.85.158 - - [23/Nov/2023:02:40:24 +0000] (0 s) "GET /contact/ HTTP/1.1" 200 4651 "http://lestoilesdesabine.fr/contact/" "Mozilla/5.0 (Windows NT 6.2; Win64; x64) AppleWebKit/537.36 (KHTML, like Gecko) Chrome/103.0.0.0 Safari/537.36" lestoilesdesabine.fr
82.147.85.158 - - [23/Nov/2023:02:40:25 +0000] (6 s) "POST /contact/ HTTP/1.1" 200 130 "http://lestoilesdesabine.fr/contact/" "Mozilla/5.0 (Windows NT 6.2; Win64; x64) AppleWebKit/537.36 (KHTML, like Gecko) Chrome/103.0.0.0 Safari/537.36" lestoilesdesabine.fr
82.147.85.158 - - [23/Nov/2023:02:42:21 +0000] (1 s) "POST /contact/ HTTP/1.1" 200 130 "http://lestoilesdesabine.fr/contact/" "Mozilla/5.0 (Windows NT 6.1; WOW64) AppleWebKit/537.36 (KHTML, like Gecko) Chrome/103.0.0.0 Safari/537.36" lestoilesdesabine.fr
185.107.80.192 - - [23/Nov/2023:02:43:14 +0000] (0 s) "GET /contact/ HTTP/1.1" 200 4651 "http://lestoilesdesabine.fr/contact/" "Mozilla/5.0 (Windows NT 10.0; Win64; x64) AppleWebKit/537.36 (KHTML, like Gecko) Chrome/103.0.0.0 Safari/537.36 OpenWave/97.4.2043.44" lestoilesdesabine.fr
185.107.80.192 - - [23/Nov/2023:02:43:14 +0000] (1 s) "POST /contact/ HTTP/1.1" 200 130 "http://lestoilesdesabine.fr/contact/" "Mozilla/5.0 (Windows NT 10.0; Win64; x64) AppleWebKit/537.36 (KHTML, like Gecko) Chrome/103.0.0.0 Safari/537.36 OpenWave/97.4.2043.44" lestoilesdesabine.fr
82.147.85.158 - - [23/Nov/2023:02:44:15 +0000] (1 s) "POST /contact/ HTTP/1.1" 200 130 "http://lestoilesdesabine.fr/contact/" "Mozilla/5.0 (Windows NT 10.0; Win64; x64) AppleWebKit/537.36 (KHTML, like Gecko) Chrome/103.0.0.0 Safari/537.36 Herring/95.1.8810.11" lestoilesdesabine.fr
185.107.44.218 - - [23/Nov/2023:02:44:29 +0000] (1 s) "POST /contact/ HTTP/1.1" 200 130 "http://lestoilesdesabine.fr/contact/" "Mozilla/5.0 (Windows NT 10.0; Win64; x64) AppleWebKit/537.36 (KHTML, like Gecko) Chrome/103.0.5060.134 Safari/537.36" lestoilesdesabine.fr
138.199.7.131 - - [23/Nov/2023:02:44:30 +0000] (1 s) "POST /contact/ HTTP/1.1" 200 130 "http://lestoilesdesabine.fr/contact/" "Mozilla/5.0 (Windows NT 10.0; Win64; x64) AppleWebKit/537.36 (KHTML, like Gecko) Chrome/103.0.5060.66 Safari/537.36" lestoilesdesabine.fr
82.147.85.158 - - [23/Nov/2023:02:46:07 +0000] (0 s) "GET /contact/ HTTP/1.1" 200 4651 "http://lestoilesdesabine.fr/contact/" "Mozilla/5.0 (Windows NT 10.0; Win64; x64) AppleWebKit/537.36 (KHTML, like Gecko) Chrome/103.0.5042.0 Safari/537.36" lestoilesdesabine.fr
82.147.85.158 - - [23/Nov/2023:02:46:07 +0000] (1 s) "POST /contact/ HTTP/1.1" 200 130 "http://lestoilesdesabine.fr/contact/" "Mozilla/5.0 (Windows NT 10.0; Win64; x64) AppleWebKit/537.36 (KHTML, like Gecko) Chrome/103.0.5042.0 Safari/537.36" lestoilesdesabine.fr
185.107.56.93 - - [23/Nov/2023:02:46:53 +0000] (1 s) "POST /contact/ HTTP/1.1" 200 130 "http://lestoilesdesabine.fr/contact/" "Mozilla/5.0 (Windows NT 10.0; Win64; x64) AppleWebKit/537.36 (KHTML, like Gecko) Chrome/103.0.5060.114 Safari/537.36" lestoilesdesabine.fr
185.107.44.120 - - [23/Nov/2023:02:46:54 +0000] (1 s) "POST /contact/ HTTP/1.1" 200 130 "http://lestoilesdesabine.fr/contact/" "Mozilla/5.0 (Windows NT 6.3) AppleWebKit/537.36 (KHTML, like Gecko) Chrome/103.0.0.0 Safari/537.36" lestoilesdesabine.fr
82.147.85.158 - - [23/Nov/2023:02:48:03 +0000] (1 s) "POST /contact/ HTTP/1.1" 200 130 "http://lestoilesdesabine.fr/contact/" "Mozilla/5.0 (Windows NT 10.0; Win64; x64) AppleWebKit/537.36 (KHTML, like Gecko) Chrome/103.0.0.0 Safari/537.36" lestoilesdesabine.fr
146.70.86.121 - - [23/Nov/2023:02:48:30 +0000] (0 s) "GET /contact/ HTTP/1.1" 200 4651 "http://lestoilesdesabine.fr/contact/" "Mozilla/5.0 (Windows NT 6.3; Win64; x64) AppleWebKit/537.36 (KHTML, like Gecko) Chrome/103.0.5060.114 Safari/537.36" lestoilesdesabine.fr
146.70.86.121 - - [23/Nov/2023:02:48:30 +0000] (1 s) "POST /contact/ HTTP/1.1" 200 130 "http://lestoilesdesabine.fr/contact/" "Mozilla/5.0 (Windows NT 6.3; Win64; x64) AppleWebKit/537.36 (KHTML, like Gecko) Chrome/103.0.5060.114 Safari/537.36" lestoilesdesabine.fr
82.147.85.158 - - [23/Nov/2023:02:49:59 +0000] (1 s) "POST /contact/ HTTP/1.1" 200 130 "http://lestoilesdesabine.fr/contact/" "Mozilla/5.0 (Windows NT 10.0; Win64; x64) AppleWebKit/537.36 (KHTML, like Gecko) Chrome/103.0.5060.53 Safari/537.36" lestoilesdesabine.fr
185.107.80.192 - - [23/Nov/2023:02:50:22 +0000] (1 s) "POST /contact/ HTTP/1.1" 200 130 "http://lestoilesdesabine.fr/contact/" "Mozilla/5.0 (Windows NT 6.2; Win64; x64) AppleWebKit/537.36 (KHTML, like Gecko) Chrome/103.0.0.0 Safari/537.36" lestoilesdesabine.fr
185.107.44.218 - - [23/Nov/2023:02:51:19 +0000] (0 s) "GET /contact/ HTTP/1.1" 200 4651 "http://lestoilesdesabine.fr/contact/" "Mozilla/5.0 (Windows NT 10.0; Win64; x64) AppleWebKit/537.36 (KHTML, like Gecko) Chrome/103.0.5042.0 Safari/537.36" lestoilesdesabine.fr
185.107.44.218 - - [23/Nov/2023:02:51:19 +0000] (1 s) "POST /contact/ HTTP/1.1" 200 130 "http://lestoilesdesabine.fr/contact/" "Mozilla/5.0 (Windows NT 10.0; Win64; x64) AppleWebKit/537.36 (KHTML, like Gecko) Chrome/103.0.5042.0 Safari/537.36" lestoilesdesabine.fr
82.147.85.158 - - [23/Nov/2023:02:51:52 +0000] (1 s) "POST /contact/ HTTP/1.1" 200 130 "http://lestoilesdesabine.fr/contact/" "Mozilla/5.0 (Windows NT 6.1; Win64; x64) AppleWebKit/537.36 (KHTML, like Gecko) Chrome/103.0.0.0 Safari/537.36" lestoilesdesabine.fr
138.199.7.131 - - [23/Nov/2023:02:53:02 +0000] (1 s) "POST /contact/ HTTP/1.1" 200 130 "http://lestoilesdesabine.fr/contact/" "Mozilla/5.0 (Windows NT 10.0; Win64; x64) AppleWebKit/537.36 (KHTML, like Gecko) Chrome/103.0.0.0 Safari/537.36" lestoilesdesabine.fr
82.147.85.158 - - [23/Nov/2023:02:53:45 +0000] (0 s) "GET /contact/ HTTP/1.1" 200 4651 "http://lestoilesdesabine.fr/contact/" "Mozilla/5.0 (Windows NT 6.1) AppleWebKit/537.36 (KHTML, like Gecko) Chrome/103.0.0.0 Safari/537.36" lestoilesdesabine.fr
82.147.85.158 - - [23/Nov/2023:02:53:45 +0000] (0 s) "POST /contact/ HTTP/1.1" 200 170 "http://lestoilesdesabine.fr/contact/" "Mozilla/5.0 (Windows NT 6.1) AppleWebKit/537.36 (KHTML, like Gecko) Chrome/103.0.0.0 Safari/537.36" lestoilesdesabine.fr
185.107.56.93 - - [23/Nov/2023:02:54:59 +0000] (1 s) "POST /contact/ HTTP/1.1" 200 130 "http://lestoilesdesabine.fr/contact/" "Mozilla/5.0 (Windows NT 6.3; Win64; x64) AppleWebKit/537.36 (KHTML, like Gecko) Chrome/103.0.5060.66 Safari/537.36" lestoilesdesabine.fr
185.107.44.120 - - [23/Nov/2023:02:55:00 +0000] (1 s) "POST /contact/ HTTP/1.1" 200 130 "http://lestoilesdesabine.fr/contact/" "Mozilla/5.0 (Windows NT 6.3; WOW64) AppleWebKit/537.36 (KHTML, like Gecko) Chrome/103.0.0.0 Safari/537.36" lestoilesdesabine.fr
82.147.85.158 - - [23/Nov/2023:02:55:41 +0000] (67 s) "POST /contact/ HTTP/1.1" 200 170 "http://lestoilesdesabine.fr/contact/" "Mozilla/5.0 (Windows NT 6.3; WOW64) AppleWebKit/537.36 (KHTML, like Gecko) Chrome/103.0.5060.114 Safari/537.36" lestoilesdesabine.fr
185.107.80.192 - - [23/Nov/2023:02:57:16 +0000] (0 s) "GET /contact/ HTTP/1.1" 200 4651 "http://lestoilesdesabine.fr/contact/" "Mozilla/5.0 (Windows NT 10.0; Win64; x64) AppleWebKit/537.36 (KHTML, like Gecko) Chrome/103.0.5042.0 Safari/537.36" lestoilesdesabine.fr
185.107.80.192 - - [23/Nov/2023:02:57:17 +0000] (1 s) "POST /contact/ HTTP/1.1" 200 130 "http://lestoilesdesabine.fr/contact/" "Mozilla/5.0 (Windows NT 10.0; Win64; x64) AppleWebKit/537.36 (KHTML, like Gecko) Chrome/103.0.5042.0 Safari/537.36" lestoilesdesabine.fr
82.147.85.158 - - [23/Nov/2023:02:57:36 +0000] (0 s) "POST /contact/ HTTP/1.1" 200 170 "http://lestoilesdesabine.fr/contact/" "Mozilla/5.0 (Windows NT 10.0; WOW64) AppleWebKit/537.36 (KHTML, like Gecko) Chrome/103.0.5060.114 Safari/537.36" lestoilesdesabine.fr
146.70.86.121 - - [23/Nov/2023:02:58:15 +0000] (1 s) "POST /contact/ HTTP/1.1" 200 130 "http://lestoilesdesabine.fr/contact/" "Mozilla/5.0 (Windows NT 6.1; Win64; x64) AppleWebKit/537.36 (KHTML, like Gecko) Chrome/103.0.5060.114 Safari/537.36" lestoilesdesabine.fr
148.66.86.55 - - [23/Nov/2023:02:58:31 +0000] (0 s) "GET /wp-login.php HTTP/1.1" 200 1196 "http://lestoilesdesabine.fr/wp-login.php" "Mozilla/5.0 (Macintosh; Intel Mac OS X 10_12_6) AppleWebKit/605.1.15 (KHTML, like Gecko) Version/12.0.2 Safari/605.1.15" lestoilesdesabine.fr
148.66.86.55 - - [23/Nov/2023:02:58:32 +0000] (0 s) "POST /wp-login.php HTTP/1.1" 200 1605 "https://spiralschneider-elektrisch.de/wp-login.php" "Mozilla/5.0 (Macintosh; Intel Mac OS X 10_12_6) AppleWebKit/605.1.15 (KHTML, like Gecko) Version/12.0.2 Safari/605.1.15" lestoilesdesabine.fr
185.107.44.218 - - [23/Nov/2023:02:58:34 +0000] (1 s) "POST /contact/ HTTP/1.1" 200 130 "http://lestoilesdesabine.fr/contact/" "Mozilla/5.0 (Windows NT 6.1; Win64; x64) AppleWebKit/537.36 (KHTML, like Gecko) Chrome/103.0.0.0 Safari/537.36" lestoilesdesabine.fr
20.220.198.115 - - [23/Nov/2023:02:58:41 +0000] (0 s) "GET / HTTP/1.1" 200 5322 "-" "Mozilla/5.0 (Windows NT 10.0; Win64; x64) AppleWebKit/537.36 (KHTML, like Gecko) Chrome/100.0.4896.127 Safari/537.36" lestoilesdesabine.fr
20.220.198.115 - - [23/Nov/2023:02:58:41 +0000] (0 s) "GET /wp-content/plugins/contact-form-7/includes/css/styles.css?ver=3.3.2 HTTP/1.1" 200 393 "http://lestoilesdesabine.fr/" "Mozilla/5.0 (Windows NT 10.0; Win64; x64) AppleWebKit/537.36 (KHTML, like Gecko) Chrome/100.0.4896.127 Safari/537.36" lestoilesdesabine.fr
20.220.198.115 - - [23/Nov/2023:02:58:41 +0000] (0 s) "GET /wp-content/uploads/2017/10/la-voliere-150x150.jpg HTTP/1.1" 200 21109 "http://lestoilesdesabine.fr/" "Mozilla/5.0 (Windows NT 10.0; Win64; x64) AppleWebKit/537.36 (KHTML, like Gecko) Chrome/100.0.4896.127 Safari/537.36" lestoilesdesabine.fr
20.220.198.115 - - [23/Nov/2023:02:58:41 +0000] (0 s) "GET /wp-content/uploads/2012/12/sabine-peint-5.jpg HTTP/1.1" 200 318403 "http://lestoilesdesabine.fr/" "Mozilla/5.0 (Windows NT 10.0; Win64; x64) AppleWebKit/537.36 (KHTML, like Gecko) Chrome/100.0.4896.127 Safari/537.36" lestoilesdesabine.fr
20.220.198.115 - - [23/Nov/2023:02:58:41 +0000] (0 s) "GET /wp-content/plugins/wp-views/res/css/wpv-views-sorting.css?ver=3.5 HTTP/1.1" 200 229 "http://lestoilesdesabine.fr/" "Mozilla/5.0 (Windows NT 10.0; Win64; x64) AppleWebKit/537.36 (KHTML, like Gecko) Chrome/100.0.4896.127 Safari/537.36" lestoilesdesabine.fr
20.220.198.115 - - [23/Nov/2023:02:58:41 +0000] (0 s) "GET /wp-includes/js/jquery/jquery.js?ver=1.8.3 HTTP/1.1" 200 33444 "http://lestoilesdesabine.fr/" "Mozilla/5.0 (Windows NT 10.0; Win64; x64) AppleWebKit/537.36 (KHTML, like Gecko) Chrome/100.0.4896.127 Safari/537.36" lestoilesdesabine.fr
20.220.198.115 - - [23/Nov/2023:02:58:41 +0000] (0 s) "GET /wp-content/themes/headstart/stylesheets/theme.css?ver=3.5 HTTP/1.1" 200 36186 "http://lestoilesdesabine.fr/" "Mozilla/5.0 (Windows NT 10.0; Win64; x64) AppleWebKit/537.36 (KHTML, like Gecko) Chrome/100.0.4896.127 Safari/537.36" lestoilesdesabine.fr
20.220.198.115 - - [23/Nov/2023:02:58:42 +0000] (0 s) "GET /wp-includes/js/jquery/ui/jquery.ui.core.min.js?ver=1.9.2 HTTP/1.1" 200 2070 "http://lestoilesdesabine.fr/" "Mozilla/5.0 (Windows NT 10.0; Win64; x64) AppleWebKit/537.36 (KHTML, like Gecko) Chrome/100.0.4896.127 Safari/537.36" lestoilesdesabine.fr
20.220.198.115 - - [23/Nov/2023:02:58:42 +0000] (0 s) "GET /wp-includes/js/jquery/ui/jquery.ui.datepicker.min.js?ver=1.9.2 HTTP/1.1" 200 11060 "http://lestoilesdesabine.fr/" "Mozilla/5.0 (Windows NT 10.0; Win64; x64) AppleWebKit/537.36 (KHTML, like Gecko) Chrome/100.0.4896.127 Safari/537.36" lestoilesdesabine.fr
20.220.198.115 - - [23/Nov/2023:02:58:42 +0000] (0 s) "GET /wp-content/themes/headstart/javascripts/affix.js?ver=20120206 HTTP/1.1" 200 865 "http://lestoilesdesabine.fr/" "Mozilla/5.0 (Windows NT 10.0; Win64; x64) AppleWebKit/537.36 (KHTML, like Gecko) Chrome/100.0.4896.127 Safari/537.36" lestoilesdesabine.fr
20.220.198.115 - - [23/Nov/2023:02:58:42 +0000] (0 s) "GET /wp-content/themes/headstart/javascripts/foundation/app.js?ver=20120206 HTTP/1.1" 200 1137 "http://lestoilesdesabine.fr/" "Mozilla/5.0 (Windows NT 10.0; Win64; x64) AppleWebKit/537.36 (KHTML, like Gecko) Chrome/100.0.4896.127 Safari/537.36" lestoilesdesabine.fr
20.220.198.115 - - [23/Nov/2023:02:58:42 +0000] (0 s) "GET /wp-content/plugins/contact-form-7/includes/js/scripts.js?ver=3.3.2 HTTP/1.1" 200 1803 "http://lestoilesdesabine.fr/" "Mozilla/5.0 (Windows NT 10.0; Win64; x64) AppleWebKit/537.36 (KHTML, like Gecko) Chrome/100.0.4896.127 Safari/537.36" lestoilesdesabine.fr
20.220.198.115 - - [23/Nov/2023:02:58:42 +0000] (0 s) "GET /wp-content/themes/headstart/javascripts/foundation/modernizr.foundation.js?ver=20120206 HTTP/1.1" 200 4092 "http://lestoilesdesabine.fr/" "Mozilla/5.0 (Windows NT 10.0; Win64; x64) AppleWebKit/537.36 (KHTML, like Gecko) Chrome/100.0.4896.127 Safari/537.36" lestoilesdesabine.fr
20.220.198.115 - - [23/Nov/2023:02:58:42 +0000] (0 s) "GET /wp-content/plugins/contact-form-7/includes/js/jquery.form.min.js?ver=3.23 HTTP/1.1" 200 5807 "http://lestoilesdesabine.fr/" "Mozilla/5.0 (Windows NT 10.0; Win64; x64) AppleWebKit/537.36 (KHTML, like Gecko) Chrome/100.0.4896.127 Safari/537.36" lestoilesdesabine.fr
20.220.198.115 - - [23/Nov/2023:02:58:42 +0000] (0 s) "GET /wp-content/themes/headstart/javascripts/foundation/jquery.foundation.navigation.js?ver=20120206 HTTP/1.1" 200 615 "http://lestoilesdesabine.fr/" "Mozilla/5.0 (Windows NT 10.0; Win64; x64) AppleWebKit/537.36 (KHTML, like Gecko) Chrome/100.0.4896.127 Safari/537.36" lestoilesdesabine.fr
20.220.198.115 - - [23/Nov/2023:02:58:42 +0000] (0 s) "GET /wp-content/themes/headstart/images/background.jpg HTTP/1.1" 200 1127277 "http://lestoilesdesabine.fr/wp-content/themes/headstart/stylesheets/theme.css?ver=3.5" "Mozilla/5.0 (Windows NT 10.0; Win64; x64) AppleWebKit/537.36 (KHTML, like Gecko) Chrome/100.0.4896.127 Safari/537.36" lestoilesdesabine.fr
20.220.198.115 - - [23/Nov/2023:02:58:42 +0000] (0 s) "GET /wp-content/themes/headstart/fonts/MarckScript.woff HTTP/1.1" 200 19496 "http://lestoilesdesabine.fr/wp-content/themes/headstart/stylesheets/theme.css?ver=3.5" "Mozilla/5.0 (Windows NT 10.0; Win64; x64) AppleWebKit/537.36 (KHTML, like Gecko) Chrome/100.0.4896.127 Safari/537.36" lestoilesdesabine.fr
20.220.198.115 - - [23/Nov/2023:02:58:42 +0000] (0 s) "GET /wp-content/themes/headstart/javascripts/foundation/jquery.foundation.mediaQueryToggle.js?ver=20120206 HTTP/1.1" 200 585 "http://lestoilesdesabine.fr/" "Mozilla/5.0 (Windows NT 10.0; Win64; x64) AppleWebKit/537.36 (KHTML, like Gecko) Chrome/100.0.4896.127 Safari/537.36" lestoilesdesabine.fr
20.220.198.115 - - [23/Nov/2023:02:58:42 +0000] (0 s) "GET /wp-content/themes/headstart/javascripts/foundation/jquery.placeholder.js?ver=20120206 HTTP/1.1" 200 1490 "http://lestoilesdesabine.fr/" "Mozilla/5.0 (Windows NT 10.0; Win64; x64) AppleWebKit/537.36 (KHTML, like Gecko) Chrome/100.0.4896.127 Safari/537.36" lestoilesdesabine.fr
20.220.198.115 - - [23/Nov/2023:02:58:42 +0000] (0 s) "GET /wp-content/themes/headstart/javascripts/foundation/jquery.foundation.topbar.js?ver=20120206 HTTP/1.1" 200 1509 "http://lestoilesdesabine.fr/" "Mozilla/5.0 (Windows NT 10.0; Win64; x64) AppleWebKit/537.36 (KHTML, like Gecko) Chrome/100.0.4896.127 Safari/537.36" lestoilesdesabine.fr
20.220.198.115 - - [23/Nov/2023:02:58:49 +0000] (0 s) "GET /favicon.ico HTTP/1.1" 200 - "http://lestoilesdesabine.fr/" "Mozilla/5.0 (Windows NT 10.0; Win64; x64) AppleWebKit/537.36 (KHTML, like Gecko) Chrome/100.0.4896.127 Safari/537.36" lestoilesdesabine.fr
82.147.85.158 - - [23/Nov/2023:02:59:30 +0000] (0 s) "GET /contact/ HTTP/1.1" 200 4651 "http://lestoilesdesabine.fr/contact/" "Mozilla/5.0 (Windows NT 6.1; WOW64) AppleWebKit/537.36 (KHTML, like Gecko) Chrome/103.0.0.0 Safari/537.36" lestoilesdesabine.fr
82.147.85.158 - - [23/Nov/2023:02:59:30 +0000] (0 s) "POST /contact/ HTTP/1.1" 200 170 "http://lestoilesdesabine.fr/contact/" "Mozilla/5.0 (Windows NT 6.1; WOW64) AppleWebKit/537.36 (KHTML, like Gecko) Chrome/103.0.0.0 Safari/537.36" lestoilesdesabine.fr
138.199.7.131 - - [23/Nov/2023:03:01:21 +0000] (1 s) "POST /contact/ HTTP/1.1" 200 130 "http://lestoilesdesabine.fr/contact/" "Mozilla/5.0 (Windows NT 10.0; Win64; x64) AppleWebKit/537.36 (KHTML, like Gecko) Chrome/103.0.5060.114 Safari/537.36" lestoilesdesabine.fr
82.147.85.158 - - [23/Nov/2023:03:01:27 +0000] (1 s) "POST /contact/ HTTP/1.1" 200 130 "http://lestoilesdesabine.fr/contact/" "Mozilla/5.0 (Windows NT 6.1; Win64; x64) AppleWebKit/537.36 (KHTML, like Gecko) Chrome/103.0.5060.114 Safari/537.36" lestoilesdesabine.fr
5.101.157.222 - - [23/Nov/2023:03:02:14 +0000] (0 s) "GET /wp-login.php HTTP/1.1" 200 1196 "" "Mozilla/5.0 (Windows NT 10.0; Win64; x64; rv:109.0) Gecko/20100101 Firefox/119.0" lestoilesdesabine.fr
5.101.157.222 - - [23/Nov/2023:03:02:14 +0000] (0 s) "GET /wp-json/wp/v2/users HTTP/1.1" 404 28056 "" "Mozilla/5.0 (Windows NT 10.0; Win64; x64; rv:109.0) Gecko/20100101 Firefox/119.0" lestoilesdesabine.fr
5.101.157.222 - - [23/Nov/2023:03:02:15 +0000] (0 s) "POST /wp-login.php HTTP/1.1" 200 1575 "http://lestoilesdesabine.fr/wp-login.php?redirect_to=http%3A%2F%2Flestoilesdesabine.fr%2Fwp-admin%2F" "Mozilla/5.0 (Windows NT 10.0; Win64; x64; rv:109.0) Gecko/20100101 Firefox/119.0" lestoilesdesabine.fr
185.107.56.93 - - [23/Nov/2023:03:02:59 +0000] (0 s) "GET /contact/ HTTP/1.1" 200 4651 "http://lestoilesdesabine.fr/contact/" "Mozilla/5.0 (Windows NT 10.0; Win64; x64) AppleWebKit/537.36 (KHTML, like Gecko) Chrome/103.0.5060.114 Safari/537.36" lestoilesdesabine.fr
185.107.44.120 - - [23/Nov/2023:03:03:00 +0000] (1 s) "POST /contact/ HTTP/1.1" 200 130 "http://lestoilesdesabine.fr/contact/" "Mozilla/5.0 (Windows NT 6.2; Win64; x64) AppleWebKit/537.36 (KHTML, like Gecko) Chrome/103.0.0.0 Safari/537.36" lestoilesdesabine.fr
185.107.56.93 - - [23/Nov/2023:03:03:00 +0000] (1 s) "POST /contact/ HTTP/1.1" 200 130 "http://lestoilesdesabine.fr/contact/" "Mozilla/5.0 (Windows NT 10.0; Win64; x64) AppleWebKit/537.36 (KHTML, like Gecko) Chrome/103.0.5060.114 Safari/537.36" lestoilesdesabine.fr
82.147.85.158 - - [23/Nov/2023:03:03:26 +0000] (1 s) "POST /contact/ HTTP/1.1" 200 130 "http://lestoilesdesabine.fr/contact/" "Mozilla/5.0 (Windows NT 6.1) AppleWebKit/537.36 (KHTML, like Gecko) Chrome/103.0.5060.114 Safari/537.36" lestoilesdesabine.fr
185.107.80.192 - - [23/Nov/2023:03:04:39 +0000] (1 s) "POST /contact/ HTTP/1.1" 200 130 "http://lestoilesdesabine.fr/contact/" "Mozilla/5.0 (Windows NT 10.0; WOW64) AppleWebKit/537.36 (KHTML, like Gecko) Chrome/103.0.5060.114 Safari/537.36" lestoilesdesabine.fr
185.107.44.218 - - [23/Nov/2023:03:05:18 +0000] (0 s) "GET /contact/ HTTP/1.1" 200 4651 "http://lestoilesdesabine.fr/contact/" "Mozilla/5.0 (Windows NT 6.3; Win64; x64) AppleWebKit/537.36 (KHTML, like Gecko) Chrome/103.0.5060.53 Safari/537.36" lestoilesdesabine.fr
185.107.44.218 - - [23/Nov/2023:03:05:18 +0000] (1 s) "POST /contact/ HTTP/1.1" 200 130 "http://lestoilesdesabine.fr/contact/" "Mozilla/5.0 (Windows NT 6.3; Win64; x64) AppleWebKit/537.36 (KHTML, like Gecko) Chrome/103.0.5060.53 Safari/537.36" lestoilesdesabine.fr
82.147.85.158 - - [23/Nov/2023:03:05:20 +0000] (1 s) "POST /contact/ HTTP/1.1" 200 130 "http://lestoilesdesabine.fr/contact/" "Mozilla/5.0 (Windows NT 6.1) AppleWebKit/537.36 (KHTML, like Gecko) Chrome/103.0.0.0 Safari/537.36" lestoilesdesabine.fr
82.147.85.158 - - [23/Nov/2023:03:07:13 +0000] (1 s) "POST /contact/ HTTP/1.1" 200 130 "http://lestoilesdesabine.fr/contact/" "Mozilla/5.0 (Windows NT 10.0; WOW64) AppleWebKit/537.36 (KHTML, like Gecko) Chrome/103.0.5060.114 Safari/537.36" lestoilesdesabine.fr
146.70.86.121 - - [23/Nov/2023:03:08:04 +0000] (0 s) "GET /contact/ HTTP/1.1" 200 4651 "http://lestoilesdesabine.fr/contact/" "Mozilla/5.0 (Windows NT 6.3; Win64; x64) AppleWebKit/537.36 (KHTML, like Gecko) Chrome/103.0.5060.53 Safari/537.36" lestoilesdesabine.fr
146.70.86.121 - - [23/Nov/2023:03:08:04 +0000] (1 s) "POST /contact/ HTTP/1.1" 200 130 "http://lestoilesdesabine.fr/contact/" "Mozilla/5.0 (Windows NT 6.3; Win64; x64) AppleWebKit/537.36 (KHTML, like Gecko) Chrome/103.0.5060.53 Safari/537.36" lestoilesdesabine.fr
82.147.85.158 - - [23/Nov/2023:03:09:08 +0000] (1 s) "POST /contact/ HTTP/1.1" 200 130 "http://lestoilesdesabine.fr/contact/" "Mozilla/5.0 (Windows NT 6.1; Win64; x64) AppleWebKit/537.36 (KHTML, like Gecko) Chrome/103.0.5060.66 Safari/537.36" lestoilesdesabine.fr
138.199.7.131 - - [23/Nov/2023:03:09:33 +0000] (1 s) "POST /contact/ HTTP/1.1" 200 130 "http://lestoilesdesabine.fr/contact/" "Mozilla/5.0 (Windows NT 6.3; Win64; x64) AppleWebKit/537.36 (KHTML, like Gecko) Chrome/103.0.5060.53 Safari/537.36" lestoilesdesabine.fr
185.107.56.93 - - [23/Nov/2023:03:10:48 +0000] (0 s) "GET /contact/ HTTP/1.1" 200 4651 "http://lestoilesdesabine.fr/contact/" "Mozilla/5.0 (Windows NT 6.3; Win64; x64) AppleWebKit/537.36 (KHTML, like Gecko) Chrome/103.0.5060.66 Safari/537.36" lestoilesdesabine.fr
185.107.56.93 - - [23/Nov/2023:03:10:48 +0000] (1 s) "POST /contact/ HTTP/1.1" 200 130 "http://lestoilesdesabine.fr/contact/" "Mozilla/5.0 (Windows NT 6.3; Win64; x64) AppleWebKit/537.36 (KHTML, like Gecko) Chrome/103.0.5060.66 Safari/537.36" lestoilesdesabine.fr
185.107.44.120 - - [23/Nov/2023:03:10:50 +0000] (1 s) "POST /contact/ HTTP/1.1" 200 130 "http://lestoilesdesabine.fr/contact/" "Mozilla/5.0 (Windows NT 6.3; Win64; x64) AppleWebKit/537.36 (KHTML, like Gecko) Chrome/103.0.5060.53 Safari/537.36" lestoilesdesabine.fr
82.147.85.158 - - [23/Nov/2023:03:11:03 +0000] (1 s) "POST /contact/ HTTP/1.1" 200 130 "http://lestoilesdesabine.fr/contact/" "Mozilla/5.0 (Windows NT 10.0; Win64; x64) AppleWebKit/537.36 (KHTML, like Gecko) Chrome/103.0.5060.114 Safari/537.36" lestoilesdesabine.fr
185.107.80.192 - - [23/Nov/2023:03:11:21 +0000] (1 s) "POST /contact/ HTTP/1.1" 200 130 "http://lestoilesdesabine.fr/contact/" "Mozilla/5.0 (Windows NT 6.1) AppleWebKit/537.36 (KHTML, like Gecko) Chrome/103.0.0.0 Safari/537.36" lestoilesdesabine.fr
185.107.44.218 - - [23/Nov/2023:03:12:31 +0000] (1 s) "POST /contact/ HTTP/1.1" 200 130 "http://lestoilesdesabine.fr/contact/" "Mozilla/5.0 (Windows NT 10.0; Win64; x64) AppleWebKit/537.36 (KHTML, like Gecko) Chrome/103.0.5060.134 Safari/537.36" lestoilesdesabine.fr
82.147.85.158 - - [23/Nov/2023:03:12:56 +0000] (0 s) "GET /contact/ HTTP/1.1" 200 4651 "http://lestoilesdesabine.fr/contact/" "Mozilla/5.0 (Windows NT 6.1; Win64; x64) AppleWebKit/537.36 (KHTML, like Gecko) Chrome/103.0.5060.66 Safari/537.36" lestoilesdesabine.fr
82.147.85.158 - - [23/Nov/2023:03:12:57 +0000] (1 s) "POST /contact/ HTTP/1.1" 200 130 "http://lestoilesdesabine.fr/contact/" "Mozilla/5.0 (Windows NT 6.1; Win64; x64) AppleWebKit/537.36 (KHTML, like Gecko) Chrome/103.0.5060.66 Safari/537.36" lestoilesdesabine.fr
82.147.85.158 - - [23/Nov/2023:03:14:50 +0000] (1 s) "POST /contact/ HTTP/1.1" 200 130 "http://lestoilesdesabine.fr/contact/" "Mozilla/5.0 (Windows NT 10.0; WOW64) AppleWebKit/537.36 (KHTML, like Gecko) Chrome/103.0.0.0 Safari/537.36" lestoilesdesabine.fr
82.147.85.158 - - [23/Nov/2023:03:16:45 +0000] (0 s) "GET /contact/ HTTP/1.1" 200 4651 "http://lestoilesdesabine.fr/contact/" "Mozilla/5.0 (Windows NT 6.3) AppleWebKit/537.36 (KHTML, like Gecko) Chrome/103.0.0.0 Safari/537.36" lestoilesdesabine.fr
